{"id":3706,"date":"2021-02-26T18:43:49","date_gmt":"2021-02-26T23:43:49","guid":{"rendered":"https:\/\/www.integralpro.com.co\/index.php\/producto\/import-placeholder-for-3421\/"},"modified":"2022-11-04T16:54:44","modified_gmt":"2022-11-04T21:54:44","slug":"audifonos-inalambricos-sony-wi-c300-internos-azul","status":"publish","type":"product","link":"https:\/\/www.integralpro.com.co\/index.php\/producto\/audifonos-inalambricos-sony-wi-c300-internos-azul\/","title":{"rendered":"Audifonos Inalambricos Sony Wi C300 Internos Azul"},"content":{"rendered":"<p>Aud\u00edfonos internos inal\u00e1mbricos WI-C300. Disfruta el sonido de <br \/>alta calidad de unos aud\u00edfonos inal\u00e1mbricos.<\/p>\n<p><\/p>\n<p><strong>NFC y Bluetooth<\/strong><\/p>\n<p><\/p>\n<p>La tecnolog\u00eda Near Field Communication (NFC) hace que las <br \/>complejas secuencias de configuraci\u00f3n sean cosa del pasado. Solo tienes que <br \/>tocar el s\u00edmbolo N de determinados dispositivos con NFC para conseguir una <br \/>conexi\u00f3n r\u00e1pida y perfecta, y empezar a transmitir contenidos mediante conexi\u00f3n <br \/>inal\u00e1mbrica Bluetooth. \u00bfNo tienes NFC? No hay problema. Todav\u00eda puedes utilizar <br \/>la conexi\u00f3n inal\u00e1mbrica Bluetooth manualmente desde el men\u00fa de configuraci\u00f3n de <br \/>tu dispositivo.<\/p>\n<p><\/p>\n<p><strong>Escucha m\u00fasica durante todo el d\u00eda<\/strong><\/p>\n<p><\/p>\n<p>El dise\u00f1o de sujeci\u00f3n por detr\u00e1s del cuello ofrece un ajuste <br \/>c\u00f3modo para escuchar audio durante todo el d\u00eda.<\/p>\n<p><\/p>\n<p><strong>Compatibles con asistentes de voz<\/strong><\/p>\n<p><\/p>\n<p>Con solo presionar un bot\u00f3n te conectar\u00e1s al asistente de voz <br \/>de tu smartphone para obtener direcciones, reproducir m\u00fasica o comunicarte con <br \/>tus contactos.<\/p>\n<p><\/p>\n<p><strong>Funcionamiento sencillo con botones<\/strong><\/p>\n<p><\/p>\n<p>Utiliza los botones para reproducir, detener y saltar <br \/>canciones, as\u00ed como para ajustar el volumen.<\/p>\n<p><\/p>\n<p><strong>Compatibles con asistentes de voz<\/strong><\/p>\n<p><\/p>\n<p>Con solo presionar un bot\u00f3n te conectar\u00e1s al asistente de voz <br \/>de tu smartphone para obtener direcciones, reproducir m\u00fasica o comunicarte con <br \/>tus contactos.<\/p>\n<p><\/p>\n<p><strong>Transmite un sonido de calidad todo el d\u00eda<\/strong><\/p>\n<p><\/p>\n<p>Escucha m\u00fasica con una calidad de sonido n\u00edtida con los <br \/>controladores de 9 mm.<\/p>\n<p><\/p>\n<p><strong>Llamadas con manos libres de forma sencilla<\/strong><\/p>\n<p><\/p>\n<p>La conversi\u00f3n fluye libremente con la funci\u00f3n de llamadas con <br \/>manos libres, posible gracias al micr\u00f3fono integrado. No necesitar\u00e1s sacar el <br \/>tel\u00e9fono del bolsillo.<\/p>\n<p><\/p>\n<p><strong>Elige tu color<\/strong><\/p>\n<p><\/p>\n<p>Selecciona y usa el color que mejor se adapte a ti. Elige <br \/>entre negro, rojo, azul o blanco.<\/p>\n<p><\/p>\n<p><strong>Especificaciones T\u00e9cnicas<\/strong><\/p>\n<p><\/p>\n<p>Dimensiones: 4 x 2 x 18 cm<\/p>\n<p>Peso: 20gr<\/p>\n<p>Unidad de diafragma 9 mm&nbsp; <\/p>\n<p>Aud\u00edfonos inal\u00e1mbricos <\/p>\n<p>Respuesta en frecuencia (comunicaci\u00f3n Bluetooth) 20 Hz &#8211; 20.000 Hz (muestreo de <br \/>44,1 kHz) <\/p>\n<p>NFC S\u00ed <\/p>\n<p>Tiempo de carga de bater\u00eda Aprox. 2 horas<\/p>\n<p>Versi\u00f3n de Bluetooth Versi\u00f3n 4.2 <\/p>\n<p>Alcance efectivo Alcance aprox. de 10 m (30 pies)<\/p>\n<p>Rango de frecuencia Banda de 2,4 GHz<\/p>\n<p>Perfil A2DP, AVRCP, HFP, HSP<\/p>\n<p>Formatos de audio compatibles SBC, AAC<\/p>\n<p>Protecci\u00f3n de contenido compatible SCMS-T<\/p>\n<p>M\u00e9todo de carga de bater\u00eda USB<\/p>\n<p>Duraci\u00f3n de la bater\u00eda (tiempo de reproducci\u00f3n de m\u00fasica continua) M\u00e1x. 8 horas<\/p>\n<p>Duraci\u00f3n de la bater\u00eda (tiempo en espera) M\u00e1x. 200 horas<\/p>\n<p>Caracter\u00edsticas Bluetooth, Funci\u00f3n manos libres<\/p>\n<p>Color Azul<\/p>\n<p><\/p>\n<p><strong>Contenido Del Paquete<\/strong><\/p>\n<p><\/p>\n<p>Aud\u00edfonos inal\u00e1mbricos &#8211; Documentaci\u00f3n<\/p>\n","protected":false},"excerpt":{"rendered":"<p># DE PARTE:WI-C300\/LZ<\/p>\n","protected":false},"featured_media":3693,"template":"","meta":{"site-sidebar-layout":"default","site-content-layout":"","ast-site-content-layout":"default","site-content-style":"default","site-sidebar-style":"default","ast-global-header-display":"","ast-banner-title-visibility":"","ast-main-header-display":"","ast-hfb-above-header-display":"","ast-hfb-below-header-display":"","ast-hfb-mobile-header-display":"","site-post-title":"","ast-breadcrumbs-content":"","ast-featured-img":"","footer-sml-layout":"","ast-disable-related-posts":"","theme-transparent-header-meta":"","adv-header-id-meta":"","stick-header-meta":"","header-above-stick-meta":"","header-main-stick-meta":"","header-below-stick-meta":"","astra-migrate-meta-layouts":"default","ast-page-background-enabled":"default","ast-page-background-meta":{"desktop":{"background-color":"var(--ast-global-color-4)","background-image":"","background-repeat":"repeat","background-position":"center center","background-size":"auto","background-attachment":"scroll","background-type":"","background-media":"","overlay-type":"","overlay-color":"","overlay-opacity":"","overlay-gradient":""},"tablet":{"background-color":"","background-image":"","background-repeat":"repeat","background-position":"center center","background-size":"auto","background-attachment":"scroll","background-type":"","background-media":"","overlay-type":"","overlay-color":"","overlay-opacity":"","overlay-gradient":""},"mobile":{"background-color":"","background-image":"","background-repeat":"repeat","background-position":"center center","background-size":"auto","background-attachment":"scroll","background-type":"","background-media":"","overlay-type":"","overlay-color":"","overlay-opacity":"","overlay-gradient":""}},"ast-content-background-meta":{"desktop":{"background-color":"var(--ast-global-color-5)","background-image":"","background-repeat":"repeat","background-position":"center center","background-size":"auto","background-attachment":"scroll","background-type":"","background-media":"","overlay-type":"","overlay-color":"","overlay-opacity":"","overlay-gradient":""},"tablet":{"background-color":"var(--ast-global-color-5)","background-image":"","background-repeat":"repeat","background-position":"center center","background-size":"auto","background-attachment":"scroll","background-type":"","background-media":"","overlay-type":"","overlay-color":"","overlay-opacity":"","overlay-gradient":""},"mobile":{"background-color":"var(--ast-global-color-5)","background-image":"","background-repeat":"repeat","background-position":"center center","background-size":"auto","background-attachment":"scroll","background-type":"","background-media":"","overlay-type":"","overlay-color":"","overlay-opacity":"","overlay-gradient":""}}},"product_brand":[],"product_cat":[99,51],"product_tag":[440],"class_list":{"0":"post-3706","1":"product","2":"type-product","3":"status-publish","4":"has-post-thumbnail","6":"product_cat-audifonos","7":"product_cat-audio","8":"product_tag-sony","9":"desktop-align-left","10":"tablet-align-left","11":"mobile-align-left","13":"first","14":"instock","15":"taxable","16":"shipping-taxable","17":"product-type-simple"},"yoast_head":"<!-- This site is optimized with the Yoast SEO plugin v27.3 - https:\/\/yoast.com\/product\/yoast-seo-wordpress\/ -->\n<title>Audifonos Inalambricos Sony Wi C300 Internos Azul - IntegralPro<\/title>\n<meta name=\"robots\" content=\"index, follow, max-snippet:-1, max-image-preview:large, max-video-preview:-1\" \/>\n<link rel=\"canonical\" href=\"https:\/\/www.integralpro.com.co\/index.php\/producto\/audifonos-inalambricos-sony-wi-c300-internos-azul\/\" \/>\n<meta property=\"og:locale\" content=\"es_ES\" \/>\n<meta property=\"og:type\" content=\"article\" \/>\n<meta property=\"og:title\" content=\"Audifonos Inalambricos Sony Wi C300 Internos Azul - IntegralPro\" \/>\n<meta property=\"og:description\" content=\"# DE PARTE:WI-C300\/LZ\" \/>\n<meta property=\"og:url\" content=\"https:\/\/www.integralpro.com.co\/index.php\/producto\/audifonos-inalambricos-sony-wi-c300-internos-azul\/\" \/>\n<meta property=\"og:site_name\" content=\"IntegralPro\" \/>\n<meta property=\"article:modified_time\" content=\"2022-11-04T21:54:44+00:00\" \/>\n<meta property=\"og:image\" content=\"https:\/\/www.integralpro.com.co\/wp-content\/uploads\/2021\/02\/Audifonos-Inalambricos-Sony-Wi-C300-Internos-Azul.jpg\" \/>\n\t<meta property=\"og:image:width\" content=\"458\" \/>\n\t<meta property=\"og:image:height\" content=\"458\" \/>\n\t<meta property=\"og:image:type\" content=\"image\/jpeg\" \/>\n<meta name=\"twitter:card\" content=\"summary_large_image\" \/>\n<meta name=\"twitter:label1\" content=\"Tiempo de lectura\" \/>\n\t<meta name=\"twitter:data1\" content=\"2 minutos\" \/>\n<script type=\"application\/ld+json\" class=\"yoast-schema-graph\">{\"@context\":\"https:\\\/\\\/schema.org\",\"@graph\":[{\"@type\":\"WebPage\",\"@id\":\"https:\\\/\\\/www.integralpro.com.co\\\/index.php\\\/producto\\\/audifonos-inalambricos-sony-wi-c300-internos-azul\\\/\",\"url\":\"https:\\\/\\\/www.integralpro.com.co\\\/index.php\\\/producto\\\/audifonos-inalambricos-sony-wi-c300-internos-azul\\\/\",\"name\":\"Audifonos Inalambricos Sony Wi C300 Internos Azul - IntegralPro\",\"isPartOf\":{\"@id\":\"https:\\\/\\\/www.integralpro.com.co\\\/#website\"},\"primaryImageOfPage\":{\"@id\":\"https:\\\/\\\/www.integralpro.com.co\\\/index.php\\\/producto\\\/audifonos-inalambricos-sony-wi-c300-internos-azul\\\/#primaryimage\"},\"image\":{\"@id\":\"https:\\\/\\\/www.integralpro.com.co\\\/index.php\\\/producto\\\/audifonos-inalambricos-sony-wi-c300-internos-azul\\\/#primaryimage\"},\"thumbnailUrl\":\"https:\\\/\\\/www.integralpro.com.co\\\/wp-content\\\/uploads\\\/2021\\\/02\\\/Audifonos-Inalambricos-Sony-Wi-C300-Internos-Azul.jpg\",\"datePublished\":\"2021-02-26T23:43:49+00:00\",\"dateModified\":\"2022-11-04T21:54:44+00:00\",\"breadcrumb\":{\"@id\":\"https:\\\/\\\/www.integralpro.com.co\\\/index.php\\\/producto\\\/audifonos-inalambricos-sony-wi-c300-internos-azul\\\/#breadcrumb\"},\"inLanguage\":\"es\",\"potentialAction\":[{\"@type\":\"ReadAction\",\"target\":[\"https:\\\/\\\/www.integralpro.com.co\\\/index.php\\\/producto\\\/audifonos-inalambricos-sony-wi-c300-internos-azul\\\/\"]}]},{\"@type\":\"ImageObject\",\"inLanguage\":\"es\",\"@id\":\"https:\\\/\\\/www.integralpro.com.co\\\/index.php\\\/producto\\\/audifonos-inalambricos-sony-wi-c300-internos-azul\\\/#primaryimage\",\"url\":\"https:\\\/\\\/www.integralpro.com.co\\\/wp-content\\\/uploads\\\/2021\\\/02\\\/Audifonos-Inalambricos-Sony-Wi-C300-Internos-Azul.jpg\",\"contentUrl\":\"https:\\\/\\\/www.integralpro.com.co\\\/wp-content\\\/uploads\\\/2021\\\/02\\\/Audifonos-Inalambricos-Sony-Wi-C300-Internos-Azul.jpg\",\"width\":458,\"height\":458},{\"@type\":\"BreadcrumbList\",\"@id\":\"https:\\\/\\\/www.integralpro.com.co\\\/index.php\\\/producto\\\/audifonos-inalambricos-sony-wi-c300-internos-azul\\\/#breadcrumb\",\"itemListElement\":[{\"@type\":\"ListItem\",\"position\":1,\"name\":\"Portada\",\"item\":\"https:\\\/\\\/www.integralpro.com.co\\\/\"},{\"@type\":\"ListItem\",\"position\":2,\"name\":\"Tienda\",\"item\":\"https:\\\/\\\/www.integralpro.com.co\\\/index.php\\\/tienda\\\/\"},{\"@type\":\"ListItem\",\"position\":3,\"name\":\"Audifonos Inalambricos Sony Wi C300 Internos Azul\"}]},{\"@type\":\"WebSite\",\"@id\":\"https:\\\/\\\/www.integralpro.com.co\\\/#website\",\"url\":\"https:\\\/\\\/www.integralpro.com.co\\\/\",\"name\":\"IntegralPro\",\"description\":\"Tienda de Tecnolog\u00eda en L\u00ednea\",\"publisher\":{\"@id\":\"https:\\\/\\\/www.integralpro.com.co\\\/#organization\"},\"potentialAction\":[{\"@type\":\"SearchAction\",\"target\":{\"@type\":\"EntryPoint\",\"urlTemplate\":\"https:\\\/\\\/www.integralpro.com.co\\\/?s={search_term_string}\"},\"query-input\":{\"@type\":\"PropertyValueSpecification\",\"valueRequired\":true,\"valueName\":\"search_term_string\"}}],\"inLanguage\":\"es\"},{\"@type\":\"Organization\",\"@id\":\"https:\\\/\\\/www.integralpro.com.co\\\/#organization\",\"name\":\"IntegralPro SAS\",\"url\":\"https:\\\/\\\/www.integralpro.com.co\\\/\",\"logo\":{\"@type\":\"ImageObject\",\"inLanguage\":\"es\",\"@id\":\"https:\\\/\\\/www.integralpro.com.co\\\/#\\\/schema\\\/logo\\\/image\\\/\",\"url\":\"https:\\\/\\\/www.integralpro.com.co\\\/wp-content\\\/uploads\\\/2021\\\/02\\\/logo-def.jpg\",\"contentUrl\":\"https:\\\/\\\/www.integralpro.com.co\\\/wp-content\\\/uploads\\\/2021\\\/02\\\/logo-def.jpg\",\"width\":238,\"height\":234,\"caption\":\"IntegralPro SAS\"},\"image\":{\"@id\":\"https:\\\/\\\/www.integralpro.com.co\\\/#\\\/schema\\\/logo\\\/image\\\/\"}}]}<\/script>\n<!-- \/ Yoast SEO plugin. -->","yoast_head_json":{"title":"Audifonos Inalambricos Sony Wi C300 Internos Azul - IntegralPro","robots":{"index":"index","follow":"follow","max-snippet":"max-snippet:-1","max-image-preview":"max-image-preview:large","max-video-preview":"max-video-preview:-1"},"canonical":"https:\/\/www.integralpro.com.co\/index.php\/producto\/audifonos-inalambricos-sony-wi-c300-internos-azul\/","og_locale":"es_ES","og_type":"article","og_title":"Audifonos Inalambricos Sony Wi C300 Internos Azul - IntegralPro","og_description":"# DE PARTE:WI-C300\/LZ","og_url":"https:\/\/www.integralpro.com.co\/index.php\/producto\/audifonos-inalambricos-sony-wi-c300-internos-azul\/","og_site_name":"IntegralPro","article_modified_time":"2022-11-04T21:54:44+00:00","og_image":[{"width":458,"height":458,"url":"https:\/\/www.integralpro.com.co\/wp-content\/uploads\/2021\/02\/Audifonos-Inalambricos-Sony-Wi-C300-Internos-Azul.jpg","type":"image\/jpeg"}],"twitter_card":"summary_large_image","twitter_misc":{"Tiempo de lectura":"2 minutos"},"schema":{"@context":"https:\/\/schema.org","@graph":[{"@type":"WebPage","@id":"https:\/\/www.integralpro.com.co\/index.php\/producto\/audifonos-inalambricos-sony-wi-c300-internos-azul\/","url":"https:\/\/www.integralpro.com.co\/index.php\/producto\/audifonos-inalambricos-sony-wi-c300-internos-azul\/","name":"Audifonos Inalambricos Sony Wi C300 Internos Azul - IntegralPro","isPartOf":{"@id":"https:\/\/www.integralpro.com.co\/#website"},"primaryImageOfPage":{"@id":"https:\/\/www.integralpro.com.co\/index.php\/producto\/audifonos-inalambricos-sony-wi-c300-internos-azul\/#primaryimage"},"image":{"@id":"https:\/\/www.integralpro.com.co\/index.php\/producto\/audifonos-inalambricos-sony-wi-c300-internos-azul\/#primaryimage"},"thumbnailUrl":"https:\/\/www.integralpro.com.co\/wp-content\/uploads\/2021\/02\/Audifonos-Inalambricos-Sony-Wi-C300-Internos-Azul.jpg","datePublished":"2021-02-26T23:43:49+00:00","dateModified":"2022-11-04T21:54:44+00:00","breadcrumb":{"@id":"https:\/\/www.integralpro.com.co\/index.php\/producto\/audifonos-inalambricos-sony-wi-c300-internos-azul\/#breadcrumb"},"inLanguage":"es","potentialAction":[{"@type":"ReadAction","target":["https:\/\/www.integralpro.com.co\/index.php\/producto\/audifonos-inalambricos-sony-wi-c300-internos-azul\/"]}]},{"@type":"ImageObject","inLanguage":"es","@id":"https:\/\/www.integralpro.com.co\/index.php\/producto\/audifonos-inalambricos-sony-wi-c300-internos-azul\/#primaryimage","url":"https:\/\/www.integralpro.com.co\/wp-content\/uploads\/2021\/02\/Audifonos-Inalambricos-Sony-Wi-C300-Internos-Azul.jpg","contentUrl":"https:\/\/www.integralpro.com.co\/wp-content\/uploads\/2021\/02\/Audifonos-Inalambricos-Sony-Wi-C300-Internos-Azul.jpg","width":458,"height":458},{"@type":"BreadcrumbList","@id":"https:\/\/www.integralpro.com.co\/index.php\/producto\/audifonos-inalambricos-sony-wi-c300-internos-azul\/#breadcrumb","itemListElement":[{"@type":"ListItem","position":1,"name":"Portada","item":"https:\/\/www.integralpro.com.co\/"},{"@type":"ListItem","position":2,"name":"Tienda","item":"https:\/\/www.integralpro.com.co\/index.php\/tienda\/"},{"@type":"ListItem","position":3,"name":"Audifonos Inalambricos Sony Wi C300 Internos Azul"}]},{"@type":"WebSite","@id":"https:\/\/www.integralpro.com.co\/#website","url":"https:\/\/www.integralpro.com.co\/","name":"IntegralPro","description":"Tienda de Tecnolog\u00eda en L\u00ednea","publisher":{"@id":"https:\/\/www.integralpro.com.co\/#organization"},"potentialAction":[{"@type":"SearchAction","target":{"@type":"EntryPoint","urlTemplate":"https:\/\/www.integralpro.com.co\/?s={search_term_string}"},"query-input":{"@type":"PropertyValueSpecification","valueRequired":true,"valueName":"search_term_string"}}],"inLanguage":"es"},{"@type":"Organization","@id":"https:\/\/www.integralpro.com.co\/#organization","name":"IntegralPro SAS","url":"https:\/\/www.integralpro.com.co\/","logo":{"@type":"ImageObject","inLanguage":"es","@id":"https:\/\/www.integralpro.com.co\/#\/schema\/logo\/image\/","url":"https:\/\/www.integralpro.com.co\/wp-content\/uploads\/2021\/02\/logo-def.jpg","contentUrl":"https:\/\/www.integralpro.com.co\/wp-content\/uploads\/2021\/02\/logo-def.jpg","width":238,"height":234,"caption":"IntegralPro SAS"},"image":{"@id":"https:\/\/www.integralpro.com.co\/#\/schema\/logo\/image\/"}}]}},"_links":{"self":[{"href":"https:\/\/www.integralpro.com.co\/index.php\/wp-json\/wp\/v2\/product\/3706","targetHints":{"allow":["GET"]}}],"collection":[{"href":"https:\/\/www.integralpro.com.co\/index.php\/wp-json\/wp\/v2\/product"}],"about":[{"href":"https:\/\/www.integralpro.com.co\/index.php\/wp-json\/wp\/v2\/types\/product"}],"version-history":[{"count":2,"href":"https:\/\/www.integralpro.com.co\/index.php\/wp-json\/wp\/v2\/product\/3706\/revisions"}],"predecessor-version":[{"id":3720,"href":"https:\/\/www.integralpro.com.co\/index.php\/wp-json\/wp\/v2\/product\/3706\/revisions\/3720"}],"wp:featuredmedia":[{"embeddable":true,"href":"https:\/\/www.integralpro.com.co\/index.php\/wp-json\/wp\/v2\/media\/3693"}],"wp:attachment":[{"href":"https:\/\/www.integralpro.com.co\/index.php\/wp-json\/wp\/v2\/media?parent=3706"}],"wp:term":[{"taxonomy":"product_brand","embeddable":true,"href":"https:\/\/www.integralpro.com.co\/index.php\/wp-json\/wp\/v2\/product_brand?post=3706"},{"taxonomy":"product_cat","embeddable":true,"href":"https:\/\/www.integralpro.com.co\/index.php\/wp-json\/wp\/v2\/product_cat?post=3706"},{"taxonomy":"product_tag","embeddable":true,"href":"https:\/\/www.integralpro.com.co\/index.php\/wp-json\/wp\/v2\/product_tag?post=3706"}],"curies":[{"name":"wp","href":"https:\/\/api.w.org\/{rel}","templated":true}]}}