{"id":2903,"date":"2021-02-19T15:00:39","date_gmt":"2021-02-19T20:00:39","guid":{"rendered":"https:\/\/www.integralpro.com.co\/index.php\/producto\/import-placeholder-for-1431\/"},"modified":"2021-02-19T15:01:16","modified_gmt":"2021-02-19T20:01:16","slug":"botella-de-tinta-original-hp-gt52-cyan","status":"publish","type":"product","link":"https:\/\/www.integralpro.com.co\/index.php\/producto\/botella-de-tinta-original-hp-gt52-cyan\/","title":{"rendered":"Botella De Tinta Original Hp Gt52 Cyan"},"content":{"rendered":"<p>Botella de tinta original cian HP GT52.<\/p>\n<p><\/p>\n<p><strong>Costo por p\u00e1gina muy bajo <\/strong><\/p>\n<p><\/p>\n<p>Imprima todo lo que quiera sin preocuparse por el costo de la <br \/>tinta utilizando botellas de tinta original HP de alta capacidad.<\/p>\n<p><\/p>\n<p><strong>Durabilidad y Calidad dignas de HP<\/strong><\/p>\n<p><\/p>\n<p>Preserve sus im\u00e1genes y obtenga fotograf\u00edas v\u00edvidas sin bordes <br \/>y resistentes a la decoloraci\u00f3n que durar\u00e1n por d\u00e9cadas.<\/p>\n<p><\/p>\n<p><strong>Administre de forma pr\u00e1ctica la tinta <\/strong><\/p>\n<p><\/p>\n<p>Gestione los niveles de tinta y decida cu\u00e1ndo agregar m\u00e1s <br \/>f\u00e1cilmente: no hay que adivinar ni esperar a que no quede suficiente.<\/p>\n<p><\/p>\n<p><strong>Se dise\u00f1aron para funcionar correctamente, desde la <br \/>primera vez<\/strong><\/p>\n<p><\/p>\n<p>Conf\u00ede en que las botellas de tinta originales HP ofrecer\u00e1n <br \/>resultados de calidad y rendimiento superior en forma sistem\u00e1tica.<\/p>\n<p><\/p>\n<p><strong>Impresiones de calidad para sentirse orgulloso<\/strong><\/p>\n<p><\/p>\n<p>Disfrute de calidad de impresi\u00f3n superior con las tintas <br \/>originales HP dise\u00f1adas para brindar colores intensos, texto definido y negros <br \/>intensos y lograr un gran impacto.<\/p>\n<p><\/p>\n<p><strong>Una buena elecci\u00f3n ecol\u00f3gica.<\/strong><\/p>\n<p><\/p>\n<p>Imprima con confianza: botellas de tinta originales HP <br \/>dise\u00f1adas pensando en el planeta con su facilidad de reciclaje y generaci\u00f3n de <br \/>menos desperdicio.<\/p>\n<p><\/p>\n<p><strong>Mejor juntos. Mejores resultados.<\/strong><\/p>\n<p><\/p>\n<p>Las tintas originales HP son las \u00fanicas desarrolladas <br \/>espec\u00edficamente para impresoras HP con el fin de ofrecer resultados de calidad <br \/>confiable y un rendimiento uniforme.<\/p>\n<p><\/p>\n<p><strong>Costo por p\u00e1gina extremadamente bajo<\/strong><\/p>\n<p><\/p>\n<p>Imprima todo lo que desee sin preocuparse por el costo de la <br \/>tinta. Obtendr\u00e1 un costo por p\u00e1gina extremamente bajo al utilizar las botellas <br \/>de tinta original HP de alta capacidad y un sistema de tanque de tinta de alta <br \/>capacidad.<\/p>\n<p><\/p>\n<p><strong>Botellas de tinta de alta capacidad<\/strong><\/p>\n<p><\/p>\n<p>Imprima miles de p\u00e1ginas con un conjunto de botellas de tinta <br \/>original HP de alta capacidad: el complemento ideal para los grandes vol\u00famenes <br \/>de impresi\u00f3n.<\/p>\n<p><\/p>\n<p><strong>Especificaciones T\u00e9cnicas<\/strong><\/p>\n<p><\/p>\n<p>Dimensiones: 11 x 8 x 15 cm<\/p>\n<p>Peso: 230gr<\/p>\n<p>Selectividad GT52<\/p>\n<p>Margen de temperaturas operativas 15 a 30\u00b0C<\/p>\n<p>Temperatura almacenamiento -40 a 60\u00b0C<\/p>\n<p>Humedad durante almacenamiento De 20 a 80% HR<\/p>\n<p>Colores basados en el m\u00e9todo de HP a partir de la simulaci\u00f3n de impresi\u00f3n <br \/>continua de p\u00e1ginas de prueba ISO\/IEC 24712<\/p>\n<p>Color Cyan<\/p>\n<p><\/p>\n<p><strong>Contenido Del Paquete<\/strong><\/p>\n<p><\/p>\n<p>Botella de tinta &#8211; Documentaci\u00f3n<\/p>\n","protected":false},"excerpt":{"rendered":"<p># DE PARTE:M0H54AL<\/p>\n","protected":false},"featured_media":2967,"template":"","meta":{"site-sidebar-layout":"default","site-content-layout":"","ast-site-content-layout":"default","site-content-style":"default","site-sidebar-style":"default","ast-global-header-display":"","ast-banner-title-visibility":"","ast-main-header-display":"","ast-hfb-above-header-display":"","ast-hfb-below-header-display":"","ast-hfb-mobile-header-display":"","site-post-title":"","ast-breadcrumbs-content":"","ast-featured-img":"","footer-sml-layout":"","ast-disable-related-posts":"","theme-transparent-header-meta":"","adv-header-id-meta":"","stick-header-meta":"","header-above-stick-meta":"","header-main-stick-meta":"","header-below-stick-meta":"","astra-migrate-meta-layouts":"default","ast-page-background-enabled":"default","ast-page-background-meta":{"desktop":{"background-color":"var(--ast-global-color-4)","background-image":"","background-repeat":"repeat","background-position":"center center","background-size":"auto","background-attachment":"scroll","background-type":"","background-media":"","overlay-type":"","overlay-color":"","overlay-opacity":"","overlay-gradient":""},"tablet":{"background-color":"","background-image":"","background-repeat":"repeat","background-position":"center center","background-size":"auto","background-attachment":"scroll","background-type":"","background-media":"","overlay-type":"","overlay-color":"","overlay-opacity":"","overlay-gradient":""},"mobile":{"background-color":"","background-image":"","background-repeat":"repeat","background-position":"center center","background-size":"auto","background-attachment":"scroll","background-type":"","background-media":"","overlay-type":"","overlay-color":"","overlay-opacity":"","overlay-gradient":""}},"ast-content-background-meta":{"desktop":{"background-color":"var(--ast-global-color-5)","background-image":"","background-repeat":"repeat","background-position":"center center","background-size":"auto","background-attachment":"scroll","background-type":"","background-media":"","overlay-type":"","overlay-color":"","overlay-opacity":"","overlay-gradient":""},"tablet":{"background-color":"var(--ast-global-color-5)","background-image":"","background-repeat":"repeat","background-position":"center center","background-size":"auto","background-attachment":"scroll","background-type":"","background-media":"","overlay-type":"","overlay-color":"","overlay-opacity":"","overlay-gradient":""},"mobile":{"background-color":"var(--ast-global-color-5)","background-image":"","background-repeat":"repeat","background-position":"center center","background-size":"auto","background-attachment":"scroll","background-type":"","background-media":"","overlay-type":"","overlay-color":"","overlay-opacity":"","overlay-gradient":""}}},"product_brand":[],"product_cat":[57,136],"product_tag":[43],"class_list":{"0":"post-2903","1":"product","2":"type-product","3":"status-publish","4":"has-post-thumbnail","6":"product_cat-impresoras-y-suministros","7":"product_cat-tintas","8":"product_tag-hewlett-packard","9":"desktop-align-left","10":"tablet-align-left","11":"mobile-align-left","13":"first","14":"instock","15":"taxable","16":"shipping-taxable","17":"product-type-simple"},"yoast_head":"<!-- This site is optimized with the Yoast SEO plugin v27.3 - https:\/\/yoast.com\/product\/yoast-seo-wordpress\/ -->\n<title>Botella De Tinta Original Hp Gt52 Cyan - IntegralPro<\/title>\n<meta name=\"robots\" content=\"index, follow, max-snippet:-1, max-image-preview:large, max-video-preview:-1\" \/>\n<link rel=\"canonical\" href=\"https:\/\/www.integralpro.com.co\/index.php\/producto\/botella-de-tinta-original-hp-gt52-cyan\/\" \/>\n<meta property=\"og:locale\" content=\"es_ES\" \/>\n<meta property=\"og:type\" content=\"article\" \/>\n<meta property=\"og:title\" content=\"Botella De Tinta Original Hp Gt52 Cyan - IntegralPro\" \/>\n<meta property=\"og:description\" content=\"# DE PARTE:M0H54AL\" \/>\n<meta property=\"og:url\" content=\"https:\/\/www.integralpro.com.co\/index.php\/producto\/botella-de-tinta-original-hp-gt52-cyan\/\" \/>\n<meta property=\"og:site_name\" content=\"IntegralPro\" \/>\n<meta property=\"article:modified_time\" content=\"2021-02-19T20:01:16+00:00\" \/>\n<meta property=\"og:image\" content=\"https:\/\/www.integralpro.com.co\/wp-content\/uploads\/2021\/02\/9bfaf1a49175bd0d74c3df99fab8f1e6.jpg\" \/>\n\t<meta property=\"og:image:width\" content=\"800\" \/>\n\t<meta property=\"og:image:height\" content=\"800\" \/>\n\t<meta property=\"og:image:type\" content=\"image\/jpeg\" \/>\n<meta name=\"twitter:card\" content=\"summary_large_image\" \/>\n<meta name=\"twitter:label1\" content=\"Tiempo de lectura\" \/>\n\t<meta name=\"twitter:data1\" content=\"2 minutos\" \/>\n<script type=\"application\/ld+json\" class=\"yoast-schema-graph\">{\"@context\":\"https:\\\/\\\/schema.org\",\"@graph\":[{\"@type\":\"WebPage\",\"@id\":\"https:\\\/\\\/www.integralpro.com.co\\\/index.php\\\/producto\\\/botella-de-tinta-original-hp-gt52-cyan\\\/\",\"url\":\"https:\\\/\\\/www.integralpro.com.co\\\/index.php\\\/producto\\\/botella-de-tinta-original-hp-gt52-cyan\\\/\",\"name\":\"Botella De Tinta Original Hp Gt52 Cyan - IntegralPro\",\"isPartOf\":{\"@id\":\"https:\\\/\\\/www.integralpro.com.co\\\/#website\"},\"primaryImageOfPage\":{\"@id\":\"https:\\\/\\\/www.integralpro.com.co\\\/index.php\\\/producto\\\/botella-de-tinta-original-hp-gt52-cyan\\\/#primaryimage\"},\"image\":{\"@id\":\"https:\\\/\\\/www.integralpro.com.co\\\/index.php\\\/producto\\\/botella-de-tinta-original-hp-gt52-cyan\\\/#primaryimage\"},\"thumbnailUrl\":\"https:\\\/\\\/www.integralpro.com.co\\\/wp-content\\\/uploads\\\/2021\\\/02\\\/9bfaf1a49175bd0d74c3df99fab8f1e6.jpg\",\"datePublished\":\"2021-02-19T20:00:39+00:00\",\"dateModified\":\"2021-02-19T20:01:16+00:00\",\"breadcrumb\":{\"@id\":\"https:\\\/\\\/www.integralpro.com.co\\\/index.php\\\/producto\\\/botella-de-tinta-original-hp-gt52-cyan\\\/#breadcrumb\"},\"inLanguage\":\"es\",\"potentialAction\":[{\"@type\":\"ReadAction\",\"target\":[\"https:\\\/\\\/www.integralpro.com.co\\\/index.php\\\/producto\\\/botella-de-tinta-original-hp-gt52-cyan\\\/\"]}]},{\"@type\":\"ImageObject\",\"inLanguage\":\"es\",\"@id\":\"https:\\\/\\\/www.integralpro.com.co\\\/index.php\\\/producto\\\/botella-de-tinta-original-hp-gt52-cyan\\\/#primaryimage\",\"url\":\"https:\\\/\\\/www.integralpro.com.co\\\/wp-content\\\/uploads\\\/2021\\\/02\\\/9bfaf1a49175bd0d74c3df99fab8f1e6.jpg\",\"contentUrl\":\"https:\\\/\\\/www.integralpro.com.co\\\/wp-content\\\/uploads\\\/2021\\\/02\\\/9bfaf1a49175bd0d74c3df99fab8f1e6.jpg\",\"width\":800,\"height\":800},{\"@type\":\"BreadcrumbList\",\"@id\":\"https:\\\/\\\/www.integralpro.com.co\\\/index.php\\\/producto\\\/botella-de-tinta-original-hp-gt52-cyan\\\/#breadcrumb\",\"itemListElement\":[{\"@type\":\"ListItem\",\"position\":1,\"name\":\"Portada\",\"item\":\"https:\\\/\\\/www.integralpro.com.co\\\/\"},{\"@type\":\"ListItem\",\"position\":2,\"name\":\"Tienda\",\"item\":\"https:\\\/\\\/www.integralpro.com.co\\\/index.php\\\/tienda\\\/\"},{\"@type\":\"ListItem\",\"position\":3,\"name\":\"Botella De Tinta Original Hp Gt52 Cyan\"}]},{\"@type\":\"WebSite\",\"@id\":\"https:\\\/\\\/www.integralpro.com.co\\\/#website\",\"url\":\"https:\\\/\\\/www.integralpro.com.co\\\/\",\"name\":\"IntegralPro\",\"description\":\"Tienda de Tecnolog\u00eda en L\u00ednea\",\"publisher\":{\"@id\":\"https:\\\/\\\/www.integralpro.com.co\\\/#organization\"},\"potentialAction\":[{\"@type\":\"SearchAction\",\"target\":{\"@type\":\"EntryPoint\",\"urlTemplate\":\"https:\\\/\\\/www.integralpro.com.co\\\/?s={search_term_string}\"},\"query-input\":{\"@type\":\"PropertyValueSpecification\",\"valueRequired\":true,\"valueName\":\"search_term_string\"}}],\"inLanguage\":\"es\"},{\"@type\":\"Organization\",\"@id\":\"https:\\\/\\\/www.integralpro.com.co\\\/#organization\",\"name\":\"IntegralPro SAS\",\"url\":\"https:\\\/\\\/www.integralpro.com.co\\\/\",\"logo\":{\"@type\":\"ImageObject\",\"inLanguage\":\"es\",\"@id\":\"https:\\\/\\\/www.integralpro.com.co\\\/#\\\/schema\\\/logo\\\/image\\\/\",\"url\":\"https:\\\/\\\/www.integralpro.com.co\\\/wp-content\\\/uploads\\\/2021\\\/02\\\/logo-def.jpg\",\"contentUrl\":\"https:\\\/\\\/www.integralpro.com.co\\\/wp-content\\\/uploads\\\/2021\\\/02\\\/logo-def.jpg\",\"width\":238,\"height\":234,\"caption\":\"IntegralPro SAS\"},\"image\":{\"@id\":\"https:\\\/\\\/www.integralpro.com.co\\\/#\\\/schema\\\/logo\\\/image\\\/\"}}]}<\/script>\n<!-- \/ Yoast SEO plugin. -->","yoast_head_json":{"title":"Botella De Tinta Original Hp Gt52 Cyan - IntegralPro","robots":{"index":"index","follow":"follow","max-snippet":"max-snippet:-1","max-image-preview":"max-image-preview:large","max-video-preview":"max-video-preview:-1"},"canonical":"https:\/\/www.integralpro.com.co\/index.php\/producto\/botella-de-tinta-original-hp-gt52-cyan\/","og_locale":"es_ES","og_type":"article","og_title":"Botella De Tinta Original Hp Gt52 Cyan - IntegralPro","og_description":"# DE PARTE:M0H54AL","og_url":"https:\/\/www.integralpro.com.co\/index.php\/producto\/botella-de-tinta-original-hp-gt52-cyan\/","og_site_name":"IntegralPro","article_modified_time":"2021-02-19T20:01:16+00:00","og_image":[{"width":800,"height":800,"url":"https:\/\/www.integralpro.com.co\/wp-content\/uploads\/2021\/02\/9bfaf1a49175bd0d74c3df99fab8f1e6.jpg","type":"image\/jpeg"}],"twitter_card":"summary_large_image","twitter_misc":{"Tiempo de lectura":"2 minutos"},"schema":{"@context":"https:\/\/schema.org","@graph":[{"@type":"WebPage","@id":"https:\/\/www.integralpro.com.co\/index.php\/producto\/botella-de-tinta-original-hp-gt52-cyan\/","url":"https:\/\/www.integralpro.com.co\/index.php\/producto\/botella-de-tinta-original-hp-gt52-cyan\/","name":"Botella De Tinta Original Hp Gt52 Cyan - IntegralPro","isPartOf":{"@id":"https:\/\/www.integralpro.com.co\/#website"},"primaryImageOfPage":{"@id":"https:\/\/www.integralpro.com.co\/index.php\/producto\/botella-de-tinta-original-hp-gt52-cyan\/#primaryimage"},"image":{"@id":"https:\/\/www.integralpro.com.co\/index.php\/producto\/botella-de-tinta-original-hp-gt52-cyan\/#primaryimage"},"thumbnailUrl":"https:\/\/www.integralpro.com.co\/wp-content\/uploads\/2021\/02\/9bfaf1a49175bd0d74c3df99fab8f1e6.jpg","datePublished":"2021-02-19T20:00:39+00:00","dateModified":"2021-02-19T20:01:16+00:00","breadcrumb":{"@id":"https:\/\/www.integralpro.com.co\/index.php\/producto\/botella-de-tinta-original-hp-gt52-cyan\/#breadcrumb"},"inLanguage":"es","potentialAction":[{"@type":"ReadAction","target":["https:\/\/www.integralpro.com.co\/index.php\/producto\/botella-de-tinta-original-hp-gt52-cyan\/"]}]},{"@type":"ImageObject","inLanguage":"es","@id":"https:\/\/www.integralpro.com.co\/index.php\/producto\/botella-de-tinta-original-hp-gt52-cyan\/#primaryimage","url":"https:\/\/www.integralpro.com.co\/wp-content\/uploads\/2021\/02\/9bfaf1a49175bd0d74c3df99fab8f1e6.jpg","contentUrl":"https:\/\/www.integralpro.com.co\/wp-content\/uploads\/2021\/02\/9bfaf1a49175bd0d74c3df99fab8f1e6.jpg","width":800,"height":800},{"@type":"BreadcrumbList","@id":"https:\/\/www.integralpro.com.co\/index.php\/producto\/botella-de-tinta-original-hp-gt52-cyan\/#breadcrumb","itemListElement":[{"@type":"ListItem","position":1,"name":"Portada","item":"https:\/\/www.integralpro.com.co\/"},{"@type":"ListItem","position":2,"name":"Tienda","item":"https:\/\/www.integralpro.com.co\/index.php\/tienda\/"},{"@type":"ListItem","position":3,"name":"Botella De Tinta Original Hp Gt52 Cyan"}]},{"@type":"WebSite","@id":"https:\/\/www.integralpro.com.co\/#website","url":"https:\/\/www.integralpro.com.co\/","name":"IntegralPro","description":"Tienda de Tecnolog\u00eda en L\u00ednea","publisher":{"@id":"https:\/\/www.integralpro.com.co\/#organization"},"potentialAction":[{"@type":"SearchAction","target":{"@type":"EntryPoint","urlTemplate":"https:\/\/www.integralpro.com.co\/?s={search_term_string}"},"query-input":{"@type":"PropertyValueSpecification","valueRequired":true,"valueName":"search_term_string"}}],"inLanguage":"es"},{"@type":"Organization","@id":"https:\/\/www.integralpro.com.co\/#organization","name":"IntegralPro SAS","url":"https:\/\/www.integralpro.com.co\/","logo":{"@type":"ImageObject","inLanguage":"es","@id":"https:\/\/www.integralpro.com.co\/#\/schema\/logo\/image\/","url":"https:\/\/www.integralpro.com.co\/wp-content\/uploads\/2021\/02\/logo-def.jpg","contentUrl":"https:\/\/www.integralpro.com.co\/wp-content\/uploads\/2021\/02\/logo-def.jpg","width":238,"height":234,"caption":"IntegralPro SAS"},"image":{"@id":"https:\/\/www.integralpro.com.co\/#\/schema\/logo\/image\/"}}]}},"_links":{"self":[{"href":"https:\/\/www.integralpro.com.co\/index.php\/wp-json\/wp\/v2\/product\/2903","targetHints":{"allow":["GET"]}}],"collection":[{"href":"https:\/\/www.integralpro.com.co\/index.php\/wp-json\/wp\/v2\/product"}],"about":[{"href":"https:\/\/www.integralpro.com.co\/index.php\/wp-json\/wp\/v2\/types\/product"}],"version-history":[{"count":1,"href":"https:\/\/www.integralpro.com.co\/index.php\/wp-json\/wp\/v2\/product\/2903\/revisions"}],"predecessor-version":[{"id":2968,"href":"https:\/\/www.integralpro.com.co\/index.php\/wp-json\/wp\/v2\/product\/2903\/revisions\/2968"}],"wp:featuredmedia":[{"embeddable":true,"href":"https:\/\/www.integralpro.com.co\/index.php\/wp-json\/wp\/v2\/media\/2967"}],"wp:attachment":[{"href":"https:\/\/www.integralpro.com.co\/index.php\/wp-json\/wp\/v2\/media?parent=2903"}],"wp:term":[{"taxonomy":"product_brand","embeddable":true,"href":"https:\/\/www.integralpro.com.co\/index.php\/wp-json\/wp\/v2\/product_brand?post=2903"},{"taxonomy":"product_cat","embeddable":true,"href":"https:\/\/www.integralpro.com.co\/index.php\/wp-json\/wp\/v2\/product_cat?post=2903"},{"taxonomy":"product_tag","embeddable":true,"href":"https:\/\/www.integralpro.com.co\/index.php\/wp-json\/wp\/v2\/product_tag?post=2903"}],"curies":[{"name":"wp","href":"https:\/\/api.w.org\/{rel}","templated":true}]}}