{"id":2788,"date":"2021-02-19T14:59:31","date_gmt":"2021-02-19T19:59:31","guid":{"rendered":"https:\/\/www.integralpro.com.co\/index.php\/producto\/import-placeholder-for-1394\/"},"modified":"2021-02-19T15:00:09","modified_gmt":"2021-02-19T20:00:09","slug":"teclado-smart-tv-k600-logitech-bluetooth","status":"publish","type":"product","link":"https:\/\/www.integralpro.com.co\/index.php\/producto\/teclado-smart-tv-k600-logitech-bluetooth\/","title":{"rendered":"Teclado Smart Tv K600 Logitech Bluetooth"},"content":{"rendered":"<p>El teclado K600 TV KEYBOARD todo lo que necesitas para navegar <br \/>en su Smart TV o PC conectado al televisor. Busca, selecciona y controla tu <br \/>contenido con la experiencia de escritura habitual, los gestos fluidos del <br \/>touchpad o la precisi\u00f3n punto a punto del mando de direcci\u00f3n.<\/p>\n<p><\/p>\n<p><strong>Escritura y navegaci\u00f3n para tu Smart TV<\/strong><\/p>\n<p><\/p>\n<p>Ve m\u00e1s all\u00e1 de lo que puede hacer un mando a distancia y <br \/>domina un mundo de entretenimiento con K600 TV. Busca r\u00e1pidamente contenido, <br \/>introduce una contrase\u00f1a complicada con may\u00fasculas y min\u00fasculas y navega f\u00e1cil y <br \/>c\u00f3modamente por Internet.<\/p>\n<p><\/p>\n<p><strong>Mejor Navegaci\u00f3n Web<\/strong><\/p>\n<p><\/p>\n<p>Ve m\u00e1s all\u00e1 de lo que puede hacer un mando a distancia y <br \/>domina un mundo de entretenimiento con K600 TV. Busca r\u00e1pidamente contenido, <br \/>introduce una contrase\u00f1a complicada con may\u00fasculas y min\u00fasculas y navega f\u00e1cil y <br \/>c\u00f3modamente por Internet.<\/p>\n<p><\/p>\n<p><strong>Visionado m\u00e1s Inteligente<\/strong><\/p>\n<p><\/p>\n<p>Busca tu programa favorito1, navega por interfaces de <br \/>cuadr\u00edcula con el mando de direcci\u00f3n integrado y usa las teclas multimedia para <br \/>reproducir, poner en pausa, avanzar r\u00e1pidamente y rebobinar.<\/p>\n<p><\/p>\n<p><strong>Cambio f\u00e1cil entre varios dispositivos <\/strong><\/p>\n<p><\/p>\n<p>Puedes utilizar el teclado para buscar programas en tu Smart <br \/>TV, escribir correo electr\u00f3nico en tu tablet y responder a mensajes de texto en <br \/>tu m\u00f3vil. K600 TV se conecta a tu Smart TV, PC y dispositivos m\u00f3viles (y cambia <br \/>entre ellos con s\u00f3lo pulsar un bot\u00f3n).<\/p>\n<p><\/p>\n<p><strong>Dise\u00f1ado para una experiencia relajada<\/strong><\/p>\n<p><\/p>\n<p>El teclado K600 TV se siente a gusto en tus manos&#8230; y en tu <br \/>sof\u00e1. Puedes usar una o ambas manos para navegar y luego colocarlo sobre las <br \/>piernas para escribir c\u00f3modamente. El radio de acci\u00f3n de 15 metros asegura una <br \/>conexi\u00f3n permanente, incluso en las salas m\u00e1s grandes.<\/p>\n<p><\/p>\n<p><strong>Dispositivos compatibles <\/strong><\/p>\n<p><\/p>\n<p>Smart TV selectos compatibles Samsung: SUHD \/ UHD (Tizen \u2013 <br \/>2016+) LG: OLED \/ SUHD \/ UHD (WebOS \u2013 2016+) Sony Bravia: UHD (Android TV \u2013 <br \/>2016+) Philips: UHD (Android TV \u2013 2016+)<\/p>\n<p><\/p>\n<p><strong>Especificaciones T\u00e9cnicas<\/strong><\/p>\n<p><\/p>\n<p>Dimensiones: 36<span> x 11 x 2 cm<\/span><\/p>\n<p>Peso: 500gr<\/p>\n<p>Software compatible Logitech Options en macOS 10.11 y posterior, y Windows 7 y <br \/>posterior <\/p>\n<p>Funciones adicionales Radio de acci\u00f3n inal\u00e1mbrico de 15 metros3 Duraci\u00f3n de <br \/>pilas de 12 meses (2 pilas AAA incluidas) <\/p>\n<p>Conexi\u00f3n de hasta tres dispositivos <\/p>\n<p>Conmutador de encendido\/apagado LED de estado de conexi\u00f3n<\/p>\n<p>Requisitos del sistema Bluetooth Windows 8, 10 y posterior macOS 10.12 y <br \/>posterior WebOS (LG) 3.5 o posterior Tizen (Samsung) 2.4 o posterior Android TV <br \/>6 o posterior Android 5.0 o posterior iOS 5 y posterior<\/p>\n<p>Unifying Windows 7, 8, 10 o posterior macOS 10.11 y posterior Android TV 6 o <br \/>posterior WebOS (LG) 3.0 o posterior Tizen (Samsung) 2.4 o posterior Chrome OS<\/p>\n<p>Puerto USB o dispositivo apto para tecnolog\u00eda Bluetooth de bajo consumo <br \/>utilizable con teclado <\/p>\n<p>Conexi\u00f3n a Internet (s\u00f3lo para descarga de software opcional)<\/p>\n<p><\/p>\n<p><strong>Contenido del Paquete<\/strong><\/p>\n<p><\/p>\n<p>Teclado &#8211; Documentaci\u00f3n<\/p>\n","protected":false},"excerpt":{"rendered":"<p># DE PARTE:920-008824<\/p>\n","protected":false},"featured_media":2856,"template":"","meta":{"site-sidebar-layout":"default","site-content-layout":"","ast-site-content-layout":"default","site-content-style":"default","site-sidebar-style":"default","ast-global-header-display":"","ast-banner-title-visibility":"","ast-main-header-display":"","ast-hfb-above-header-display":"","ast-hfb-below-header-display":"","ast-hfb-mobile-header-display":"","site-post-title":"","ast-breadcrumbs-content":"","ast-featured-img":"","footer-sml-layout":"","ast-disable-related-posts":"","theme-transparent-header-meta":"","adv-header-id-meta":"","stick-header-meta":"","header-above-stick-meta":"","header-main-stick-meta":"","header-below-stick-meta":"","astra-migrate-meta-layouts":"default","ast-page-background-enabled":"default","ast-page-background-meta":{"desktop":{"background-color":"var(--ast-global-color-4)","background-image":"","background-repeat":"repeat","background-position":"center center","background-size":"auto","background-attachment":"scroll","background-type":"","background-media":"","overlay-type":"","overlay-color":"","overlay-opacity":"","overlay-gradient":""},"tablet":{"background-color":"","background-image":"","background-repeat":"repeat","background-position":"center center","background-size":"auto","background-attachment":"scroll","background-type":"","background-media":"","overlay-type":"","overlay-color":"","overlay-opacity":"","overlay-gradient":""},"mobile":{"background-color":"","background-image":"","background-repeat":"repeat","background-position":"center center","background-size":"auto","background-attachment":"scroll","background-type":"","background-media":"","overlay-type":"","overlay-color":"","overlay-opacity":"","overlay-gradient":""}},"ast-content-background-meta":{"desktop":{"background-color":"var(--ast-global-color-5)","background-image":"","background-repeat":"repeat","background-position":"center center","background-size":"auto","background-attachment":"scroll","background-type":"","background-media":"","overlay-type":"","overlay-color":"","overlay-opacity":"","overlay-gradient":""},"tablet":{"background-color":"var(--ast-global-color-5)","background-image":"","background-repeat":"repeat","background-position":"center center","background-size":"auto","background-attachment":"scroll","background-type":"","background-media":"","overlay-type":"","overlay-color":"","overlay-opacity":"","overlay-gradient":""},"mobile":{"background-color":"var(--ast-global-color-5)","background-image":"","background-repeat":"repeat","background-position":"center center","background-size":"auto","background-attachment":"scroll","background-type":"","background-media":"","overlay-type":"","overlay-color":"","overlay-opacity":"","overlay-gradient":""}}},"product_brand":[],"product_cat":[49,82],"product_tag":[46],"class_list":{"0":"post-2788","1":"product","2":"type-product","3":"status-publish","4":"has-post-thumbnail","6":"product_cat-accesorios","7":"product_cat-teclados","8":"product_tag-logitech","9":"desktop-align-left","10":"tablet-align-left","11":"mobile-align-left","13":"first","14":"instock","15":"taxable","16":"shipping-taxable","17":"product-type-simple"},"yoast_head":"<!-- This site is optimized with the Yoast SEO plugin v27.4 - https:\/\/yoast.com\/product\/yoast-seo-wordpress\/ -->\n<title>Teclado Smart Tv K600 Logitech Bluetooth - IntegralPro<\/title>\n<meta name=\"robots\" content=\"index, follow, max-snippet:-1, max-image-preview:large, max-video-preview:-1\" \/>\n<link rel=\"canonical\" href=\"https:\/\/www.integralpro.com.co\/index.php\/producto\/teclado-smart-tv-k600-logitech-bluetooth\/\" \/>\n<meta property=\"og:locale\" content=\"es_ES\" \/>\n<meta property=\"og:type\" content=\"article\" \/>\n<meta property=\"og:title\" content=\"Teclado Smart Tv K600 Logitech Bluetooth - IntegralPro\" \/>\n<meta property=\"og:description\" content=\"# DE PARTE:920-008824\" \/>\n<meta property=\"og:url\" content=\"https:\/\/www.integralpro.com.co\/index.php\/producto\/teclado-smart-tv-k600-logitech-bluetooth\/\" \/>\n<meta property=\"og:site_name\" content=\"IntegralPro\" \/>\n<meta property=\"article:modified_time\" content=\"2021-02-19T20:00:09+00:00\" \/>\n<meta property=\"og:image\" content=\"https:\/\/www.integralpro.com.co\/wp-content\/uploads\/2021\/02\/0ee909497275105aba36f7124c4c5e86.jpg\" \/>\n\t<meta property=\"og:image:width\" content=\"800\" \/>\n\t<meta property=\"og:image:height\" content=\"800\" \/>\n\t<meta property=\"og:image:type\" content=\"image\/jpeg\" \/>\n<meta name=\"twitter:card\" content=\"summary_large_image\" \/>\n<meta name=\"twitter:label1\" content=\"Tiempo de lectura\" \/>\n\t<meta name=\"twitter:data1\" content=\"2 minutos\" \/>\n<script type=\"application\/ld+json\" class=\"yoast-schema-graph\">{\"@context\":\"https:\\\/\\\/schema.org\",\"@graph\":[{\"@type\":\"WebPage\",\"@id\":\"https:\\\/\\\/www.integralpro.com.co\\\/index.php\\\/producto\\\/teclado-smart-tv-k600-logitech-bluetooth\\\/\",\"url\":\"https:\\\/\\\/www.integralpro.com.co\\\/index.php\\\/producto\\\/teclado-smart-tv-k600-logitech-bluetooth\\\/\",\"name\":\"Teclado Smart Tv K600 Logitech Bluetooth - IntegralPro\",\"isPartOf\":{\"@id\":\"https:\\\/\\\/www.integralpro.com.co\\\/#website\"},\"primaryImageOfPage\":{\"@id\":\"https:\\\/\\\/www.integralpro.com.co\\\/index.php\\\/producto\\\/teclado-smart-tv-k600-logitech-bluetooth\\\/#primaryimage\"},\"image\":{\"@id\":\"https:\\\/\\\/www.integralpro.com.co\\\/index.php\\\/producto\\\/teclado-smart-tv-k600-logitech-bluetooth\\\/#primaryimage\"},\"thumbnailUrl\":\"https:\\\/\\\/www.integralpro.com.co\\\/wp-content\\\/uploads\\\/2021\\\/02\\\/0ee909497275105aba36f7124c4c5e86.jpg\",\"datePublished\":\"2021-02-19T19:59:31+00:00\",\"dateModified\":\"2021-02-19T20:00:09+00:00\",\"breadcrumb\":{\"@id\":\"https:\\\/\\\/www.integralpro.com.co\\\/index.php\\\/producto\\\/teclado-smart-tv-k600-logitech-bluetooth\\\/#breadcrumb\"},\"inLanguage\":\"es\",\"potentialAction\":[{\"@type\":\"ReadAction\",\"target\":[\"https:\\\/\\\/www.integralpro.com.co\\\/index.php\\\/producto\\\/teclado-smart-tv-k600-logitech-bluetooth\\\/\"]}]},{\"@type\":\"ImageObject\",\"inLanguage\":\"es\",\"@id\":\"https:\\\/\\\/www.integralpro.com.co\\\/index.php\\\/producto\\\/teclado-smart-tv-k600-logitech-bluetooth\\\/#primaryimage\",\"url\":\"https:\\\/\\\/www.integralpro.com.co\\\/wp-content\\\/uploads\\\/2021\\\/02\\\/0ee909497275105aba36f7124c4c5e86.jpg\",\"contentUrl\":\"https:\\\/\\\/www.integralpro.com.co\\\/wp-content\\\/uploads\\\/2021\\\/02\\\/0ee909497275105aba36f7124c4c5e86.jpg\",\"width\":800,\"height\":800},{\"@type\":\"BreadcrumbList\",\"@id\":\"https:\\\/\\\/www.integralpro.com.co\\\/index.php\\\/producto\\\/teclado-smart-tv-k600-logitech-bluetooth\\\/#breadcrumb\",\"itemListElement\":[{\"@type\":\"ListItem\",\"position\":1,\"name\":\"Portada\",\"item\":\"https:\\\/\\\/www.integralpro.com.co\\\/\"},{\"@type\":\"ListItem\",\"position\":2,\"name\":\"Tienda\",\"item\":\"https:\\\/\\\/www.integralpro.com.co\\\/index.php\\\/tienda\\\/\"},{\"@type\":\"ListItem\",\"position\":3,\"name\":\"Teclado Smart Tv K600 Logitech Bluetooth\"}]},{\"@type\":\"WebSite\",\"@id\":\"https:\\\/\\\/www.integralpro.com.co\\\/#website\",\"url\":\"https:\\\/\\\/www.integralpro.com.co\\\/\",\"name\":\"IntegralPro\",\"description\":\"Tienda de Tecnolog\u00eda en L\u00ednea\",\"publisher\":{\"@id\":\"https:\\\/\\\/www.integralpro.com.co\\\/#organization\"},\"potentialAction\":[{\"@type\":\"SearchAction\",\"target\":{\"@type\":\"EntryPoint\",\"urlTemplate\":\"https:\\\/\\\/www.integralpro.com.co\\\/?s={search_term_string}\"},\"query-input\":{\"@type\":\"PropertyValueSpecification\",\"valueRequired\":true,\"valueName\":\"search_term_string\"}}],\"inLanguage\":\"es\"},{\"@type\":\"Organization\",\"@id\":\"https:\\\/\\\/www.integralpro.com.co\\\/#organization\",\"name\":\"IntegralPro SAS\",\"url\":\"https:\\\/\\\/www.integralpro.com.co\\\/\",\"logo\":{\"@type\":\"ImageObject\",\"inLanguage\":\"es\",\"@id\":\"https:\\\/\\\/www.integralpro.com.co\\\/#\\\/schema\\\/logo\\\/image\\\/\",\"url\":\"https:\\\/\\\/www.integralpro.com.co\\\/wp-content\\\/uploads\\\/2021\\\/02\\\/logo-def.jpg\",\"contentUrl\":\"https:\\\/\\\/www.integralpro.com.co\\\/wp-content\\\/uploads\\\/2021\\\/02\\\/logo-def.jpg\",\"width\":238,\"height\":234,\"caption\":\"IntegralPro SAS\"},\"image\":{\"@id\":\"https:\\\/\\\/www.integralpro.com.co\\\/#\\\/schema\\\/logo\\\/image\\\/\"}}]}<\/script>\n<!-- \/ Yoast SEO plugin. -->","yoast_head_json":{"title":"Teclado Smart Tv K600 Logitech Bluetooth - IntegralPro","robots":{"index":"index","follow":"follow","max-snippet":"max-snippet:-1","max-image-preview":"max-image-preview:large","max-video-preview":"max-video-preview:-1"},"canonical":"https:\/\/www.integralpro.com.co\/index.php\/producto\/teclado-smart-tv-k600-logitech-bluetooth\/","og_locale":"es_ES","og_type":"article","og_title":"Teclado Smart Tv K600 Logitech Bluetooth - IntegralPro","og_description":"# DE PARTE:920-008824","og_url":"https:\/\/www.integralpro.com.co\/index.php\/producto\/teclado-smart-tv-k600-logitech-bluetooth\/","og_site_name":"IntegralPro","article_modified_time":"2021-02-19T20:00:09+00:00","og_image":[{"width":800,"height":800,"url":"https:\/\/www.integralpro.com.co\/wp-content\/uploads\/2021\/02\/0ee909497275105aba36f7124c4c5e86.jpg","type":"image\/jpeg"}],"twitter_card":"summary_large_image","twitter_misc":{"Tiempo de lectura":"2 minutos"},"schema":{"@context":"https:\/\/schema.org","@graph":[{"@type":"WebPage","@id":"https:\/\/www.integralpro.com.co\/index.php\/producto\/teclado-smart-tv-k600-logitech-bluetooth\/","url":"https:\/\/www.integralpro.com.co\/index.php\/producto\/teclado-smart-tv-k600-logitech-bluetooth\/","name":"Teclado Smart Tv K600 Logitech Bluetooth - IntegralPro","isPartOf":{"@id":"https:\/\/www.integralpro.com.co\/#website"},"primaryImageOfPage":{"@id":"https:\/\/www.integralpro.com.co\/index.php\/producto\/teclado-smart-tv-k600-logitech-bluetooth\/#primaryimage"},"image":{"@id":"https:\/\/www.integralpro.com.co\/index.php\/producto\/teclado-smart-tv-k600-logitech-bluetooth\/#primaryimage"},"thumbnailUrl":"https:\/\/www.integralpro.com.co\/wp-content\/uploads\/2021\/02\/0ee909497275105aba36f7124c4c5e86.jpg","datePublished":"2021-02-19T19:59:31+00:00","dateModified":"2021-02-19T20:00:09+00:00","breadcrumb":{"@id":"https:\/\/www.integralpro.com.co\/index.php\/producto\/teclado-smart-tv-k600-logitech-bluetooth\/#breadcrumb"},"inLanguage":"es","potentialAction":[{"@type":"ReadAction","target":["https:\/\/www.integralpro.com.co\/index.php\/producto\/teclado-smart-tv-k600-logitech-bluetooth\/"]}]},{"@type":"ImageObject","inLanguage":"es","@id":"https:\/\/www.integralpro.com.co\/index.php\/producto\/teclado-smart-tv-k600-logitech-bluetooth\/#primaryimage","url":"https:\/\/www.integralpro.com.co\/wp-content\/uploads\/2021\/02\/0ee909497275105aba36f7124c4c5e86.jpg","contentUrl":"https:\/\/www.integralpro.com.co\/wp-content\/uploads\/2021\/02\/0ee909497275105aba36f7124c4c5e86.jpg","width":800,"height":800},{"@type":"BreadcrumbList","@id":"https:\/\/www.integralpro.com.co\/index.php\/producto\/teclado-smart-tv-k600-logitech-bluetooth\/#breadcrumb","itemListElement":[{"@type":"ListItem","position":1,"name":"Portada","item":"https:\/\/www.integralpro.com.co\/"},{"@type":"ListItem","position":2,"name":"Tienda","item":"https:\/\/www.integralpro.com.co\/index.php\/tienda\/"},{"@type":"ListItem","position":3,"name":"Teclado Smart Tv K600 Logitech Bluetooth"}]},{"@type":"WebSite","@id":"https:\/\/www.integralpro.com.co\/#website","url":"https:\/\/www.integralpro.com.co\/","name":"IntegralPro","description":"Tienda de Tecnolog\u00eda en L\u00ednea","publisher":{"@id":"https:\/\/www.integralpro.com.co\/#organization"},"potentialAction":[{"@type":"SearchAction","target":{"@type":"EntryPoint","urlTemplate":"https:\/\/www.integralpro.com.co\/?s={search_term_string}"},"query-input":{"@type":"PropertyValueSpecification","valueRequired":true,"valueName":"search_term_string"}}],"inLanguage":"es"},{"@type":"Organization","@id":"https:\/\/www.integralpro.com.co\/#organization","name":"IntegralPro SAS","url":"https:\/\/www.integralpro.com.co\/","logo":{"@type":"ImageObject","inLanguage":"es","@id":"https:\/\/www.integralpro.com.co\/#\/schema\/logo\/image\/","url":"https:\/\/www.integralpro.com.co\/wp-content\/uploads\/2021\/02\/logo-def.jpg","contentUrl":"https:\/\/www.integralpro.com.co\/wp-content\/uploads\/2021\/02\/logo-def.jpg","width":238,"height":234,"caption":"IntegralPro SAS"},"image":{"@id":"https:\/\/www.integralpro.com.co\/#\/schema\/logo\/image\/"}}]}},"_links":{"self":[{"href":"https:\/\/www.integralpro.com.co\/index.php\/wp-json\/wp\/v2\/product\/2788","targetHints":{"allow":["GET"]}}],"collection":[{"href":"https:\/\/www.integralpro.com.co\/index.php\/wp-json\/wp\/v2\/product"}],"about":[{"href":"https:\/\/www.integralpro.com.co\/index.php\/wp-json\/wp\/v2\/types\/product"}],"version-history":[{"count":1,"href":"https:\/\/www.integralpro.com.co\/index.php\/wp-json\/wp\/v2\/product\/2788\/revisions"}],"predecessor-version":[{"id":2857,"href":"https:\/\/www.integralpro.com.co\/index.php\/wp-json\/wp\/v2\/product\/2788\/revisions\/2857"}],"wp:featuredmedia":[{"embeddable":true,"href":"https:\/\/www.integralpro.com.co\/index.php\/wp-json\/wp\/v2\/media\/2856"}],"wp:attachment":[{"href":"https:\/\/www.integralpro.com.co\/index.php\/wp-json\/wp\/v2\/media?parent=2788"}],"wp:term":[{"taxonomy":"product_brand","embeddable":true,"href":"https:\/\/www.integralpro.com.co\/index.php\/wp-json\/wp\/v2\/product_brand?post=2788"},{"taxonomy":"product_cat","embeddable":true,"href":"https:\/\/www.integralpro.com.co\/index.php\/wp-json\/wp\/v2\/product_cat?post=2788"},{"taxonomy":"product_tag","embeddable":true,"href":"https:\/\/www.integralpro.com.co\/index.php\/wp-json\/wp\/v2\/product_tag?post=2788"}],"curies":[{"name":"wp","href":"https:\/\/api.w.org\/{rel}","templated":true}]}}