{"id":2784,"date":"2021-02-19T14:59:31","date_gmt":"2021-02-19T19:59:31","guid":{"rendered":"https:\/\/www.integralpro.com.co\/index.php\/producto\/import-placeholder-for-1390\/"},"modified":"2021-02-19T15:00:04","modified_gmt":"2021-02-19T20:00:04","slug":"tablet-galaxy-tab-a-10-1-wifi-2019-32gb-ram-2gb-10pul-plata","status":"publish","type":"product","link":"https:\/\/www.integralpro.com.co\/index.php\/producto\/tablet-galaxy-tab-a-10-1-wifi-2019-32gb-ram-2gb-10pul-plata\/","title":{"rendered":"Tablet Galaxy Tab A 10.1 Wifi 2019 32Gb Ram 2Gb 10Pul Plata"},"content":{"rendered":"<p>La Tableta Galaxy Tab A 10.1 (2019), 32GB, Negro (Wi-Fi) con <br \/>un dise\u00f1o muy moderno Bisel m\u00ednimo M\u00e1xima vista. Mire, transmita y navegue en <br \/>una pantalla de esquina a esquina Full HD de 10.1 \u00ab.<\/p>\n<p><\/p>\n<p><strong>Entretenimiento para todos<\/strong><\/p>\n<p><\/p>\n<p>Lleva la experiencia cinematogr\u00e1fica a casa con un Galaxy Tab <br \/>A 10.1 \u00abde pantalla ancha que ofrece entretenimiento que toda la familia puede <br \/>disfrutar. Siente c\u00f3mo la acci\u00f3n cobra vida a tu alrededor con el envolvente <br \/>sonido Dolby Atmos. Navega, compra o disfruta durante horas con una duraci\u00f3n <br \/>duradera bater\u00eda, adem\u00e1s, haga espacio para todos sus favoritos con <br \/>almacenamiento expandible.<\/p>\n<p><\/p>\n<p><strong>Bisel m\u00ednimo M\u00e1xima vista.<\/strong><\/p>\n<p><\/p>\n<p>Mire, transmita y navegue en una pantalla de esquina a esquina <br \/>Full HD de 10.1 \u00ab. El dise\u00f1o de metal premium liviano le acompa\u00f1a a donde quiera <br \/>que vaya.<\/p>\n<p><\/p>\n<p><strong>Gran sonido para un gran entretenimiento.<\/strong><\/p>\n<p><\/p>\n<p>El complemento perfecto para una imagen amplia e inmersiva, el <br \/>sonido envolvente Dolby Atmos llena la sala de claridad cinematogr\u00e1fica.<\/p>\n<p><\/p>\n<p><strong>Espacio para todo<\/strong><\/p>\n<p><\/p>\n<p>Nunca elimine canciones, fotos o videos, gracias a la amplia <br \/>memoria incorporada. Adem\u00e1s, ampl\u00ede su almacenamiento hasta 512 GB en cualquier <br \/>momento con una tarjeta microSD.<\/p>\n<p><\/p>\n<p><strong>Mantenga a sus seres queridos conectados<\/strong><\/p>\n<p><\/p>\n<p>Family Share le permite vincular hasta seis cuentas <br \/>individuales a un grupo para que pueda realizar un seguimiento de los horarios, <br \/>dejar mensajes importantes, configurar recordatorios y compartir fotos.<\/p>\n<p><\/p>\n<p><strong>Captura y conecta<\/strong><\/p>\n<p><\/p>\n<p>Capture el momento perfectamente con una c\u00e1mara frontal de 5MP <br \/>y la c\u00e1mara trasera de 8MP con enfoque autom\u00e1tico.<\/p>\n<p><\/p>\n<p><strong>Amigable para ni\u00f1os. Aprobado por los padres.<\/strong><\/p>\n<p><\/p>\n<p>Con Samsung Kids, puede controlar el tiempo de pantalla de los <br \/>ni\u00f1os y a qu\u00e9 acceden. Con solo deslizar el dedo, los ni\u00f1os pasan tiempo <br \/>aprendiendo con personajes de dibujos animados populares, sin anuncios ni <br \/>compras inapropiadas necesarias.<\/p>\n<p><\/p>\n<p><strong>Especificaciones T\u00e9cnicas<\/strong><\/p>\n<p><\/p>\n<p>Dimensiones:<span>&nbsp;24.5 x 1 x 14.9 cm<\/span><\/p>\n<p>Peso: 469gr<\/p>\n<p>OS OS Android P <\/p>\n<p>Procesador Velocidad del procesador, tipo Octa Core (Dual 1.8GB + Hexa 1.6GHz) <br \/>Lassen O + (Exynos 7904A)<\/p>\n<p>C\u00e1mara Resoluci\u00f3n de la c\u00e1mara (frontal) 5.0 MP <\/p>\n<p>Resoluci\u00f3n de la c\u00e1mara (trasera) 8.0 MP <\/p>\n<p>Resoluci\u00f3n de grabaci\u00f3n de video FHD (1920 x 1080) 30 fps<\/p>\n<p>Monitor Resoluci\u00f3n de pantalla principal 1920 x 1200 (WUXGA) <\/p>\n<p>Tama\u00f1o de pantalla principal 10.1 \u00ab(255.4 mm) Tecnolog\u00eda de pantalla principal <br \/>TFT<\/p>\n<p>Memoria Memoria interna 2 GB (RAM) + 32 GB Capacidad de memoria externa \/ <br \/>microSD MicroSD (hasta 512 GB)<\/p>\n<p>Conectividad Wifi 802.11 a \/ b \/ g \/ n \/ ac 2.4G + 5GHz, VHT80 USB USB 2.0 <br \/>Bluetooth Bluetooth v5.0 (LE hasta 2 Mbps)<\/p>\n<p>ANT + S\u00ed <\/p>\n<p>Dos Altavoces<\/p>\n<p>Perfiles de Bluetooth A2DP, AVRCP, DI, HFP, HID, HOGP, HSP, MAP, OPP, PAN, PBAP <\/p>\n<p>TTecnolog\u00eda de localizaci\u00f3n GPS, Glonass, Beidou<\/p>\n<p>V\u00eddeo Formato de reproducci\u00f3n de video MP4, M4V, 3GP, 3G2, WMV, ASF, AVI, FLV, <br \/>MKV, WEBM <\/p>\n<p>Resoluci\u00f3n de reproducci\u00f3n de video UHD 4K (3840 x 2160) @ 30 fps<\/p>\n<p>Bater\u00eda Tipo y tama\u00f1o de bater\u00eda Li-Ion 6.150mAh br><br \/>Tiempo de reproducci\u00f3n de m\u00fasica Hasta 128 <\/p>\n<p>Video Play Time Hasta 13<\/p>\n<p>Color Plata<\/p>\n<p><\/p>\n<p><strong>Contenido del Paquete<\/strong><\/p>\n<p><\/p>\n<p>Tableta &#8211; Cargador &#8211; Documentaci\u00f3n<\/p>\n","protected":false},"excerpt":{"rendered":"<p># DE PARTE:SM-T510NZSLCOO<\/p>\n","protected":false},"featured_media":2848,"template":"","meta":{"site-sidebar-layout":"default","site-content-layout":"","ast-site-content-layout":"default","site-content-style":"default","site-sidebar-style":"default","ast-global-header-display":"","ast-banner-title-visibility":"","ast-main-header-display":"","ast-hfb-above-header-display":"","ast-hfb-below-header-display":"","ast-hfb-mobile-header-display":"","site-post-title":"","ast-breadcrumbs-content":"","ast-featured-img":"","footer-sml-layout":"","ast-disable-related-posts":"","theme-transparent-header-meta":"","adv-header-id-meta":"","stick-header-meta":"","header-above-stick-meta":"","header-main-stick-meta":"","header-below-stick-meta":"","astra-migrate-meta-layouts":"default","ast-page-background-enabled":"default","ast-page-background-meta":{"desktop":{"background-color":"var(--ast-global-color-4)","background-image":"","background-repeat":"repeat","background-position":"center center","background-size":"auto","background-attachment":"scroll","background-type":"","background-media":"","overlay-type":"","overlay-color":"","overlay-opacity":"","overlay-gradient":""},"tablet":{"background-color":"","background-image":"","background-repeat":"repeat","background-position":"center center","background-size":"auto","background-attachment":"scroll","background-type":"","background-media":"","overlay-type":"","overlay-color":"","overlay-opacity":"","overlay-gradient":""},"mobile":{"background-color":"","background-image":"","background-repeat":"repeat","background-position":"center center","background-size":"auto","background-attachment":"scroll","background-type":"","background-media":"","overlay-type":"","overlay-color":"","overlay-opacity":"","overlay-gradient":""}},"ast-content-background-meta":{"desktop":{"background-color":"var(--ast-global-color-5)","background-image":"","background-repeat":"repeat","background-position":"center center","background-size":"auto","background-attachment":"scroll","background-type":"","background-media":"","overlay-type":"","overlay-color":"","overlay-opacity":"","overlay-gradient":""},"tablet":{"background-color":"var(--ast-global-color-5)","background-image":"","background-repeat":"repeat","background-position":"center center","background-size":"auto","background-attachment":"scroll","background-type":"","background-media":"","overlay-type":"","overlay-color":"","overlay-opacity":"","overlay-gradient":""},"mobile":{"background-color":"var(--ast-global-color-5)","background-image":"","background-repeat":"repeat","background-position":"center center","background-size":"auto","background-attachment":"scroll","background-type":"","background-media":"","overlay-type":"","overlay-color":"","overlay-opacity":"","overlay-gradient":""}}},"product_brand":[],"product_cat":[53,60,147,115],"product_tag":[44],"class_list":{"0":"post-2784","1":"product","2":"type-product","3":"status-publish","4":"has-post-thumbnail","6":"product_cat-celulares-y-tablets","7":"product_cat-portatiles","8":"product_cat-tablet","9":"product_cat-tablets","10":"product_tag-samsung","11":"desktop-align-left","12":"tablet-align-left","13":"mobile-align-left","15":"first","16":"instock","17":"taxable","18":"shipping-taxable","19":"product-type-simple"},"yoast_head":"<!-- This site is optimized with the Yoast SEO plugin v27.4 - https:\/\/yoast.com\/product\/yoast-seo-wordpress\/ -->\n<title>Tablet Galaxy Tab A 10.1 Wifi 2019 32Gb Ram 2Gb 10Pul Plata - IntegralPro<\/title>\n<meta name=\"robots\" content=\"index, follow, max-snippet:-1, max-image-preview:large, max-video-preview:-1\" \/>\n<link rel=\"canonical\" href=\"https:\/\/www.integralpro.com.co\/index.php\/producto\/tablet-galaxy-tab-a-10-1-wifi-2019-32gb-ram-2gb-10pul-plata\/\" \/>\n<meta property=\"og:locale\" content=\"es_ES\" \/>\n<meta property=\"og:type\" content=\"article\" \/>\n<meta property=\"og:title\" content=\"Tablet Galaxy Tab A 10.1 Wifi 2019 32Gb Ram 2Gb 10Pul Plata - IntegralPro\" \/>\n<meta property=\"og:description\" content=\"# DE PARTE:SM-T510NZSLCOO\" \/>\n<meta property=\"og:url\" content=\"https:\/\/www.integralpro.com.co\/index.php\/producto\/tablet-galaxy-tab-a-10-1-wifi-2019-32gb-ram-2gb-10pul-plata\/\" \/>\n<meta property=\"og:site_name\" content=\"IntegralPro\" \/>\n<meta property=\"article:modified_time\" content=\"2021-02-19T20:00:04+00:00\" \/>\n<meta property=\"og:image\" content=\"https:\/\/www.integralpro.com.co\/wp-content\/uploads\/2021\/02\/4757fd3fd061452653d3d071f427bd5f.jpg\" \/>\n\t<meta property=\"og:image:width\" content=\"800\" \/>\n\t<meta property=\"og:image:height\" content=\"800\" \/>\n\t<meta property=\"og:image:type\" content=\"image\/jpeg\" \/>\n<meta name=\"twitter:card\" content=\"summary_large_image\" \/>\n<meta name=\"twitter:label1\" content=\"Tiempo de lectura\" \/>\n\t<meta name=\"twitter:data1\" content=\"2 minutos\" \/>\n<script type=\"application\/ld+json\" class=\"yoast-schema-graph\">{\"@context\":\"https:\\\/\\\/schema.org\",\"@graph\":[{\"@type\":\"WebPage\",\"@id\":\"https:\\\/\\\/www.integralpro.com.co\\\/index.php\\\/producto\\\/tablet-galaxy-tab-a-10-1-wifi-2019-32gb-ram-2gb-10pul-plata\\\/\",\"url\":\"https:\\\/\\\/www.integralpro.com.co\\\/index.php\\\/producto\\\/tablet-galaxy-tab-a-10-1-wifi-2019-32gb-ram-2gb-10pul-plata\\\/\",\"name\":\"Tablet Galaxy Tab A 10.1 Wifi 2019 32Gb Ram 2Gb 10Pul Plata - IntegralPro\",\"isPartOf\":{\"@id\":\"https:\\\/\\\/www.integralpro.com.co\\\/#website\"},\"primaryImageOfPage\":{\"@id\":\"https:\\\/\\\/www.integralpro.com.co\\\/index.php\\\/producto\\\/tablet-galaxy-tab-a-10-1-wifi-2019-32gb-ram-2gb-10pul-plata\\\/#primaryimage\"},\"image\":{\"@id\":\"https:\\\/\\\/www.integralpro.com.co\\\/index.php\\\/producto\\\/tablet-galaxy-tab-a-10-1-wifi-2019-32gb-ram-2gb-10pul-plata\\\/#primaryimage\"},\"thumbnailUrl\":\"https:\\\/\\\/www.integralpro.com.co\\\/wp-content\\\/uploads\\\/2021\\\/02\\\/4757fd3fd061452653d3d071f427bd5f.jpg\",\"datePublished\":\"2021-02-19T19:59:31+00:00\",\"dateModified\":\"2021-02-19T20:00:04+00:00\",\"breadcrumb\":{\"@id\":\"https:\\\/\\\/www.integralpro.com.co\\\/index.php\\\/producto\\\/tablet-galaxy-tab-a-10-1-wifi-2019-32gb-ram-2gb-10pul-plata\\\/#breadcrumb\"},\"inLanguage\":\"es\",\"potentialAction\":[{\"@type\":\"ReadAction\",\"target\":[\"https:\\\/\\\/www.integralpro.com.co\\\/index.php\\\/producto\\\/tablet-galaxy-tab-a-10-1-wifi-2019-32gb-ram-2gb-10pul-plata\\\/\"]}]},{\"@type\":\"ImageObject\",\"inLanguage\":\"es\",\"@id\":\"https:\\\/\\\/www.integralpro.com.co\\\/index.php\\\/producto\\\/tablet-galaxy-tab-a-10-1-wifi-2019-32gb-ram-2gb-10pul-plata\\\/#primaryimage\",\"url\":\"https:\\\/\\\/www.integralpro.com.co\\\/wp-content\\\/uploads\\\/2021\\\/02\\\/4757fd3fd061452653d3d071f427bd5f.jpg\",\"contentUrl\":\"https:\\\/\\\/www.integralpro.com.co\\\/wp-content\\\/uploads\\\/2021\\\/02\\\/4757fd3fd061452653d3d071f427bd5f.jpg\",\"width\":800,\"height\":800},{\"@type\":\"BreadcrumbList\",\"@id\":\"https:\\\/\\\/www.integralpro.com.co\\\/index.php\\\/producto\\\/tablet-galaxy-tab-a-10-1-wifi-2019-32gb-ram-2gb-10pul-plata\\\/#breadcrumb\",\"itemListElement\":[{\"@type\":\"ListItem\",\"position\":1,\"name\":\"Portada\",\"item\":\"https:\\\/\\\/www.integralpro.com.co\\\/\"},{\"@type\":\"ListItem\",\"position\":2,\"name\":\"Tienda\",\"item\":\"https:\\\/\\\/www.integralpro.com.co\\\/index.php\\\/tienda\\\/\"},{\"@type\":\"ListItem\",\"position\":3,\"name\":\"Tablet Galaxy Tab A 10.1 Wifi 2019 32Gb Ram 2Gb 10Pul Plata\"}]},{\"@type\":\"WebSite\",\"@id\":\"https:\\\/\\\/www.integralpro.com.co\\\/#website\",\"url\":\"https:\\\/\\\/www.integralpro.com.co\\\/\",\"name\":\"IntegralPro\",\"description\":\"Tienda de Tecnolog\u00eda en L\u00ednea\",\"publisher\":{\"@id\":\"https:\\\/\\\/www.integralpro.com.co\\\/#organization\"},\"potentialAction\":[{\"@type\":\"SearchAction\",\"target\":{\"@type\":\"EntryPoint\",\"urlTemplate\":\"https:\\\/\\\/www.integralpro.com.co\\\/?s={search_term_string}\"},\"query-input\":{\"@type\":\"PropertyValueSpecification\",\"valueRequired\":true,\"valueName\":\"search_term_string\"}}],\"inLanguage\":\"es\"},{\"@type\":\"Organization\",\"@id\":\"https:\\\/\\\/www.integralpro.com.co\\\/#organization\",\"name\":\"IntegralPro SAS\",\"url\":\"https:\\\/\\\/www.integralpro.com.co\\\/\",\"logo\":{\"@type\":\"ImageObject\",\"inLanguage\":\"es\",\"@id\":\"https:\\\/\\\/www.integralpro.com.co\\\/#\\\/schema\\\/logo\\\/image\\\/\",\"url\":\"https:\\\/\\\/www.integralpro.com.co\\\/wp-content\\\/uploads\\\/2021\\\/02\\\/logo-def.jpg\",\"contentUrl\":\"https:\\\/\\\/www.integralpro.com.co\\\/wp-content\\\/uploads\\\/2021\\\/02\\\/logo-def.jpg\",\"width\":238,\"height\":234,\"caption\":\"IntegralPro SAS\"},\"image\":{\"@id\":\"https:\\\/\\\/www.integralpro.com.co\\\/#\\\/schema\\\/logo\\\/image\\\/\"}}]}<\/script>\n<!-- \/ Yoast SEO plugin. -->","yoast_head_json":{"title":"Tablet Galaxy Tab A 10.1 Wifi 2019 32Gb Ram 2Gb 10Pul Plata - IntegralPro","robots":{"index":"index","follow":"follow","max-snippet":"max-snippet:-1","max-image-preview":"max-image-preview:large","max-video-preview":"max-video-preview:-1"},"canonical":"https:\/\/www.integralpro.com.co\/index.php\/producto\/tablet-galaxy-tab-a-10-1-wifi-2019-32gb-ram-2gb-10pul-plata\/","og_locale":"es_ES","og_type":"article","og_title":"Tablet Galaxy Tab A 10.1 Wifi 2019 32Gb Ram 2Gb 10Pul Plata - IntegralPro","og_description":"# DE PARTE:SM-T510NZSLCOO","og_url":"https:\/\/www.integralpro.com.co\/index.php\/producto\/tablet-galaxy-tab-a-10-1-wifi-2019-32gb-ram-2gb-10pul-plata\/","og_site_name":"IntegralPro","article_modified_time":"2021-02-19T20:00:04+00:00","og_image":[{"width":800,"height":800,"url":"https:\/\/www.integralpro.com.co\/wp-content\/uploads\/2021\/02\/4757fd3fd061452653d3d071f427bd5f.jpg","type":"image\/jpeg"}],"twitter_card":"summary_large_image","twitter_misc":{"Tiempo de lectura":"2 minutos"},"schema":{"@context":"https:\/\/schema.org","@graph":[{"@type":"WebPage","@id":"https:\/\/www.integralpro.com.co\/index.php\/producto\/tablet-galaxy-tab-a-10-1-wifi-2019-32gb-ram-2gb-10pul-plata\/","url":"https:\/\/www.integralpro.com.co\/index.php\/producto\/tablet-galaxy-tab-a-10-1-wifi-2019-32gb-ram-2gb-10pul-plata\/","name":"Tablet Galaxy Tab A 10.1 Wifi 2019 32Gb Ram 2Gb 10Pul Plata - IntegralPro","isPartOf":{"@id":"https:\/\/www.integralpro.com.co\/#website"},"primaryImageOfPage":{"@id":"https:\/\/www.integralpro.com.co\/index.php\/producto\/tablet-galaxy-tab-a-10-1-wifi-2019-32gb-ram-2gb-10pul-plata\/#primaryimage"},"image":{"@id":"https:\/\/www.integralpro.com.co\/index.php\/producto\/tablet-galaxy-tab-a-10-1-wifi-2019-32gb-ram-2gb-10pul-plata\/#primaryimage"},"thumbnailUrl":"https:\/\/www.integralpro.com.co\/wp-content\/uploads\/2021\/02\/4757fd3fd061452653d3d071f427bd5f.jpg","datePublished":"2021-02-19T19:59:31+00:00","dateModified":"2021-02-19T20:00:04+00:00","breadcrumb":{"@id":"https:\/\/www.integralpro.com.co\/index.php\/producto\/tablet-galaxy-tab-a-10-1-wifi-2019-32gb-ram-2gb-10pul-plata\/#breadcrumb"},"inLanguage":"es","potentialAction":[{"@type":"ReadAction","target":["https:\/\/www.integralpro.com.co\/index.php\/producto\/tablet-galaxy-tab-a-10-1-wifi-2019-32gb-ram-2gb-10pul-plata\/"]}]},{"@type":"ImageObject","inLanguage":"es","@id":"https:\/\/www.integralpro.com.co\/index.php\/producto\/tablet-galaxy-tab-a-10-1-wifi-2019-32gb-ram-2gb-10pul-plata\/#primaryimage","url":"https:\/\/www.integralpro.com.co\/wp-content\/uploads\/2021\/02\/4757fd3fd061452653d3d071f427bd5f.jpg","contentUrl":"https:\/\/www.integralpro.com.co\/wp-content\/uploads\/2021\/02\/4757fd3fd061452653d3d071f427bd5f.jpg","width":800,"height":800},{"@type":"BreadcrumbList","@id":"https:\/\/www.integralpro.com.co\/index.php\/producto\/tablet-galaxy-tab-a-10-1-wifi-2019-32gb-ram-2gb-10pul-plata\/#breadcrumb","itemListElement":[{"@type":"ListItem","position":1,"name":"Portada","item":"https:\/\/www.integralpro.com.co\/"},{"@type":"ListItem","position":2,"name":"Tienda","item":"https:\/\/www.integralpro.com.co\/index.php\/tienda\/"},{"@type":"ListItem","position":3,"name":"Tablet Galaxy Tab A 10.1 Wifi 2019 32Gb Ram 2Gb 10Pul Plata"}]},{"@type":"WebSite","@id":"https:\/\/www.integralpro.com.co\/#website","url":"https:\/\/www.integralpro.com.co\/","name":"IntegralPro","description":"Tienda de Tecnolog\u00eda en L\u00ednea","publisher":{"@id":"https:\/\/www.integralpro.com.co\/#organization"},"potentialAction":[{"@type":"SearchAction","target":{"@type":"EntryPoint","urlTemplate":"https:\/\/www.integralpro.com.co\/?s={search_term_string}"},"query-input":{"@type":"PropertyValueSpecification","valueRequired":true,"valueName":"search_term_string"}}],"inLanguage":"es"},{"@type":"Organization","@id":"https:\/\/www.integralpro.com.co\/#organization","name":"IntegralPro SAS","url":"https:\/\/www.integralpro.com.co\/","logo":{"@type":"ImageObject","inLanguage":"es","@id":"https:\/\/www.integralpro.com.co\/#\/schema\/logo\/image\/","url":"https:\/\/www.integralpro.com.co\/wp-content\/uploads\/2021\/02\/logo-def.jpg","contentUrl":"https:\/\/www.integralpro.com.co\/wp-content\/uploads\/2021\/02\/logo-def.jpg","width":238,"height":234,"caption":"IntegralPro SAS"},"image":{"@id":"https:\/\/www.integralpro.com.co\/#\/schema\/logo\/image\/"}}]}},"_links":{"self":[{"href":"https:\/\/www.integralpro.com.co\/index.php\/wp-json\/wp\/v2\/product\/2784","targetHints":{"allow":["GET"]}}],"collection":[{"href":"https:\/\/www.integralpro.com.co\/index.php\/wp-json\/wp\/v2\/product"}],"about":[{"href":"https:\/\/www.integralpro.com.co\/index.php\/wp-json\/wp\/v2\/types\/product"}],"version-history":[{"count":1,"href":"https:\/\/www.integralpro.com.co\/index.php\/wp-json\/wp\/v2\/product\/2784\/revisions"}],"predecessor-version":[{"id":2849,"href":"https:\/\/www.integralpro.com.co\/index.php\/wp-json\/wp\/v2\/product\/2784\/revisions\/2849"}],"wp:featuredmedia":[{"embeddable":true,"href":"https:\/\/www.integralpro.com.co\/index.php\/wp-json\/wp\/v2\/media\/2848"}],"wp:attachment":[{"href":"https:\/\/www.integralpro.com.co\/index.php\/wp-json\/wp\/v2\/media?parent=2784"}],"wp:term":[{"taxonomy":"product_brand","embeddable":true,"href":"https:\/\/www.integralpro.com.co\/index.php\/wp-json\/wp\/v2\/product_brand?post=2784"},{"taxonomy":"product_cat","embeddable":true,"href":"https:\/\/www.integralpro.com.co\/index.php\/wp-json\/wp\/v2\/product_cat?post=2784"},{"taxonomy":"product_tag","embeddable":true,"href":"https:\/\/www.integralpro.com.co\/index.php\/wp-json\/wp\/v2\/product_tag?post=2784"}],"curies":[{"name":"wp","href":"https:\/\/api.w.org\/{rel}","templated":true}]}}