{"id":2525,"date":"2021-02-19T14:56:56","date_gmt":"2021-02-19T19:56:56","guid":{"rendered":"https:\/\/www.integralpro.com.co\/index.php\/producto\/import-placeholder-for-1308\/"},"modified":"2021-02-19T14:57:42","modified_gmt":"2021-02-19T19:57:42","slug":"switch-tplink-tl-sf1048-48-puertos-rj45-10-100-para-racks","status":"publish","type":"product","link":"https:\/\/www.integralpro.com.co\/index.php\/producto\/switch-tplink-tl-sf1048-48-puertos-rj45-10-100-para-racks\/","title":{"rendered":"Switch Tplink Tl-Sf1048 48 Puertos Rj45 10 100 Para Racks"},"content":{"rendered":"<p>Switch TPLink Para Racks Tl Sf1048 <br \/>negro. 48 puertos RJ45 10\/100 Mbps.<br \/>Innovadora tecnolog\u00eda de eficiencia energ\u00e9tica para ahorrar energ\u00eda hasta un 50%.<br \/>Es compatible con direcci\u00f3n MAC auto-aprendizaje y auto MDI \/ MDIX.<br \/>Est\u00e1ndar de montaje en rack caja de acero de 19 pulgadas <\/p>\n<p><\/p>\n<p><strong>\u00bfQu\u00e9 hace este producto?<\/strong><\/p>\n<p><\/p>\n<p>El Switch para Montaje en Rack de 48 puertos 10 \/ 100Mbps TL-SF1048 le proporciona un alto rendimiento, con bajo costo, f\u00e1cil de usar, sin fisuras y actualizado seg\u00fan el est\u00e1ndar para mejorar su antigua red a 100Mbps. Los 48 puertos soportan auto MDI \/ MDIX, no hay necesidad de preocuparse por el tipo de cable, simplemente conectar y listo. Por otra parte, con la innovadora tecnolog\u00eda de eficiencia energ\u00e9tica, el TL-SF1048 puede ahorrar hasta un 75%* del consumo de energ\u00eda y el 80% del material de embalaje puede ser reciclado, por lo que es una soluci\u00f3n ecol\u00f3gica para su red de <br \/>negocios.<\/p>\n<p><\/p>\n<p><strong>Tecnolog\u00eda Ecol\u00f3gica de TPLink<\/strong><\/p>\n<p><\/p>\n<p>La nueva generaci\u00f3n del Switch de 48 puertos 10 \/ 100Mbps TL-SF1048 cuenta con las \u00faltimas tecnolog\u00edas de eficiencia energ\u00e9tica innovadoras que pueden ampliar en gran medida su capacidad de red con mucho menos consumo. Se ajusta autom\u00e1ticamente el consumo de energ\u00eda de acuerdo con el estado del enlace y la longitud del cable para limitar la huella de carbono de su red. Tambi\u00e9n cumple con la normativa de RoHS de la UE, que proh\u00edbe el uso de ciertos materiales peligrosos. Adem\u00e1s, el 80% del material de embalaje puede ser reciclado.<\/p>\n<p><\/p>\n<p><strong>Alto Rendimiento<\/strong><\/p>\n<p><\/p>\n<p>Con una arquitectura de conmutaci\u00f3n sin bloqueos, el TL-SF1048 funciona y filtra paquetes a una alta velocidad por cable para un m\u00e1ximo rendimiento. El control de flujo IEEE 802.3x para el modo Full Duplex y la contrapresi\u00f3n para el modo Half Duplex ayudan a aliviar la congesti\u00f3n del tr\u00e1fico y a que el TL SF1048 haga un trabajo fiable.<\/p>\n<p><\/p>\n<p><strong>F\u00e1cil de Usar <\/strong><\/p>\n<p><\/p>\n<p>Las caracter\u00edsticas autom\u00e1ticas de este switch fast ethernet hacer la instalaci\u00f3n plug and play y sin problemas. No se requiere ninguna configuraci\u00f3n. El Auto MDI \/ MDIX elimina la necesidad de utilizar cables cruzados. La auto-negociaci\u00f3n en cada puerto detecta la velocidad de enlace de un dispositivo de red (10, 100 Mbps) y se ajusta de forma inteligente para asegurar la compatibilidad y un rendimiento \u00f3ptimo.<\/p>\n<p><\/p>\n<p><strong>Especificaciones T\u00e9cnicas<\/strong><\/p>\n<p><\/p>\n<p>Dimensiones: 44 x 4.4 x 18 cm<br \/> Peso: 1 kg<\/p>\n<p>Est\u00e1ndares y Protocolos: IEEE 802.3i, IEEE 802.3u, IEEE 802.3x<\/p>\n<p>Interface: 48 10\/100Mbps RJ45 Ports (Auto Negotiation\/Auto MDI\/MDIX)<\/p>\n<p>Medios de Red: Cable 3, 4 5, 10BASE-T: categor\u00eda UTP (m\u00e1ximo 100m)<br \/>100BASE-TX\/1000BASE-T: Category 5 UTP, 5e o sobre cable (m\u00e1ximo 100m)<\/p>\n<p>Fuente de Alimentaci\u00f3n: 100-240VAC, 50\/60Hz<\/p>\n<p>Consumo de Energ\u00eda:&nbsp; M\u00e1ximo: 9.9W (220V\/50Hz)<\/p>\n<p>Montaje: Rack Mountable <\/p>\n<p>Consumo M\u00e1ximo de energ\u00eda: 9.9W(220V\/50Hz)<\/p>\n<p>Disipaci\u00f3n M\u00e1xima de Calor: 33.78BTU\/h<\/p>\n<p>Capacidad de Switcheo: 9.6Gbps<\/p>\n<p>Tasa de Reenv\u00edo de Paquetes: 7.14Mpps<\/p>\n<p>Tabla de MAC Address: 8K<\/p>\n<p>Tecnolog\u00eda Verde: Tecnolog\u00eda de eficiencia energ\u00e9tica innovadora ahorra energ\u00eda hasta un 50%<\/p>\n<p>M\u00e9todo de transferencia: Almacenamiento y Env\u00edo<\/p>\n<p>Sistema Requerido: Microsoft\u00ae Windows\u00ae XP, Vista\u2122, Windows 7 or Windows 8, MAC\u00ae OS, NetWare\u00ae, UNIX\u00ae or Linux.<\/p>\n<p>Temperatura de Funcionamiento: 0\u2103~40\u2103 (32\u2109~104\u2109)<\/p>\n<p>Temperatura de Almacenamiento: -40\u2103~70\u2103 (-40\u2109~158\u2109)<\/p>\n<p>Humedad de Funcionamiento: 10%~90% sin condensaci\u00f3n<\/p>\n<p>Humedad de Almacenamiento: 5%~90% sin condensaci\u00f3n&nbsp; <\/p>\n<p><\/p>\n<p><strong>Contenido Del Paquete<\/strong><\/p>\n<p><\/p>\n<p>Switch con montaje en Rack con 48 puertos 10\/100Mbps<br \/>&#8211; Cable de alimentaci\u00f3n<br \/>&#8211; Gu\u00eda de instalaci\u00f3n<br \/>&#8211; Kits de montaje <br \/>&#8211; Patas de goma &#8211; Documentaci\u00f3n<\/p>\n","protected":false},"excerpt":{"rendered":"<p># DE PARTE:TL-SF1048<\/p>\n","protected":false},"featured_media":2608,"template":"","meta":{"site-sidebar-layout":"default","site-content-layout":"","ast-site-content-layout":"default","site-content-style":"default","site-sidebar-style":"default","ast-global-header-display":"","ast-banner-title-visibility":"","ast-main-header-display":"","ast-hfb-above-header-display":"","ast-hfb-below-header-display":"","ast-hfb-mobile-header-display":"","site-post-title":"","ast-breadcrumbs-content":"","ast-featured-img":"","footer-sml-layout":"","ast-disable-related-posts":"","theme-transparent-header-meta":"","adv-header-id-meta":"","stick-header-meta":"","header-above-stick-meta":"","header-main-stick-meta":"","header-below-stick-meta":"","astra-migrate-meta-layouts":"default","ast-page-background-enabled":"default","ast-page-background-meta":{"desktop":{"background-color":"var(--ast-global-color-4)","background-image":"","background-repeat":"repeat","background-position":"center center","background-size":"auto","background-attachment":"scroll","background-type":"","background-media":"","overlay-type":"","overlay-color":"","overlay-opacity":"","overlay-gradient":""},"tablet":{"background-color":"","background-image":"","background-repeat":"repeat","background-position":"center center","background-size":"auto","background-attachment":"scroll","background-type":"","background-media":"","overlay-type":"","overlay-color":"","overlay-opacity":"","overlay-gradient":""},"mobile":{"background-color":"","background-image":"","background-repeat":"repeat","background-position":"center center","background-size":"auto","background-attachment":"scroll","background-type":"","background-media":"","overlay-type":"","overlay-color":"","overlay-opacity":"","overlay-gradient":""}},"ast-content-background-meta":{"desktop":{"background-color":"var(--ast-global-color-5)","background-image":"","background-repeat":"repeat","background-position":"center center","background-size":"auto","background-attachment":"scroll","background-type":"","background-media":"","overlay-type":"","overlay-color":"","overlay-opacity":"","overlay-gradient":""},"tablet":{"background-color":"var(--ast-global-color-5)","background-image":"","background-repeat":"repeat","background-position":"center center","background-size":"auto","background-attachment":"scroll","background-type":"","background-media":"","overlay-type":"","overlay-color":"","overlay-opacity":"","overlay-gradient":""},"mobile":{"background-color":"var(--ast-global-color-5)","background-image":"","background-repeat":"repeat","background-position":"center center","background-size":"auto","background-attachment":"scroll","background-type":"","background-media":"","overlay-type":"","overlay-color":"","overlay-opacity":"","overlay-gradient":""}}},"product_brand":[],"product_cat":[62,151],"product_tag":[45],"class_list":{"0":"post-2525","1":"product","2":"type-product","3":"status-publish","4":"has-post-thumbnail","6":"product_cat-redes","7":"product_cat-switch","8":"product_tag-tp-link","9":"desktop-align-left","10":"tablet-align-left","11":"mobile-align-left","13":"first","14":"instock","15":"taxable","16":"shipping-taxable","17":"product-type-simple"},"yoast_head":"<!-- This site is optimized with the Yoast SEO plugin v27.4 - https:\/\/yoast.com\/product\/yoast-seo-wordpress\/ -->\n<title>Switch Tplink Tl-Sf1048 48 Puertos Rj45 10 100 Para Racks - IntegralPro<\/title>\n<meta name=\"robots\" content=\"index, follow, max-snippet:-1, max-image-preview:large, max-video-preview:-1\" \/>\n<link rel=\"canonical\" href=\"https:\/\/www.integralpro.com.co\/index.php\/producto\/switch-tplink-tl-sf1048-48-puertos-rj45-10-100-para-racks\/\" \/>\n<meta property=\"og:locale\" content=\"es_ES\" \/>\n<meta property=\"og:type\" content=\"article\" \/>\n<meta property=\"og:title\" content=\"Switch Tplink Tl-Sf1048 48 Puertos Rj45 10 100 Para Racks - IntegralPro\" \/>\n<meta property=\"og:description\" content=\"# DE PARTE:TL-SF1048\" \/>\n<meta property=\"og:url\" content=\"https:\/\/www.integralpro.com.co\/index.php\/producto\/switch-tplink-tl-sf1048-48-puertos-rj45-10-100-para-racks\/\" \/>\n<meta property=\"og:site_name\" content=\"IntegralPro\" \/>\n<meta property=\"article:modified_time\" content=\"2021-02-19T19:57:42+00:00\" \/>\n<meta property=\"og:image\" content=\"https:\/\/www.integralpro.com.co\/wp-content\/uploads\/2021\/02\/c5e1acf106ad0d5ddf88c805eaa5627d.jpg\" \/>\n\t<meta property=\"og:image:width\" content=\"1000\" \/>\n\t<meta property=\"og:image:height\" content=\"1000\" \/>\n\t<meta property=\"og:image:type\" content=\"image\/jpeg\" \/>\n<meta name=\"twitter:card\" content=\"summary_large_image\" \/>\n<meta name=\"twitter:label1\" content=\"Tiempo de lectura\" \/>\n\t<meta name=\"twitter:data1\" content=\"3 minutos\" \/>\n<script type=\"application\/ld+json\" class=\"yoast-schema-graph\">{\"@context\":\"https:\\\/\\\/schema.org\",\"@graph\":[{\"@type\":\"WebPage\",\"@id\":\"https:\\\/\\\/www.integralpro.com.co\\\/index.php\\\/producto\\\/switch-tplink-tl-sf1048-48-puertos-rj45-10-100-para-racks\\\/\",\"url\":\"https:\\\/\\\/www.integralpro.com.co\\\/index.php\\\/producto\\\/switch-tplink-tl-sf1048-48-puertos-rj45-10-100-para-racks\\\/\",\"name\":\"Switch Tplink Tl-Sf1048 48 Puertos Rj45 10 100 Para Racks - IntegralPro\",\"isPartOf\":{\"@id\":\"https:\\\/\\\/www.integralpro.com.co\\\/#website\"},\"primaryImageOfPage\":{\"@id\":\"https:\\\/\\\/www.integralpro.com.co\\\/index.php\\\/producto\\\/switch-tplink-tl-sf1048-48-puertos-rj45-10-100-para-racks\\\/#primaryimage\"},\"image\":{\"@id\":\"https:\\\/\\\/www.integralpro.com.co\\\/index.php\\\/producto\\\/switch-tplink-tl-sf1048-48-puertos-rj45-10-100-para-racks\\\/#primaryimage\"},\"thumbnailUrl\":\"https:\\\/\\\/www.integralpro.com.co\\\/wp-content\\\/uploads\\\/2021\\\/02\\\/c5e1acf106ad0d5ddf88c805eaa5627d.jpg\",\"datePublished\":\"2021-02-19T19:56:56+00:00\",\"dateModified\":\"2021-02-19T19:57:42+00:00\",\"breadcrumb\":{\"@id\":\"https:\\\/\\\/www.integralpro.com.co\\\/index.php\\\/producto\\\/switch-tplink-tl-sf1048-48-puertos-rj45-10-100-para-racks\\\/#breadcrumb\"},\"inLanguage\":\"es\",\"potentialAction\":[{\"@type\":\"ReadAction\",\"target\":[\"https:\\\/\\\/www.integralpro.com.co\\\/index.php\\\/producto\\\/switch-tplink-tl-sf1048-48-puertos-rj45-10-100-para-racks\\\/\"]}]},{\"@type\":\"ImageObject\",\"inLanguage\":\"es\",\"@id\":\"https:\\\/\\\/www.integralpro.com.co\\\/index.php\\\/producto\\\/switch-tplink-tl-sf1048-48-puertos-rj45-10-100-para-racks\\\/#primaryimage\",\"url\":\"https:\\\/\\\/www.integralpro.com.co\\\/wp-content\\\/uploads\\\/2021\\\/02\\\/c5e1acf106ad0d5ddf88c805eaa5627d.jpg\",\"contentUrl\":\"https:\\\/\\\/www.integralpro.com.co\\\/wp-content\\\/uploads\\\/2021\\\/02\\\/c5e1acf106ad0d5ddf88c805eaa5627d.jpg\",\"width\":1000,\"height\":1000},{\"@type\":\"BreadcrumbList\",\"@id\":\"https:\\\/\\\/www.integralpro.com.co\\\/index.php\\\/producto\\\/switch-tplink-tl-sf1048-48-puertos-rj45-10-100-para-racks\\\/#breadcrumb\",\"itemListElement\":[{\"@type\":\"ListItem\",\"position\":1,\"name\":\"Portada\",\"item\":\"https:\\\/\\\/www.integralpro.com.co\\\/\"},{\"@type\":\"ListItem\",\"position\":2,\"name\":\"Tienda\",\"item\":\"https:\\\/\\\/www.integralpro.com.co\\\/index.php\\\/tienda\\\/\"},{\"@type\":\"ListItem\",\"position\":3,\"name\":\"Switch Tplink Tl-Sf1048 48 Puertos Rj45 10 100 Para Racks\"}]},{\"@type\":\"WebSite\",\"@id\":\"https:\\\/\\\/www.integralpro.com.co\\\/#website\",\"url\":\"https:\\\/\\\/www.integralpro.com.co\\\/\",\"name\":\"IntegralPro\",\"description\":\"Tienda de Tecnolog\u00eda en L\u00ednea\",\"publisher\":{\"@id\":\"https:\\\/\\\/www.integralpro.com.co\\\/#organization\"},\"potentialAction\":[{\"@type\":\"SearchAction\",\"target\":{\"@type\":\"EntryPoint\",\"urlTemplate\":\"https:\\\/\\\/www.integralpro.com.co\\\/?s={search_term_string}\"},\"query-input\":{\"@type\":\"PropertyValueSpecification\",\"valueRequired\":true,\"valueName\":\"search_term_string\"}}],\"inLanguage\":\"es\"},{\"@type\":\"Organization\",\"@id\":\"https:\\\/\\\/www.integralpro.com.co\\\/#organization\",\"name\":\"IntegralPro SAS\",\"url\":\"https:\\\/\\\/www.integralpro.com.co\\\/\",\"logo\":{\"@type\":\"ImageObject\",\"inLanguage\":\"es\",\"@id\":\"https:\\\/\\\/www.integralpro.com.co\\\/#\\\/schema\\\/logo\\\/image\\\/\",\"url\":\"https:\\\/\\\/www.integralpro.com.co\\\/wp-content\\\/uploads\\\/2021\\\/02\\\/logo-def.jpg\",\"contentUrl\":\"https:\\\/\\\/www.integralpro.com.co\\\/wp-content\\\/uploads\\\/2021\\\/02\\\/logo-def.jpg\",\"width\":238,\"height\":234,\"caption\":\"IntegralPro SAS\"},\"image\":{\"@id\":\"https:\\\/\\\/www.integralpro.com.co\\\/#\\\/schema\\\/logo\\\/image\\\/\"}}]}<\/script>\n<!-- \/ Yoast SEO plugin. -->","yoast_head_json":{"title":"Switch Tplink Tl-Sf1048 48 Puertos Rj45 10 100 Para Racks - IntegralPro","robots":{"index":"index","follow":"follow","max-snippet":"max-snippet:-1","max-image-preview":"max-image-preview:large","max-video-preview":"max-video-preview:-1"},"canonical":"https:\/\/www.integralpro.com.co\/index.php\/producto\/switch-tplink-tl-sf1048-48-puertos-rj45-10-100-para-racks\/","og_locale":"es_ES","og_type":"article","og_title":"Switch Tplink Tl-Sf1048 48 Puertos Rj45 10 100 Para Racks - IntegralPro","og_description":"# DE PARTE:TL-SF1048","og_url":"https:\/\/www.integralpro.com.co\/index.php\/producto\/switch-tplink-tl-sf1048-48-puertos-rj45-10-100-para-racks\/","og_site_name":"IntegralPro","article_modified_time":"2021-02-19T19:57:42+00:00","og_image":[{"width":1000,"height":1000,"url":"https:\/\/www.integralpro.com.co\/wp-content\/uploads\/2021\/02\/c5e1acf106ad0d5ddf88c805eaa5627d.jpg","type":"image\/jpeg"}],"twitter_card":"summary_large_image","twitter_misc":{"Tiempo de lectura":"3 minutos"},"schema":{"@context":"https:\/\/schema.org","@graph":[{"@type":"WebPage","@id":"https:\/\/www.integralpro.com.co\/index.php\/producto\/switch-tplink-tl-sf1048-48-puertos-rj45-10-100-para-racks\/","url":"https:\/\/www.integralpro.com.co\/index.php\/producto\/switch-tplink-tl-sf1048-48-puertos-rj45-10-100-para-racks\/","name":"Switch Tplink Tl-Sf1048 48 Puertos Rj45 10 100 Para Racks - IntegralPro","isPartOf":{"@id":"https:\/\/www.integralpro.com.co\/#website"},"primaryImageOfPage":{"@id":"https:\/\/www.integralpro.com.co\/index.php\/producto\/switch-tplink-tl-sf1048-48-puertos-rj45-10-100-para-racks\/#primaryimage"},"image":{"@id":"https:\/\/www.integralpro.com.co\/index.php\/producto\/switch-tplink-tl-sf1048-48-puertos-rj45-10-100-para-racks\/#primaryimage"},"thumbnailUrl":"https:\/\/www.integralpro.com.co\/wp-content\/uploads\/2021\/02\/c5e1acf106ad0d5ddf88c805eaa5627d.jpg","datePublished":"2021-02-19T19:56:56+00:00","dateModified":"2021-02-19T19:57:42+00:00","breadcrumb":{"@id":"https:\/\/www.integralpro.com.co\/index.php\/producto\/switch-tplink-tl-sf1048-48-puertos-rj45-10-100-para-racks\/#breadcrumb"},"inLanguage":"es","potentialAction":[{"@type":"ReadAction","target":["https:\/\/www.integralpro.com.co\/index.php\/producto\/switch-tplink-tl-sf1048-48-puertos-rj45-10-100-para-racks\/"]}]},{"@type":"ImageObject","inLanguage":"es","@id":"https:\/\/www.integralpro.com.co\/index.php\/producto\/switch-tplink-tl-sf1048-48-puertos-rj45-10-100-para-racks\/#primaryimage","url":"https:\/\/www.integralpro.com.co\/wp-content\/uploads\/2021\/02\/c5e1acf106ad0d5ddf88c805eaa5627d.jpg","contentUrl":"https:\/\/www.integralpro.com.co\/wp-content\/uploads\/2021\/02\/c5e1acf106ad0d5ddf88c805eaa5627d.jpg","width":1000,"height":1000},{"@type":"BreadcrumbList","@id":"https:\/\/www.integralpro.com.co\/index.php\/producto\/switch-tplink-tl-sf1048-48-puertos-rj45-10-100-para-racks\/#breadcrumb","itemListElement":[{"@type":"ListItem","position":1,"name":"Portada","item":"https:\/\/www.integralpro.com.co\/"},{"@type":"ListItem","position":2,"name":"Tienda","item":"https:\/\/www.integralpro.com.co\/index.php\/tienda\/"},{"@type":"ListItem","position":3,"name":"Switch Tplink Tl-Sf1048 48 Puertos Rj45 10 100 Para Racks"}]},{"@type":"WebSite","@id":"https:\/\/www.integralpro.com.co\/#website","url":"https:\/\/www.integralpro.com.co\/","name":"IntegralPro","description":"Tienda de Tecnolog\u00eda en L\u00ednea","publisher":{"@id":"https:\/\/www.integralpro.com.co\/#organization"},"potentialAction":[{"@type":"SearchAction","target":{"@type":"EntryPoint","urlTemplate":"https:\/\/www.integralpro.com.co\/?s={search_term_string}"},"query-input":{"@type":"PropertyValueSpecification","valueRequired":true,"valueName":"search_term_string"}}],"inLanguage":"es"},{"@type":"Organization","@id":"https:\/\/www.integralpro.com.co\/#organization","name":"IntegralPro SAS","url":"https:\/\/www.integralpro.com.co\/","logo":{"@type":"ImageObject","inLanguage":"es","@id":"https:\/\/www.integralpro.com.co\/#\/schema\/logo\/image\/","url":"https:\/\/www.integralpro.com.co\/wp-content\/uploads\/2021\/02\/logo-def.jpg","contentUrl":"https:\/\/www.integralpro.com.co\/wp-content\/uploads\/2021\/02\/logo-def.jpg","width":238,"height":234,"caption":"IntegralPro SAS"},"image":{"@id":"https:\/\/www.integralpro.com.co\/#\/schema\/logo\/image\/"}}]}},"_links":{"self":[{"href":"https:\/\/www.integralpro.com.co\/index.php\/wp-json\/wp\/v2\/product\/2525","targetHints":{"allow":["GET"]}}],"collection":[{"href":"https:\/\/www.integralpro.com.co\/index.php\/wp-json\/wp\/v2\/product"}],"about":[{"href":"https:\/\/www.integralpro.com.co\/index.php\/wp-json\/wp\/v2\/types\/product"}],"version-history":[{"count":1,"href":"https:\/\/www.integralpro.com.co\/index.php\/wp-json\/wp\/v2\/product\/2525\/revisions"}],"predecessor-version":[{"id":2609,"href":"https:\/\/www.integralpro.com.co\/index.php\/wp-json\/wp\/v2\/product\/2525\/revisions\/2609"}],"wp:featuredmedia":[{"embeddable":true,"href":"https:\/\/www.integralpro.com.co\/index.php\/wp-json\/wp\/v2\/media\/2608"}],"wp:attachment":[{"href":"https:\/\/www.integralpro.com.co\/index.php\/wp-json\/wp\/v2\/media?parent=2525"}],"wp:term":[{"taxonomy":"product_brand","embeddable":true,"href":"https:\/\/www.integralpro.com.co\/index.php\/wp-json\/wp\/v2\/product_brand?post=2525"},{"taxonomy":"product_cat","embeddable":true,"href":"https:\/\/www.integralpro.com.co\/index.php\/wp-json\/wp\/v2\/product_cat?post=2525"},{"taxonomy":"product_tag","embeddable":true,"href":"https:\/\/www.integralpro.com.co\/index.php\/wp-json\/wp\/v2\/product_tag?post=2525"}],"curies":[{"name":"wp","href":"https:\/\/api.w.org\/{rel}","templated":true}]}}