{"id":2436,"date":"2021-02-19T14:56:11","date_gmt":"2021-02-19T19:56:11","guid":{"rendered":"https:\/\/www.integralpro.com.co\/index.php\/producto\/import-placeholder-for-1271\/"},"modified":"2021-02-19T14:56:38","modified_gmt":"2021-02-19T19:56:38","slug":"impresora-todo-en-uno-hp-deskjet-ink-advantage-3775","status":"publish","type":"product","link":"https:\/\/www.integralpro.com.co\/index.php\/producto\/impresora-todo-en-uno-hp-deskjet-ink-advantage-3775\/","title":{"rendered":"Impresora Todo-En-Uno Hp Deskjet Ink Advantage 3775"},"content":{"rendered":"<p>Ahorre espacio y dinero e imprima de forma inal\u00e1mbrica con la impresora Todo-en-Uno m\u00e1s peque\u00f1a del mundo.1 Obtenga color a bajo costo y toda la potencia que necesita en un formato compacto y asombroso. Imprima, escanee y copie desde casi cualquier dispositivo m\u00f3vil.2<\/p>\n<p><\/p>\n<p><strong>Una Todo-en-Uno peque\u00f1a pero poderosa<\/strong><\/p>\n<p><\/p>\n<p>Ahorre espacio y tenga toda la potencia que necesita con la impresora Todo-en-Uno m\u00e1s peque\u00f1a del mundo.1<\/p>\n<p>HP Scroll Scan lo ayuda a administrar f\u00e1cilmente la mayor\u00eda de los trabajos de escaneo, con una amplia gama de papeles.<\/p>\n<p>En cualquier lugar de cualquier habitaci\u00f3n: esta Todo-en-Uno ultracompacta est\u00e1 dise\u00f1ada para que la coloque donde la necesite.<\/p>\n<p>Muestre su estilo con un dise\u00f1o elegante y una gran variedad de tonos llamativos.<\/p>\n<p><\/p>\n<p><strong>Imprima r\u00e1pido directamente desde su dispositivo m\u00f3vil2<\/p>\n<p><\/strong><\/p>\n<p><\/p>\n<p>La forma m\u00e1s f\u00e1cil de imprimir documentos, fotos y otras cosas desde sus dispositivos Apple, Android y Windows.8,9<\/p>\n<p>Conecte su tel\u00e9fono inteligente o tablet directamente a la impresora e imprima f\u00e1cilmente sin acceder a ninguna red.3<\/p>\n<p>Con\u00e9ctese y empiece a imprimir r\u00e1pidamente con una configuraci\u00f3n sencilla desde su tel\u00e9fono inteligente o tablet.4<\/p>\n<p>Escanee cualquier objeto desde cualquier lugar con la aplicaci\u00f3n m\u00f3vil HP All-in-One Printer Remote para su tel\u00e9fono inteligente o tablet.5<\/p>\n<p><\/p>\n<p><strong>Se adapta a su presupuesto y se adapta a sus necesidades<\/p>\n<p><\/strong><\/p>\n<p><\/p>\n<p>Imprima, escanee y copie lo que necesite de manera inal\u00e1mbrica, r\u00e1pida y sencilla con esta Todo-en-Uno econ\u00f3mica.<\/p>\n<p>Tenga impresi\u00f3n de calidad con los econ\u00f3micos cartuchos originales de tinta HP.<\/p>\n<p>Conserve energ\u00eda y obtenga resultados con costos de electricidad anuales de menos de USD 1,50.6<\/p>\n<p>Recicle f\u00e1cilmente sus cartuchos originales HP sin cargo a trav\u00e9s de HP Planet Partners.<\/p>\n<p><\/p>\n<p><strong>Especificaciones T\u00e9cnicas<\/strong><\/p>\n<p><\/p>\n<p>Dimensiones m\u00ednimas (ancho x largo x alto)<br \/>403 x 177 x 141 mm 1<\/p>\n<p>Dimensiones m\u00e1ximas (ancho x largo x alto)<br \/>403 x 451 x 264 mm 1<\/p>\n<p>Peso<br \/>2,33 kg<\/p>\n<p>Peso del embalaje<br \/>3,34 kgFunciones<br \/>Imprima, copie, escanee, de manera inal\u00e1mbrica<\/p>\n<p>Compatibilidad con varias tareas<br \/>No<\/p>\n<p>Especificaciones de impresi\u00f3n<\/p>\n<p>Velocidad de impresi\u00f3n en negro:<br \/>ISO: Hasta 8 ppm<br \/>Borrador: Hasta 19 ppm 5<\/p>\n<p>Velocidad de impresi\u00f3n color: ISO:Hasta 5,5 ppm<br \/>Borrador:Hasta 15 ppm 5<\/p>\n<p>Salida de la primera p\u00e1gina (preparada)<br \/>Negro: 15 segundos<\/p>\n<p>Color: Velocidad m\u00e1xima de 18 segundos<\/p>\n<p>Ciclo de trabajo (mensual, A4)<br \/>Hasta 1000 p\u00e1ginas<\/p>\n<p>Volumen de p\u00e1ginas mensual recomendado<br \/>50 a 200<\/p>\n<p>Tecnolog\u00eda de impresi\u00f3n<br \/>Inyecci\u00f3n t\u00e9rmica de tinta HP<\/p>\n<p>Controladores de impresora incluidos<br \/>HP PCL 3 GUI<\/p>\n<p>Calidad de impresi\u00f3n (\u00f3ptima)<br \/>Color: Hasta 4800 x 1200 dpi color optimizados (cuando se imprime desde una computadora y 1200 dpi de entrada)<br \/>Negro: Hasta 1.200 x 1.200 ppp de reproducci\u00f3n<br \/>Monitor<br \/>7 segmentos + icono LCD<\/p>\n<p>Velocidad del procesador<br \/>360 MHz<\/p>\n<p>N\u00famero de cartuchos de impresi\u00f3n<br \/>2 (1 negro, 1 tricolor)<\/p>\n<p>Lenguajes de impresi\u00f3n<br \/>HP PCL 3 GUI<\/p>\n<p>Cartuchos de repuesto<br \/>Cartucho de tinta HP 664 negro (120 p\u00e1ginas aprox.)<br \/>Cartucho de tinta HP 664 tricolor (100 p\u00e1ginas aprox.)<br \/>Cartucho de tinta HP 664XL negro (480 p\u00e1ginas aprox.)<br \/>Cartucho de tinta HP 664 tricolor (330 p\u00e1ginas aprox.)<\/p>\n<p>Capacidad inal\u00e1mbrica<br \/>S\u00ed, WiFi 802.11b\/g\/n integrada<\/p>\n<p>Conectividad, est\u00e1ndar<br \/>1 Hi-Speed USB 2.0<\/p>\n<p>Requisitos m\u00ednimos de sistema<br \/>Windows 10, 8.1, 8, 7: 32 bits o 64 bits, 2 GB libres en el disco duro, unidad de CD-ROM\/DVD o conexi\u00f3n a Internet, puerto USB, Internet Explorer. Windows Vista: (solo 32 bits), 2 GB libres en el disco duro, unidad de CD-ROM\/DVD o conexi\u00f3n a Internet, puerto USB, Internet Explorer 8. Windows XP SP3 o superior (solo 32 bits): cualquier procesador Intel Pentium II, Celeron o compatible de 233 MHz, 850 MB libres en el disco duro, unidad de CD-ROM\/DVD o conexi\u00f3n a Internet, puerto USB, Internet Explorer 8<\/p>\n<p>OS X v10.11 El Capitan, OS X v10.10 Yosemite, OS X v10.9 Mavericks, 1 GB en disco duro<br \/>Internet<br \/>USB<\/p>\n<p>Sistemas operativos compatibles<br \/>Windows 10, Windows 8.1, Windows 8, Windows 7, Windows Vista, Windows XP SP3 (32 bits)<br \/>OS X v10.8 Mountain Lion, OS X v10.9 Mavericks, OS X v10.10 Yosemite<br \/>Movilidad<br \/>Capacidad HP ePrint<br \/>S\u00ed<\/p>\n<p>Impresi\u00f3n m\u00f3vil<br \/>HP ePrint<br \/>Apple AirPrint\u2122<br \/>Impresi\u00f3n inal\u00e1mbrica directa<\/p>\n<p>Compatibilidad con tarjetas de memoria<br \/>Ninguno\/a<\/p>\n<p>Memoria, est\u00e1ndar<br \/>64 MB de DDR1 integrada<br \/>(Sin posibilidad de mejora)<\/p>\n<p>Memoria, m\u00e1xima<br \/>64 MB de DDR1 integrada<\/p>\n<p>Entrada de manejo de papel, est\u00e1ndar<br \/>Bandeja entrada 60 hojas<\/p>\n<p>Salida de manejo de papel, est\u00e1ndar<br \/>Bandeja salida de 25 hojas<\/p>\n<p>Impresi\u00f3n a doble cara<br \/>Manual (soporte para controlador suministrado)<\/p>\n<p>Tama\u00f1os de soportes de impresi\u00f3n admitidos<br \/>A4<br \/>B5<br \/>A6<br \/>Sobre DL (Nota: Admite muchos otros tama\u00f1os de soporte. Cualquiera desde 76,2 x 127 hasta 215,9 x 355,6 mm)<\/p>\n<p>Tama\u00f1os de soportes personalizados<br \/>De 76 x 127 a 216 x 356 mm<\/p>\n<p>Tipos de soportes<br \/>Papel com\u00fan, Papeles para folletos mate, Papeles para folletos con brillo, Papeles fotogr\u00e1ficos, Sobres, Otros papeles especiales de inyecci\u00f3n de tinta<\/p>\n<p>Esc\u00e1ner de c\u00f3digos de barras<br \/>20 lb<\/p>\n<p>esos de soportes, admitidos<br \/>A4: 60 a 90 g\/m\u00b2; Sobres HP: 75 a 90 g\/m\u00b2; Tarjetas HP: hasta 200 g\/m\u00b2; Papel fotogr\u00e1fico HP de 10 x 15 cm: hasta 300 g\/m\u00b2<\/p>\n<p>Tipo de esc\u00e1ner<br \/>Alimentador de documentos de una sola p\u00e1gina<br \/>Formato del archivo de digitalizaci\u00f3n<\/p>\n<p>Tipo de archivo de escaneo admitido por Software: Bitmap (.bmp), JPEG (.jpg), PDF (.pdf), PNG (.png), Rich Text (.rtf), PDF rastreable (.pdf), texto (.txt), TIFF (.tif)<\/p>\n<p>Resoluci\u00f3n de escaneo, \u00f3ptica<br \/>Hasta 600 ppp<\/p>\n<p>Profundidad en bits<br \/>24 bits<br \/>Tama\u00f1o de escaneo (ADF), m\u00e1ximo<br \/>216 x 355 mm<\/p>\n<p>Funciones est\u00e1ndar de env\u00edo digital<br \/>No<br \/>Modos de entrada de digitalizaci\u00f3n<\/p>\n<p>Escaneado a trav\u00e9s de software HP Photosmart<\/p>\n<p>Resoluci\u00f3n de copia (texto en negro)<br \/>Hasta 300 x 300 ppp<\/p>\n<p>Resoluci\u00f3n de copia (texto y gr\u00e1ficos en color)<br \/>Hasta 300 x 300 ppp <\/p>\n<p>Copias, m\u00e1ximo<br \/>Hasta 9 copias <\/p>\n<p><\/p>\n<p><strong>Contenido Del Paquete<\/strong><\/p>\n<p><\/p>\n<p>Impresora &#8211; Cable de alimentaci\u00f3n &#8211; Documentaci\u00f3n<\/p>\n","protected":false},"excerpt":{"rendered":"<p># DE PARTE:J9V87A#AKY<\/p>\n","protected":false},"featured_media":2494,"template":"","meta":{"site-sidebar-layout":"default","site-content-layout":"","ast-site-content-layout":"default","site-content-style":"default","site-sidebar-style":"default","ast-global-header-display":"","ast-banner-title-visibility":"","ast-main-header-display":"","ast-hfb-above-header-display":"","ast-hfb-below-header-display":"","ast-hfb-mobile-header-display":"","site-post-title":"","ast-breadcrumbs-content":"","ast-featured-img":"","footer-sml-layout":"","ast-disable-related-posts":"","theme-transparent-header-meta":"","adv-header-id-meta":"","stick-header-meta":"","header-above-stick-meta":"","header-main-stick-meta":"","header-below-stick-meta":"","astra-migrate-meta-layouts":"default","ast-page-background-enabled":"default","ast-page-background-meta":{"desktop":{"background-color":"var(--ast-global-color-4)","background-image":"","background-repeat":"repeat","background-position":"center center","background-size":"auto","background-attachment":"scroll","background-type":"","background-media":"","overlay-type":"","overlay-color":"","overlay-opacity":"","overlay-gradient":""},"tablet":{"background-color":"","background-image":"","background-repeat":"repeat","background-position":"center center","background-size":"auto","background-attachment":"scroll","background-type":"","background-media":"","overlay-type":"","overlay-color":"","overlay-opacity":"","overlay-gradient":""},"mobile":{"background-color":"","background-image":"","background-repeat":"repeat","background-position":"center center","background-size":"auto","background-attachment":"scroll","background-type":"","background-media":"","overlay-type":"","overlay-color":"","overlay-opacity":"","overlay-gradient":""}},"ast-content-background-meta":{"desktop":{"background-color":"var(--ast-global-color-5)","background-image":"","background-repeat":"repeat","background-position":"center center","background-size":"auto","background-attachment":"scroll","background-type":"","background-media":"","overlay-type":"","overlay-color":"","overlay-opacity":"","overlay-gradient":""},"tablet":{"background-color":"var(--ast-global-color-5)","background-image":"","background-repeat":"repeat","background-position":"center center","background-size":"auto","background-attachment":"scroll","background-type":"","background-media":"","overlay-type":"","overlay-color":"","overlay-opacity":"","overlay-gradient":""},"mobile":{"background-color":"var(--ast-global-color-5)","background-image":"","background-repeat":"repeat","background-position":"center center","background-size":"auto","background-attachment":"scroll","background-type":"","background-media":"","overlay-type":"","overlay-color":"","overlay-opacity":"","overlay-gradient":""}}},"product_brand":[],"product_cat":[57],"product_tag":[43],"class_list":{"0":"post-2436","1":"product","2":"type-product","3":"status-publish","4":"has-post-thumbnail","6":"product_cat-impresoras-y-suministros","7":"product_tag-hewlett-packard","8":"desktop-align-left","9":"tablet-align-left","10":"mobile-align-left","12":"first","13":"instock","14":"taxable","15":"shipping-taxable","16":"product-type-simple"},"yoast_head":"<!-- This site is optimized with the Yoast SEO plugin v27.3 - https:\/\/yoast.com\/product\/yoast-seo-wordpress\/ -->\n<title>Impresora Todo-En-Uno Hp Deskjet Ink Advantage 3775 - IntegralPro<\/title>\n<meta name=\"robots\" content=\"index, follow, max-snippet:-1, max-image-preview:large, max-video-preview:-1\" \/>\n<link rel=\"canonical\" href=\"https:\/\/www.integralpro.com.co\/index.php\/producto\/impresora-todo-en-uno-hp-deskjet-ink-advantage-3775\/\" \/>\n<meta property=\"og:locale\" content=\"es_ES\" \/>\n<meta property=\"og:type\" content=\"article\" \/>\n<meta property=\"og:title\" content=\"Impresora Todo-En-Uno Hp Deskjet Ink Advantage 3775 - IntegralPro\" \/>\n<meta property=\"og:description\" content=\"# DE PARTE:J9V87A#AKY\" \/>\n<meta property=\"og:url\" content=\"https:\/\/www.integralpro.com.co\/index.php\/producto\/impresora-todo-en-uno-hp-deskjet-ink-advantage-3775\/\" \/>\n<meta property=\"og:site_name\" content=\"IntegralPro\" \/>\n<meta property=\"article:modified_time\" content=\"2021-02-19T19:56:38+00:00\" \/>\n<meta property=\"og:image\" content=\"https:\/\/www.integralpro.com.co\/wp-content\/uploads\/2021\/02\/bc7078011ce06087d4d29ed83b127465.jpg\" \/>\n\t<meta property=\"og:image:width\" content=\"1000\" \/>\n\t<meta property=\"og:image:height\" content=\"1000\" \/>\n\t<meta property=\"og:image:type\" content=\"image\/jpeg\" \/>\n<meta name=\"twitter:card\" content=\"summary_large_image\" \/>\n<meta name=\"twitter:label1\" content=\"Tiempo de lectura\" \/>\n\t<meta name=\"twitter:data1\" content=\"4 minutos\" \/>\n<script type=\"application\/ld+json\" class=\"yoast-schema-graph\">{\"@context\":\"https:\\\/\\\/schema.org\",\"@graph\":[{\"@type\":\"WebPage\",\"@id\":\"https:\\\/\\\/www.integralpro.com.co\\\/index.php\\\/producto\\\/impresora-todo-en-uno-hp-deskjet-ink-advantage-3775\\\/\",\"url\":\"https:\\\/\\\/www.integralpro.com.co\\\/index.php\\\/producto\\\/impresora-todo-en-uno-hp-deskjet-ink-advantage-3775\\\/\",\"name\":\"Impresora Todo-En-Uno Hp Deskjet Ink Advantage 3775 - IntegralPro\",\"isPartOf\":{\"@id\":\"https:\\\/\\\/www.integralpro.com.co\\\/#website\"},\"primaryImageOfPage\":{\"@id\":\"https:\\\/\\\/www.integralpro.com.co\\\/index.php\\\/producto\\\/impresora-todo-en-uno-hp-deskjet-ink-advantage-3775\\\/#primaryimage\"},\"image\":{\"@id\":\"https:\\\/\\\/www.integralpro.com.co\\\/index.php\\\/producto\\\/impresora-todo-en-uno-hp-deskjet-ink-advantage-3775\\\/#primaryimage\"},\"thumbnailUrl\":\"https:\\\/\\\/www.integralpro.com.co\\\/wp-content\\\/uploads\\\/2021\\\/02\\\/bc7078011ce06087d4d29ed83b127465.jpg\",\"datePublished\":\"2021-02-19T19:56:11+00:00\",\"dateModified\":\"2021-02-19T19:56:38+00:00\",\"breadcrumb\":{\"@id\":\"https:\\\/\\\/www.integralpro.com.co\\\/index.php\\\/producto\\\/impresora-todo-en-uno-hp-deskjet-ink-advantage-3775\\\/#breadcrumb\"},\"inLanguage\":\"es\",\"potentialAction\":[{\"@type\":\"ReadAction\",\"target\":[\"https:\\\/\\\/www.integralpro.com.co\\\/index.php\\\/producto\\\/impresora-todo-en-uno-hp-deskjet-ink-advantage-3775\\\/\"]}]},{\"@type\":\"ImageObject\",\"inLanguage\":\"es\",\"@id\":\"https:\\\/\\\/www.integralpro.com.co\\\/index.php\\\/producto\\\/impresora-todo-en-uno-hp-deskjet-ink-advantage-3775\\\/#primaryimage\",\"url\":\"https:\\\/\\\/www.integralpro.com.co\\\/wp-content\\\/uploads\\\/2021\\\/02\\\/bc7078011ce06087d4d29ed83b127465.jpg\",\"contentUrl\":\"https:\\\/\\\/www.integralpro.com.co\\\/wp-content\\\/uploads\\\/2021\\\/02\\\/bc7078011ce06087d4d29ed83b127465.jpg\",\"width\":1000,\"height\":1000},{\"@type\":\"BreadcrumbList\",\"@id\":\"https:\\\/\\\/www.integralpro.com.co\\\/index.php\\\/producto\\\/impresora-todo-en-uno-hp-deskjet-ink-advantage-3775\\\/#breadcrumb\",\"itemListElement\":[{\"@type\":\"ListItem\",\"position\":1,\"name\":\"Portada\",\"item\":\"https:\\\/\\\/www.integralpro.com.co\\\/\"},{\"@type\":\"ListItem\",\"position\":2,\"name\":\"Tienda\",\"item\":\"https:\\\/\\\/www.integralpro.com.co\\\/index.php\\\/tienda\\\/\"},{\"@type\":\"ListItem\",\"position\":3,\"name\":\"Impresora Todo-En-Uno Hp Deskjet Ink Advantage 3775\"}]},{\"@type\":\"WebSite\",\"@id\":\"https:\\\/\\\/www.integralpro.com.co\\\/#website\",\"url\":\"https:\\\/\\\/www.integralpro.com.co\\\/\",\"name\":\"IntegralPro\",\"description\":\"Tienda de Tecnolog\u00eda en L\u00ednea\",\"publisher\":{\"@id\":\"https:\\\/\\\/www.integralpro.com.co\\\/#organization\"},\"potentialAction\":[{\"@type\":\"SearchAction\",\"target\":{\"@type\":\"EntryPoint\",\"urlTemplate\":\"https:\\\/\\\/www.integralpro.com.co\\\/?s={search_term_string}\"},\"query-input\":{\"@type\":\"PropertyValueSpecification\",\"valueRequired\":true,\"valueName\":\"search_term_string\"}}],\"inLanguage\":\"es\"},{\"@type\":\"Organization\",\"@id\":\"https:\\\/\\\/www.integralpro.com.co\\\/#organization\",\"name\":\"IntegralPro SAS\",\"url\":\"https:\\\/\\\/www.integralpro.com.co\\\/\",\"logo\":{\"@type\":\"ImageObject\",\"inLanguage\":\"es\",\"@id\":\"https:\\\/\\\/www.integralpro.com.co\\\/#\\\/schema\\\/logo\\\/image\\\/\",\"url\":\"https:\\\/\\\/www.integralpro.com.co\\\/wp-content\\\/uploads\\\/2021\\\/02\\\/logo-def.jpg\",\"contentUrl\":\"https:\\\/\\\/www.integralpro.com.co\\\/wp-content\\\/uploads\\\/2021\\\/02\\\/logo-def.jpg\",\"width\":238,\"height\":234,\"caption\":\"IntegralPro SAS\"},\"image\":{\"@id\":\"https:\\\/\\\/www.integralpro.com.co\\\/#\\\/schema\\\/logo\\\/image\\\/\"}}]}<\/script>\n<!-- \/ Yoast SEO plugin. -->","yoast_head_json":{"title":"Impresora Todo-En-Uno Hp Deskjet Ink Advantage 3775 - IntegralPro","robots":{"index":"index","follow":"follow","max-snippet":"max-snippet:-1","max-image-preview":"max-image-preview:large","max-video-preview":"max-video-preview:-1"},"canonical":"https:\/\/www.integralpro.com.co\/index.php\/producto\/impresora-todo-en-uno-hp-deskjet-ink-advantage-3775\/","og_locale":"es_ES","og_type":"article","og_title":"Impresora Todo-En-Uno Hp Deskjet Ink Advantage 3775 - IntegralPro","og_description":"# DE PARTE:J9V87A#AKY","og_url":"https:\/\/www.integralpro.com.co\/index.php\/producto\/impresora-todo-en-uno-hp-deskjet-ink-advantage-3775\/","og_site_name":"IntegralPro","article_modified_time":"2021-02-19T19:56:38+00:00","og_image":[{"width":1000,"height":1000,"url":"https:\/\/www.integralpro.com.co\/wp-content\/uploads\/2021\/02\/bc7078011ce06087d4d29ed83b127465.jpg","type":"image\/jpeg"}],"twitter_card":"summary_large_image","twitter_misc":{"Tiempo de lectura":"4 minutos"},"schema":{"@context":"https:\/\/schema.org","@graph":[{"@type":"WebPage","@id":"https:\/\/www.integralpro.com.co\/index.php\/producto\/impresora-todo-en-uno-hp-deskjet-ink-advantage-3775\/","url":"https:\/\/www.integralpro.com.co\/index.php\/producto\/impresora-todo-en-uno-hp-deskjet-ink-advantage-3775\/","name":"Impresora Todo-En-Uno Hp Deskjet Ink Advantage 3775 - IntegralPro","isPartOf":{"@id":"https:\/\/www.integralpro.com.co\/#website"},"primaryImageOfPage":{"@id":"https:\/\/www.integralpro.com.co\/index.php\/producto\/impresora-todo-en-uno-hp-deskjet-ink-advantage-3775\/#primaryimage"},"image":{"@id":"https:\/\/www.integralpro.com.co\/index.php\/producto\/impresora-todo-en-uno-hp-deskjet-ink-advantage-3775\/#primaryimage"},"thumbnailUrl":"https:\/\/www.integralpro.com.co\/wp-content\/uploads\/2021\/02\/bc7078011ce06087d4d29ed83b127465.jpg","datePublished":"2021-02-19T19:56:11+00:00","dateModified":"2021-02-19T19:56:38+00:00","breadcrumb":{"@id":"https:\/\/www.integralpro.com.co\/index.php\/producto\/impresora-todo-en-uno-hp-deskjet-ink-advantage-3775\/#breadcrumb"},"inLanguage":"es","potentialAction":[{"@type":"ReadAction","target":["https:\/\/www.integralpro.com.co\/index.php\/producto\/impresora-todo-en-uno-hp-deskjet-ink-advantage-3775\/"]}]},{"@type":"ImageObject","inLanguage":"es","@id":"https:\/\/www.integralpro.com.co\/index.php\/producto\/impresora-todo-en-uno-hp-deskjet-ink-advantage-3775\/#primaryimage","url":"https:\/\/www.integralpro.com.co\/wp-content\/uploads\/2021\/02\/bc7078011ce06087d4d29ed83b127465.jpg","contentUrl":"https:\/\/www.integralpro.com.co\/wp-content\/uploads\/2021\/02\/bc7078011ce06087d4d29ed83b127465.jpg","width":1000,"height":1000},{"@type":"BreadcrumbList","@id":"https:\/\/www.integralpro.com.co\/index.php\/producto\/impresora-todo-en-uno-hp-deskjet-ink-advantage-3775\/#breadcrumb","itemListElement":[{"@type":"ListItem","position":1,"name":"Portada","item":"https:\/\/www.integralpro.com.co\/"},{"@type":"ListItem","position":2,"name":"Tienda","item":"https:\/\/www.integralpro.com.co\/index.php\/tienda\/"},{"@type":"ListItem","position":3,"name":"Impresora Todo-En-Uno Hp Deskjet Ink Advantage 3775"}]},{"@type":"WebSite","@id":"https:\/\/www.integralpro.com.co\/#website","url":"https:\/\/www.integralpro.com.co\/","name":"IntegralPro","description":"Tienda de Tecnolog\u00eda en L\u00ednea","publisher":{"@id":"https:\/\/www.integralpro.com.co\/#organization"},"potentialAction":[{"@type":"SearchAction","target":{"@type":"EntryPoint","urlTemplate":"https:\/\/www.integralpro.com.co\/?s={search_term_string}"},"query-input":{"@type":"PropertyValueSpecification","valueRequired":true,"valueName":"search_term_string"}}],"inLanguage":"es"},{"@type":"Organization","@id":"https:\/\/www.integralpro.com.co\/#organization","name":"IntegralPro SAS","url":"https:\/\/www.integralpro.com.co\/","logo":{"@type":"ImageObject","inLanguage":"es","@id":"https:\/\/www.integralpro.com.co\/#\/schema\/logo\/image\/","url":"https:\/\/www.integralpro.com.co\/wp-content\/uploads\/2021\/02\/logo-def.jpg","contentUrl":"https:\/\/www.integralpro.com.co\/wp-content\/uploads\/2021\/02\/logo-def.jpg","width":238,"height":234,"caption":"IntegralPro SAS"},"image":{"@id":"https:\/\/www.integralpro.com.co\/#\/schema\/logo\/image\/"}}]}},"_links":{"self":[{"href":"https:\/\/www.integralpro.com.co\/index.php\/wp-json\/wp\/v2\/product\/2436","targetHints":{"allow":["GET"]}}],"collection":[{"href":"https:\/\/www.integralpro.com.co\/index.php\/wp-json\/wp\/v2\/product"}],"about":[{"href":"https:\/\/www.integralpro.com.co\/index.php\/wp-json\/wp\/v2\/types\/product"}],"version-history":[{"count":1,"href":"https:\/\/www.integralpro.com.co\/index.php\/wp-json\/wp\/v2\/product\/2436\/revisions"}],"predecessor-version":[{"id":2495,"href":"https:\/\/www.integralpro.com.co\/index.php\/wp-json\/wp\/v2\/product\/2436\/revisions\/2495"}],"wp:featuredmedia":[{"embeddable":true,"href":"https:\/\/www.integralpro.com.co\/index.php\/wp-json\/wp\/v2\/media\/2494"}],"wp:attachment":[{"href":"https:\/\/www.integralpro.com.co\/index.php\/wp-json\/wp\/v2\/media?parent=2436"}],"wp:term":[{"taxonomy":"product_brand","embeddable":true,"href":"https:\/\/www.integralpro.com.co\/index.php\/wp-json\/wp\/v2\/product_brand?post=2436"},{"taxonomy":"product_cat","embeddable":true,"href":"https:\/\/www.integralpro.com.co\/index.php\/wp-json\/wp\/v2\/product_cat?post=2436"},{"taxonomy":"product_tag","embeddable":true,"href":"https:\/\/www.integralpro.com.co\/index.php\/wp-json\/wp\/v2\/product_tag?post=2436"}],"curies":[{"name":"wp","href":"https:\/\/api.w.org\/{rel}","templated":true}]}}