{"id":2406,"date":"2021-02-19T14:55:50","date_gmt":"2021-02-19T19:55:50","guid":{"rendered":"https:\/\/www.integralpro.com.co\/index.php\/producto\/import-placeholder-for-1267\/"},"modified":"2021-02-19T14:56:35","modified_gmt":"2021-02-19T19:56:35","slug":"rack-pdu-basico-apc-ap9567-zerou-15a-100-120v","status":"publish","type":"product","link":"https:\/\/www.integralpro.com.co\/index.php\/producto\/rack-pdu-basico-apc-ap9567-zerou-15a-100-120v\/","title":{"rendered":"Rack Pdu Basico Apc Ap9567 Zerou 15A 100 120V"},"content":{"rendered":"<p>Distribuci\u00f3n de poder<br \/>La creciente complejidad de los entornos de TI, desde los armarios de cableado y las salas de servidores hasta los centros de datos de todos los tama\u00f1os, ha incrementado la necesidad de una distribuci\u00f3n de energ\u00eda confiable al nivel del rack. Eliminar los problemas de administraci\u00f3n de energ\u00eda es esencial para que los gerentes de TI e instalaciones mantengan la disponibilidad del sistema de equipos de mayor densidad. Las unidades de distribuci\u00f3n de energ\u00eda son un elemento esencial en la administraci\u00f3n de la capacidad de energ\u00eda y la funcionalidad para equipos cr\u00edticos de red, servidores y centros de datos.<\/p>\n<p><\/p>\n<p><strong>Grandes soluciones<\/strong><\/p>\n<p><\/p>\n<p>APC proporciona una amplia gama de soluciones de distribuci\u00f3n de energ\u00eda para su entorno de TI. Las PDU estandarizadas de APC est\u00e1n dise\u00f1adas para aumentar la capacidad de administraci\u00f3n y la eficiencia de su centro de datos. Las soluciones de distribuci\u00f3n de energ\u00eda brindan monitoreo de carga remota en tiempo real de los equipos conectados y control de energ\u00eda de salida individual para el reciclaje de energ\u00eda a distancia, administrando la secuenciaci\u00f3n de encendido o apagado del equipo. Los administradores de TI y de centros de datos conf\u00edan en las alarmas de APC PDU para advertir sobre posibles sobrecargas de energ\u00eda antes de que ocurran fallas de TI cr\u00edticas.<\/p>\n<p><\/p>\n<p><strong>Especificaciones T\u00e9cnicas<\/strong><\/p>\n<p><\/p>\n<p>Dimensiones: 64 x 17 x 15 cm<\/p>\n<p>Peso: 2.9Kg<\/p>\n<p>Intervalo de temperatura operativa 0 &#8211; 45 \u00b0C<\/p>\n<p>Intervalo de humedad relativa durante almacenaje 0 &#8211; 95%<\/p>\n<p>Intervalo de temperatura de almacenaje -25 &#8211; 65 \u00b0C<\/p>\n<p>Intervalo de humedad relativa para funcionamiento 0 &#8211; 95%<\/p>\n<p>Tipo de conexi\u00f3n de entrada NEMA 5-15P<\/p>\n<p>Conexiones de salida 14 x NEMA 5-15R<\/p>\n<p>Voltaje nominal de salida 120<br \/>Capacidad de carga 1800 VA<\/p>\n<p>Voltaje nominal de entrada 120<\/p>\n<p>Frecuencia de entrada AC 50\/60<\/p>\n<p>Voltaje de salida 120 V<\/p>\n<p>Corriente total m\u00e1xima por fase 15 A<\/p>\n<p>Longitud de cable 3,6 m <\/p>\n<p><\/p>\n<p><strong>Contenido Del Paquete<\/strong><\/p>\n<p><\/p>\n<p>Rack &#8211; soportes de montaje en bastidor &#8211; kit de montaje sin herramientas &#8211; Documentaci\u00f3n<\/p>\n","protected":false},"excerpt":{"rendered":"<p># DE PARTE:AP9567<\/p>\n","protected":false},"featured_media":2488,"template":"","meta":{"site-sidebar-layout":"default","site-content-layout":"","ast-site-content-layout":"default","site-content-style":"default","site-sidebar-style":"default","ast-global-header-display":"","ast-banner-title-visibility":"","ast-main-header-display":"","ast-hfb-above-header-display":"","ast-hfb-below-header-display":"","ast-hfb-mobile-header-display":"","site-post-title":"","ast-breadcrumbs-content":"","ast-featured-img":"","footer-sml-layout":"","ast-disable-related-posts":"","theme-transparent-header-meta":"","adv-header-id-meta":"","stick-header-meta":"","header-above-stick-meta":"","header-main-stick-meta":"","header-below-stick-meta":"","astra-migrate-meta-layouts":"default","ast-page-background-enabled":"default","ast-page-background-meta":{"desktop":{"background-color":"var(--ast-global-color-4)","background-image":"","background-repeat":"repeat","background-position":"center center","background-size":"auto","background-attachment":"scroll","background-type":"","background-media":"","overlay-type":"","overlay-color":"","overlay-opacity":"","overlay-gradient":""},"tablet":{"background-color":"","background-image":"","background-repeat":"repeat","background-position":"center center","background-size":"auto","background-attachment":"scroll","background-type":"","background-media":"","overlay-type":"","overlay-color":"","overlay-opacity":"","overlay-gradient":""},"mobile":{"background-color":"","background-image":"","background-repeat":"repeat","background-position":"center center","background-size":"auto","background-attachment":"scroll","background-type":"","background-media":"","overlay-type":"","overlay-color":"","overlay-opacity":"","overlay-gradient":""}},"ast-content-background-meta":{"desktop":{"background-color":"var(--ast-global-color-5)","background-image":"","background-repeat":"repeat","background-position":"center center","background-size":"auto","background-attachment":"scroll","background-type":"","background-media":"","overlay-type":"","overlay-color":"","overlay-opacity":"","overlay-gradient":""},"tablet":{"background-color":"var(--ast-global-color-5)","background-image":"","background-repeat":"repeat","background-position":"center center","background-size":"auto","background-attachment":"scroll","background-type":"","background-media":"","overlay-type":"","overlay-color":"","overlay-opacity":"","overlay-gradient":""},"mobile":{"background-color":"var(--ast-global-color-5)","background-image":"","background-repeat":"repeat","background-position":"center center","background-size":"auto","background-attachment":"scroll","background-type":"","background-media":"","overlay-type":"","overlay-color":"","overlay-opacity":"","overlay-gradient":""}}},"product_brand":[],"product_cat":[161,65],"product_tag":[450],"class_list":{"0":"post-2406","1":"product","2":"type-product","3":"status-publish","4":"has-post-thumbnail","6":"product_cat-accesorios-para-ups","7":"product_cat-ups-reguladores-de-voltaje","8":"product_tag-apc","9":"desktop-align-left","10":"tablet-align-left","11":"mobile-align-left","13":"first","14":"instock","15":"taxable","16":"shipping-taxable","17":"product-type-simple"},"yoast_head":"<!-- This site is optimized with the Yoast SEO plugin v27.5 - https:\/\/yoast.com\/product\/yoast-seo-wordpress\/ -->\n<title>Rack Pdu Basico Apc Ap9567 Zerou 15A 100 120V - IntegralPro<\/title>\n<meta name=\"robots\" content=\"index, follow, max-snippet:-1, max-image-preview:large, max-video-preview:-1\" \/>\n<link rel=\"canonical\" href=\"https:\/\/www.integralpro.com.co\/index.php\/producto\/rack-pdu-basico-apc-ap9567-zerou-15a-100-120v\/\" \/>\n<meta property=\"og:locale\" content=\"es_ES\" \/>\n<meta property=\"og:type\" content=\"article\" \/>\n<meta property=\"og:title\" content=\"Rack Pdu Basico Apc Ap9567 Zerou 15A 100 120V - IntegralPro\" \/>\n<meta property=\"og:description\" content=\"# DE PARTE:AP9567\" \/>\n<meta property=\"og:url\" content=\"https:\/\/www.integralpro.com.co\/index.php\/producto\/rack-pdu-basico-apc-ap9567-zerou-15a-100-120v\/\" \/>\n<meta property=\"og:site_name\" content=\"IntegralPro\" \/>\n<meta property=\"article:modified_time\" content=\"2021-02-19T19:56:35+00:00\" \/>\n<meta property=\"og:image\" content=\"https:\/\/www.integralpro.com.co\/wp-content\/uploads\/2021\/02\/550269828dbf7bf7dd2ee44731f9bdef.jpg\" \/>\n\t<meta property=\"og:image:width\" content=\"1000\" \/>\n\t<meta property=\"og:image:height\" content=\"1000\" \/>\n\t<meta property=\"og:image:type\" content=\"image\/jpeg\" \/>\n<meta name=\"twitter:card\" content=\"summary_large_image\" \/>\n<meta name=\"twitter:label1\" content=\"Tiempo de lectura\" \/>\n\t<meta name=\"twitter:data1\" content=\"2 minutos\" \/>\n<script type=\"application\/ld+json\" class=\"yoast-schema-graph\">{\"@context\":\"https:\\\/\\\/schema.org\",\"@graph\":[{\"@type\":\"WebPage\",\"@id\":\"https:\\\/\\\/www.integralpro.com.co\\\/index.php\\\/producto\\\/rack-pdu-basico-apc-ap9567-zerou-15a-100-120v\\\/\",\"url\":\"https:\\\/\\\/www.integralpro.com.co\\\/index.php\\\/producto\\\/rack-pdu-basico-apc-ap9567-zerou-15a-100-120v\\\/\",\"name\":\"Rack Pdu Basico Apc Ap9567 Zerou 15A 100 120V - IntegralPro\",\"isPartOf\":{\"@id\":\"https:\\\/\\\/www.integralpro.com.co\\\/#website\"},\"primaryImageOfPage\":{\"@id\":\"https:\\\/\\\/www.integralpro.com.co\\\/index.php\\\/producto\\\/rack-pdu-basico-apc-ap9567-zerou-15a-100-120v\\\/#primaryimage\"},\"image\":{\"@id\":\"https:\\\/\\\/www.integralpro.com.co\\\/index.php\\\/producto\\\/rack-pdu-basico-apc-ap9567-zerou-15a-100-120v\\\/#primaryimage\"},\"thumbnailUrl\":\"https:\\\/\\\/www.integralpro.com.co\\\/wp-content\\\/uploads\\\/2021\\\/02\\\/550269828dbf7bf7dd2ee44731f9bdef.jpg\",\"datePublished\":\"2021-02-19T19:55:50+00:00\",\"dateModified\":\"2021-02-19T19:56:35+00:00\",\"breadcrumb\":{\"@id\":\"https:\\\/\\\/www.integralpro.com.co\\\/index.php\\\/producto\\\/rack-pdu-basico-apc-ap9567-zerou-15a-100-120v\\\/#breadcrumb\"},\"inLanguage\":\"es\",\"potentialAction\":[{\"@type\":\"ReadAction\",\"target\":[\"https:\\\/\\\/www.integralpro.com.co\\\/index.php\\\/producto\\\/rack-pdu-basico-apc-ap9567-zerou-15a-100-120v\\\/\"]}]},{\"@type\":\"ImageObject\",\"inLanguage\":\"es\",\"@id\":\"https:\\\/\\\/www.integralpro.com.co\\\/index.php\\\/producto\\\/rack-pdu-basico-apc-ap9567-zerou-15a-100-120v\\\/#primaryimage\",\"url\":\"https:\\\/\\\/www.integralpro.com.co\\\/wp-content\\\/uploads\\\/2021\\\/02\\\/550269828dbf7bf7dd2ee44731f9bdef.jpg\",\"contentUrl\":\"https:\\\/\\\/www.integralpro.com.co\\\/wp-content\\\/uploads\\\/2021\\\/02\\\/550269828dbf7bf7dd2ee44731f9bdef.jpg\",\"width\":1000,\"height\":1000},{\"@type\":\"BreadcrumbList\",\"@id\":\"https:\\\/\\\/www.integralpro.com.co\\\/index.php\\\/producto\\\/rack-pdu-basico-apc-ap9567-zerou-15a-100-120v\\\/#breadcrumb\",\"itemListElement\":[{\"@type\":\"ListItem\",\"position\":1,\"name\":\"Portada\",\"item\":\"https:\\\/\\\/www.integralpro.com.co\\\/\"},{\"@type\":\"ListItem\",\"position\":2,\"name\":\"Tienda\",\"item\":\"https:\\\/\\\/www.integralpro.com.co\\\/index.php\\\/tienda\\\/\"},{\"@type\":\"ListItem\",\"position\":3,\"name\":\"Rack Pdu Basico Apc Ap9567 Zerou 15A 100 120V\"}]},{\"@type\":\"WebSite\",\"@id\":\"https:\\\/\\\/www.integralpro.com.co\\\/#website\",\"url\":\"https:\\\/\\\/www.integralpro.com.co\\\/\",\"name\":\"IntegralPro\",\"description\":\"Tienda de Tecnolog\u00eda en L\u00ednea\",\"publisher\":{\"@id\":\"https:\\\/\\\/www.integralpro.com.co\\\/#organization\"},\"potentialAction\":[{\"@type\":\"SearchAction\",\"target\":{\"@type\":\"EntryPoint\",\"urlTemplate\":\"https:\\\/\\\/www.integralpro.com.co\\\/?s={search_term_string}\"},\"query-input\":{\"@type\":\"PropertyValueSpecification\",\"valueRequired\":true,\"valueName\":\"search_term_string\"}}],\"inLanguage\":\"es\"},{\"@type\":\"Organization\",\"@id\":\"https:\\\/\\\/www.integralpro.com.co\\\/#organization\",\"name\":\"IntegralPro SAS\",\"url\":\"https:\\\/\\\/www.integralpro.com.co\\\/\",\"logo\":{\"@type\":\"ImageObject\",\"inLanguage\":\"es\",\"@id\":\"https:\\\/\\\/www.integralpro.com.co\\\/#\\\/schema\\\/logo\\\/image\\\/\",\"url\":\"https:\\\/\\\/www.integralpro.com.co\\\/wp-content\\\/uploads\\\/2021\\\/02\\\/logo-def.jpg\",\"contentUrl\":\"https:\\\/\\\/www.integralpro.com.co\\\/wp-content\\\/uploads\\\/2021\\\/02\\\/logo-def.jpg\",\"width\":238,\"height\":234,\"caption\":\"IntegralPro SAS\"},\"image\":{\"@id\":\"https:\\\/\\\/www.integralpro.com.co\\\/#\\\/schema\\\/logo\\\/image\\\/\"}}]}<\/script>\n<!-- \/ Yoast SEO plugin. -->","yoast_head_json":{"title":"Rack Pdu Basico Apc Ap9567 Zerou 15A 100 120V - IntegralPro","robots":{"index":"index","follow":"follow","max-snippet":"max-snippet:-1","max-image-preview":"max-image-preview:large","max-video-preview":"max-video-preview:-1"},"canonical":"https:\/\/www.integralpro.com.co\/index.php\/producto\/rack-pdu-basico-apc-ap9567-zerou-15a-100-120v\/","og_locale":"es_ES","og_type":"article","og_title":"Rack Pdu Basico Apc Ap9567 Zerou 15A 100 120V - IntegralPro","og_description":"# DE PARTE:AP9567","og_url":"https:\/\/www.integralpro.com.co\/index.php\/producto\/rack-pdu-basico-apc-ap9567-zerou-15a-100-120v\/","og_site_name":"IntegralPro","article_modified_time":"2021-02-19T19:56:35+00:00","og_image":[{"width":1000,"height":1000,"url":"https:\/\/www.integralpro.com.co\/wp-content\/uploads\/2021\/02\/550269828dbf7bf7dd2ee44731f9bdef.jpg","type":"image\/jpeg"}],"twitter_card":"summary_large_image","twitter_misc":{"Tiempo de lectura":"2 minutos"},"schema":{"@context":"https:\/\/schema.org","@graph":[{"@type":"WebPage","@id":"https:\/\/www.integralpro.com.co\/index.php\/producto\/rack-pdu-basico-apc-ap9567-zerou-15a-100-120v\/","url":"https:\/\/www.integralpro.com.co\/index.php\/producto\/rack-pdu-basico-apc-ap9567-zerou-15a-100-120v\/","name":"Rack Pdu Basico Apc Ap9567 Zerou 15A 100 120V - IntegralPro","isPartOf":{"@id":"https:\/\/www.integralpro.com.co\/#website"},"primaryImageOfPage":{"@id":"https:\/\/www.integralpro.com.co\/index.php\/producto\/rack-pdu-basico-apc-ap9567-zerou-15a-100-120v\/#primaryimage"},"image":{"@id":"https:\/\/www.integralpro.com.co\/index.php\/producto\/rack-pdu-basico-apc-ap9567-zerou-15a-100-120v\/#primaryimage"},"thumbnailUrl":"https:\/\/www.integralpro.com.co\/wp-content\/uploads\/2021\/02\/550269828dbf7bf7dd2ee44731f9bdef.jpg","datePublished":"2021-02-19T19:55:50+00:00","dateModified":"2021-02-19T19:56:35+00:00","breadcrumb":{"@id":"https:\/\/www.integralpro.com.co\/index.php\/producto\/rack-pdu-basico-apc-ap9567-zerou-15a-100-120v\/#breadcrumb"},"inLanguage":"es","potentialAction":[{"@type":"ReadAction","target":["https:\/\/www.integralpro.com.co\/index.php\/producto\/rack-pdu-basico-apc-ap9567-zerou-15a-100-120v\/"]}]},{"@type":"ImageObject","inLanguage":"es","@id":"https:\/\/www.integralpro.com.co\/index.php\/producto\/rack-pdu-basico-apc-ap9567-zerou-15a-100-120v\/#primaryimage","url":"https:\/\/www.integralpro.com.co\/wp-content\/uploads\/2021\/02\/550269828dbf7bf7dd2ee44731f9bdef.jpg","contentUrl":"https:\/\/www.integralpro.com.co\/wp-content\/uploads\/2021\/02\/550269828dbf7bf7dd2ee44731f9bdef.jpg","width":1000,"height":1000},{"@type":"BreadcrumbList","@id":"https:\/\/www.integralpro.com.co\/index.php\/producto\/rack-pdu-basico-apc-ap9567-zerou-15a-100-120v\/#breadcrumb","itemListElement":[{"@type":"ListItem","position":1,"name":"Portada","item":"https:\/\/www.integralpro.com.co\/"},{"@type":"ListItem","position":2,"name":"Tienda","item":"https:\/\/www.integralpro.com.co\/index.php\/tienda\/"},{"@type":"ListItem","position":3,"name":"Rack Pdu Basico Apc Ap9567 Zerou 15A 100 120V"}]},{"@type":"WebSite","@id":"https:\/\/www.integralpro.com.co\/#website","url":"https:\/\/www.integralpro.com.co\/","name":"IntegralPro","description":"Tienda de Tecnolog\u00eda en L\u00ednea","publisher":{"@id":"https:\/\/www.integralpro.com.co\/#organization"},"potentialAction":[{"@type":"SearchAction","target":{"@type":"EntryPoint","urlTemplate":"https:\/\/www.integralpro.com.co\/?s={search_term_string}"},"query-input":{"@type":"PropertyValueSpecification","valueRequired":true,"valueName":"search_term_string"}}],"inLanguage":"es"},{"@type":"Organization","@id":"https:\/\/www.integralpro.com.co\/#organization","name":"IntegralPro SAS","url":"https:\/\/www.integralpro.com.co\/","logo":{"@type":"ImageObject","inLanguage":"es","@id":"https:\/\/www.integralpro.com.co\/#\/schema\/logo\/image\/","url":"https:\/\/www.integralpro.com.co\/wp-content\/uploads\/2021\/02\/logo-def.jpg","contentUrl":"https:\/\/www.integralpro.com.co\/wp-content\/uploads\/2021\/02\/logo-def.jpg","width":238,"height":234,"caption":"IntegralPro SAS"},"image":{"@id":"https:\/\/www.integralpro.com.co\/#\/schema\/logo\/image\/"}}]}},"_links":{"self":[{"href":"https:\/\/www.integralpro.com.co\/index.php\/wp-json\/wp\/v2\/product\/2406","targetHints":{"allow":["GET"]}}],"collection":[{"href":"https:\/\/www.integralpro.com.co\/index.php\/wp-json\/wp\/v2\/product"}],"about":[{"href":"https:\/\/www.integralpro.com.co\/index.php\/wp-json\/wp\/v2\/types\/product"}],"version-history":[{"count":1,"href":"https:\/\/www.integralpro.com.co\/index.php\/wp-json\/wp\/v2\/product\/2406\/revisions"}],"predecessor-version":[{"id":2489,"href":"https:\/\/www.integralpro.com.co\/index.php\/wp-json\/wp\/v2\/product\/2406\/revisions\/2489"}],"wp:featuredmedia":[{"embeddable":true,"href":"https:\/\/www.integralpro.com.co\/index.php\/wp-json\/wp\/v2\/media\/2488"}],"wp:attachment":[{"href":"https:\/\/www.integralpro.com.co\/index.php\/wp-json\/wp\/v2\/media?parent=2406"}],"wp:term":[{"taxonomy":"product_brand","embeddable":true,"href":"https:\/\/www.integralpro.com.co\/index.php\/wp-json\/wp\/v2\/product_brand?post=2406"},{"taxonomy":"product_cat","embeddable":true,"href":"https:\/\/www.integralpro.com.co\/index.php\/wp-json\/wp\/v2\/product_cat?post=2406"},{"taxonomy":"product_tag","embeddable":true,"href":"https:\/\/www.integralpro.com.co\/index.php\/wp-json\/wp\/v2\/product_tag?post=2406"}],"curies":[{"name":"wp","href":"https:\/\/api.w.org\/{rel}","templated":true}]}}