{"id":2370,"date":"2021-02-19T14:55:28","date_gmt":"2021-02-19T19:55:28","guid":{"rendered":"https:\/\/www.integralpro.com.co\/index.php\/producto\/import-placeholder-for-1257\/"},"modified":"2021-02-19T14:56:18","modified_gmt":"2021-02-19T19:56:18","slug":"unidad-smart-ups-srt-apc-srt1500xla-de-1500va-y-120v","status":"publish","type":"product","link":"https:\/\/www.integralpro.com.co\/index.php\/producto\/unidad-smart-ups-srt-apc-srt1500xla-de-1500va-y-120v\/","title":{"rendered":"Unidad Smart Ups Srt Apc Srt1500Xla De 1500Va Y 120V"},"content":{"rendered":"<p>Notificaci\u00f3n sobre fallas de la bater\u00eda<br \/>Analiza las bater\u00edas a fin de advertir anticipadamente en caso de fallas posibles, lo que garantiza que el mantenimiento preventivo sea oportuno.<br \/>Modo ECO<br \/>Modo de funcionamiento que permite saltear los componentes el\u00e9ctricos en buenas condiciones energ\u00e9ticas que no se est\u00e1n utilizando para lograr un alto nivel de eficiencia operativa sin sacrificar la protecci\u00f3n.<br \/>Pantalla gr\u00e1fica LCD<br \/>Diagramas de esquema y de texto que muestran modos de operaci\u00f3n, par\u00e1metros del sistema y alarmas.<\/p>\n<p><\/p>\n<p><strong>Manejo inteligente de la bater\u00eda<br \/><\/strong><\/p>\n<p><\/p>\n<p>Maximiza el rendimiento, la vida \u00fatil y la confiabilidad de las bater\u00edas a trav\u00e9s de la carga inteligente y de precisi\u00f3n.<\/p>\n<p><\/p>\n<p><strong>Especificaciones T\u00e9cnicas<\/strong><\/p>\n<p><\/p>\n<p>Dimensiones: 75 x 60 x 24.6 cm<\/p>\n<p>Peso: 22 Kg<\/p>\n<p>Capacidad de potencia de salida<br \/>1.35 KVatios \/ 1.5 kVA<\/p>\n<p>M\u00e1xima potencia configurable (vatios)<br \/>1.35 KVatios \/ 1.5 kVA<\/p>\n<p>Tensi\u00f3n de salida nominal<br \/>120V<\/p>\n<p>Distorsi\u00f3n de tensi\u00f3n de salida<br \/>Menos que 2%<\/p>\n<p>Frequencia de salida (sincronizada con la red)<br \/>50\/60Hz +\/- 3 Hz<br \/>Factor de cresta de carga<br \/>3 : 1<\/p>\n<p>Topolog\u00eda<br \/>Doble conversi\u00f3n en l\u00ednea<\/p>\n<p>Tipo de forma de onda<\/p>\n<p>Onda senoidal<\/p>\n<p>Conexiones de salida<br \/>(6) NEMA 5-15R (Respaldo de bater\u00eda)<\/p>\n<p>Desviaci\u00f3n<br \/>Desviaci\u00f3n incorporada<\/p>\n<p>Entrada de voltaje<br \/>120V<\/p>\n<p>Frecuencia de entrada<br \/>40 &#8211; 70 Hz (autosensor)<\/p>\n<p>Tipo de enchufe<br \/>NEMA 5-15P<\/p>\n<p>Longitud del cable<br \/>1.83metros<\/p>\n<p>Variaci\u00f3n de tensi\u00f3n de entrada para operaciones principales<br \/>108 -150 VCA, 50-150 (40% Load)V<\/p>\n<p>Cantidad de cables de alimentaci\u00f3n<br \/>1<\/p>\n<p>Tipo de bater\u00eda:<br \/>Bater\u00eda sellada de plomo sin necesidad de mantenci\u00f3n con electrolito suspendido: a prueba de filtraci\u00f3n<\/p>\n<p>Bater\u00edas pre-instaladas<br \/>1<\/p>\n<p>Tiempo de recarga t\u00edpico<br \/>3hora(s)<\/p>\n<p>Tensi\u00f3n nominal de bater\u00edas<br \/>48V<\/p>\n<p>Bater\u00eda de recambio<br \/>APCRBC155<\/p>\n<p>Vida \u00fatil esperada de las bater\u00edas (a\u00f1os)<br \/>3 &#8211; 5<\/p>\n<p>Cantidad de cartuchos de bater\u00eda de recambio<br \/>1<\/p>\n<p>Opciones de funcionamiento extendido para <br \/>Unidad-Smart-UPS-SRT-de-APC-de-1500-VA-y-120-V A<\/p>\n<p>Interface Port(s)<br \/>RJ-45 Serial, Smart-Slot, USB<\/p>\n<p>Panel de control<br \/>Estatus multifuncional LCD y consola con control<\/p>\n<p>Alarma audible<br \/>Alarmas sonoras y visibles priorizadas por severidad<\/p>\n<p>Interruptor de emergencia (EPO)<br \/>S\u00ed<\/p>\n<p>Cantidad de interfaces SmartSlot\u2122<br \/>1<\/p>\n<p>Temperatura de operaci\u00f3n<br \/>0 &#8211; 40 \u00b0C<\/p>\n<p>Humedad relativa de operaci\u00f3n<br \/>0 &#8211; 95 (non-condensing) %<\/p>\n<p>Elevaci\u00f3n de operaci\u00f3n<br \/>0-3000metros<\/p>\n<p>Temperatura de almacenamiento<br \/>-20 &#8211; 50 \u00b0C<\/p>\n<p>Humedad relativa de almacenamiento<br \/>0 &#8211; 95 (non-condensing) %<\/p>\n<p>Elevaci\u00f3n de almacenamiento<br \/>0-15000metros<\/p>\n<p>Ruido audible a 1 metro de la superficie de la unidad<br \/>50.0dBA<\/p>\n<p>Disipaci\u00f3n t\u00e9rmica online<br \/>463.0BTU\/hora<\/p>\n<p>Clase de protecci\u00f3n<br \/>IP 20 <\/p>\n<p><\/p>\n<p><strong>Contenido Del Paquete<\/strong><\/p>\n<p><\/p>\n<p>Ups &#8211; cable de comunicaciones, gu\u00eda de instalaci\u00f3n &#8211; pies <br \/>desmontables, cable USB &#8211; Documentaci\u00f3n<\/p>\n","protected":false},"excerpt":{"rendered":"<p># DE PARTE:SRT1500XLA<\/p>\n","protected":false},"featured_media":2455,"template":"","meta":{"site-sidebar-layout":"default","site-content-layout":"","ast-site-content-layout":"default","site-content-style":"default","site-sidebar-style":"default","ast-global-header-display":"","ast-banner-title-visibility":"","ast-main-header-display":"","ast-hfb-above-header-display":"","ast-hfb-below-header-display":"","ast-hfb-mobile-header-display":"","site-post-title":"","ast-breadcrumbs-content":"","ast-featured-img":"","footer-sml-layout":"","ast-disable-related-posts":"","theme-transparent-header-meta":"","adv-header-id-meta":"","stick-header-meta":"","header-above-stick-meta":"","header-main-stick-meta":"","header-below-stick-meta":"","astra-migrate-meta-layouts":"default","ast-page-background-enabled":"default","ast-page-background-meta":{"desktop":{"background-color":"var(--ast-global-color-4)","background-image":"","background-repeat":"repeat","background-position":"center center","background-size":"auto","background-attachment":"scroll","background-type":"","background-media":"","overlay-type":"","overlay-color":"","overlay-opacity":"","overlay-gradient":""},"tablet":{"background-color":"","background-image":"","background-repeat":"repeat","background-position":"center center","background-size":"auto","background-attachment":"scroll","background-type":"","background-media":"","overlay-type":"","overlay-color":"","overlay-opacity":"","overlay-gradient":""},"mobile":{"background-color":"","background-image":"","background-repeat":"repeat","background-position":"center center","background-size":"auto","background-attachment":"scroll","background-type":"","background-media":"","overlay-type":"","overlay-color":"","overlay-opacity":"","overlay-gradient":""}},"ast-content-background-meta":{"desktop":{"background-color":"var(--ast-global-color-5)","background-image":"","background-repeat":"repeat","background-position":"center center","background-size":"auto","background-attachment":"scroll","background-type":"","background-media":"","overlay-type":"","overlay-color":"","overlay-opacity":"","overlay-gradient":""},"tablet":{"background-color":"var(--ast-global-color-5)","background-image":"","background-repeat":"repeat","background-position":"center center","background-size":"auto","background-attachment":"scroll","background-type":"","background-media":"","overlay-type":"","overlay-color":"","overlay-opacity":"","overlay-gradient":""},"mobile":{"background-color":"var(--ast-global-color-5)","background-image":"","background-repeat":"repeat","background-position":"center center","background-size":"auto","background-attachment":"scroll","background-type":"","background-media":"","overlay-type":"","overlay-color":"","overlay-opacity":"","overlay-gradient":""}}},"product_brand":[],"product_cat":[162,65],"product_tag":[450],"class_list":{"0":"post-2370","1":"product","2":"type-product","3":"status-publish","4":"has-post-thumbnail","6":"product_cat-ups","7":"product_cat-ups-reguladores-de-voltaje","8":"product_tag-apc","9":"desktop-align-left","10":"tablet-align-left","11":"mobile-align-left","13":"first","14":"instock","15":"taxable","16":"shipping-taxable","17":"product-type-simple"},"yoast_head":"<!-- This site is optimized with the Yoast SEO plugin v27.4 - https:\/\/yoast.com\/product\/yoast-seo-wordpress\/ -->\n<title>Unidad Smart Ups Srt Apc Srt1500Xla De 1500Va Y 120V - IntegralPro<\/title>\n<meta name=\"robots\" content=\"index, follow, max-snippet:-1, max-image-preview:large, max-video-preview:-1\" \/>\n<link rel=\"canonical\" href=\"https:\/\/www.integralpro.com.co\/index.php\/producto\/unidad-smart-ups-srt-apc-srt1500xla-de-1500va-y-120v\/\" \/>\n<meta property=\"og:locale\" content=\"es_ES\" \/>\n<meta property=\"og:type\" content=\"article\" \/>\n<meta property=\"og:title\" content=\"Unidad Smart Ups Srt Apc Srt1500Xla De 1500Va Y 120V - IntegralPro\" \/>\n<meta property=\"og:description\" content=\"# DE PARTE:SRT1500XLA\" \/>\n<meta property=\"og:url\" content=\"https:\/\/www.integralpro.com.co\/index.php\/producto\/unidad-smart-ups-srt-apc-srt1500xla-de-1500va-y-120v\/\" \/>\n<meta property=\"og:site_name\" content=\"IntegralPro\" \/>\n<meta property=\"article:modified_time\" content=\"2021-02-19T19:56:18+00:00\" \/>\n<meta property=\"og:image\" content=\"https:\/\/www.integralpro.com.co\/wp-content\/uploads\/2021\/02\/80578ace0b4c35743680015da15243b6.jpg\" \/>\n\t<meta property=\"og:image:width\" content=\"1000\" \/>\n\t<meta property=\"og:image:height\" content=\"1000\" \/>\n\t<meta property=\"og:image:type\" content=\"image\/jpeg\" \/>\n<meta name=\"twitter:card\" content=\"summary_large_image\" \/>\n<meta name=\"twitter:label1\" content=\"Tiempo de lectura\" \/>\n\t<meta name=\"twitter:data1\" content=\"2 minutos\" \/>\n<script type=\"application\/ld+json\" class=\"yoast-schema-graph\">{\"@context\":\"https:\\\/\\\/schema.org\",\"@graph\":[{\"@type\":\"WebPage\",\"@id\":\"https:\\\/\\\/www.integralpro.com.co\\\/index.php\\\/producto\\\/unidad-smart-ups-srt-apc-srt1500xla-de-1500va-y-120v\\\/\",\"url\":\"https:\\\/\\\/www.integralpro.com.co\\\/index.php\\\/producto\\\/unidad-smart-ups-srt-apc-srt1500xla-de-1500va-y-120v\\\/\",\"name\":\"Unidad Smart Ups Srt Apc Srt1500Xla De 1500Va Y 120V - IntegralPro\",\"isPartOf\":{\"@id\":\"https:\\\/\\\/www.integralpro.com.co\\\/#website\"},\"primaryImageOfPage\":{\"@id\":\"https:\\\/\\\/www.integralpro.com.co\\\/index.php\\\/producto\\\/unidad-smart-ups-srt-apc-srt1500xla-de-1500va-y-120v\\\/#primaryimage\"},\"image\":{\"@id\":\"https:\\\/\\\/www.integralpro.com.co\\\/index.php\\\/producto\\\/unidad-smart-ups-srt-apc-srt1500xla-de-1500va-y-120v\\\/#primaryimage\"},\"thumbnailUrl\":\"https:\\\/\\\/www.integralpro.com.co\\\/wp-content\\\/uploads\\\/2021\\\/02\\\/80578ace0b4c35743680015da15243b6.jpg\",\"datePublished\":\"2021-02-19T19:55:28+00:00\",\"dateModified\":\"2021-02-19T19:56:18+00:00\",\"breadcrumb\":{\"@id\":\"https:\\\/\\\/www.integralpro.com.co\\\/index.php\\\/producto\\\/unidad-smart-ups-srt-apc-srt1500xla-de-1500va-y-120v\\\/#breadcrumb\"},\"inLanguage\":\"es\",\"potentialAction\":[{\"@type\":\"ReadAction\",\"target\":[\"https:\\\/\\\/www.integralpro.com.co\\\/index.php\\\/producto\\\/unidad-smart-ups-srt-apc-srt1500xla-de-1500va-y-120v\\\/\"]}]},{\"@type\":\"ImageObject\",\"inLanguage\":\"es\",\"@id\":\"https:\\\/\\\/www.integralpro.com.co\\\/index.php\\\/producto\\\/unidad-smart-ups-srt-apc-srt1500xla-de-1500va-y-120v\\\/#primaryimage\",\"url\":\"https:\\\/\\\/www.integralpro.com.co\\\/wp-content\\\/uploads\\\/2021\\\/02\\\/80578ace0b4c35743680015da15243b6.jpg\",\"contentUrl\":\"https:\\\/\\\/www.integralpro.com.co\\\/wp-content\\\/uploads\\\/2021\\\/02\\\/80578ace0b4c35743680015da15243b6.jpg\",\"width\":1000,\"height\":1000},{\"@type\":\"BreadcrumbList\",\"@id\":\"https:\\\/\\\/www.integralpro.com.co\\\/index.php\\\/producto\\\/unidad-smart-ups-srt-apc-srt1500xla-de-1500va-y-120v\\\/#breadcrumb\",\"itemListElement\":[{\"@type\":\"ListItem\",\"position\":1,\"name\":\"Portada\",\"item\":\"https:\\\/\\\/www.integralpro.com.co\\\/\"},{\"@type\":\"ListItem\",\"position\":2,\"name\":\"Tienda\",\"item\":\"https:\\\/\\\/www.integralpro.com.co\\\/index.php\\\/tienda\\\/\"},{\"@type\":\"ListItem\",\"position\":3,\"name\":\"Unidad Smart Ups Srt Apc Srt1500Xla De 1500Va Y 120V\"}]},{\"@type\":\"WebSite\",\"@id\":\"https:\\\/\\\/www.integralpro.com.co\\\/#website\",\"url\":\"https:\\\/\\\/www.integralpro.com.co\\\/\",\"name\":\"IntegralPro\",\"description\":\"Tienda de Tecnolog\u00eda en L\u00ednea\",\"publisher\":{\"@id\":\"https:\\\/\\\/www.integralpro.com.co\\\/#organization\"},\"potentialAction\":[{\"@type\":\"SearchAction\",\"target\":{\"@type\":\"EntryPoint\",\"urlTemplate\":\"https:\\\/\\\/www.integralpro.com.co\\\/?s={search_term_string}\"},\"query-input\":{\"@type\":\"PropertyValueSpecification\",\"valueRequired\":true,\"valueName\":\"search_term_string\"}}],\"inLanguage\":\"es\"},{\"@type\":\"Organization\",\"@id\":\"https:\\\/\\\/www.integralpro.com.co\\\/#organization\",\"name\":\"IntegralPro SAS\",\"url\":\"https:\\\/\\\/www.integralpro.com.co\\\/\",\"logo\":{\"@type\":\"ImageObject\",\"inLanguage\":\"es\",\"@id\":\"https:\\\/\\\/www.integralpro.com.co\\\/#\\\/schema\\\/logo\\\/image\\\/\",\"url\":\"https:\\\/\\\/www.integralpro.com.co\\\/wp-content\\\/uploads\\\/2021\\\/02\\\/logo-def.jpg\",\"contentUrl\":\"https:\\\/\\\/www.integralpro.com.co\\\/wp-content\\\/uploads\\\/2021\\\/02\\\/logo-def.jpg\",\"width\":238,\"height\":234,\"caption\":\"IntegralPro SAS\"},\"image\":{\"@id\":\"https:\\\/\\\/www.integralpro.com.co\\\/#\\\/schema\\\/logo\\\/image\\\/\"}}]}<\/script>\n<!-- \/ Yoast SEO plugin. -->","yoast_head_json":{"title":"Unidad Smart Ups Srt Apc Srt1500Xla De 1500Va Y 120V - IntegralPro","robots":{"index":"index","follow":"follow","max-snippet":"max-snippet:-1","max-image-preview":"max-image-preview:large","max-video-preview":"max-video-preview:-1"},"canonical":"https:\/\/www.integralpro.com.co\/index.php\/producto\/unidad-smart-ups-srt-apc-srt1500xla-de-1500va-y-120v\/","og_locale":"es_ES","og_type":"article","og_title":"Unidad Smart Ups Srt Apc Srt1500Xla De 1500Va Y 120V - IntegralPro","og_description":"# DE PARTE:SRT1500XLA","og_url":"https:\/\/www.integralpro.com.co\/index.php\/producto\/unidad-smart-ups-srt-apc-srt1500xla-de-1500va-y-120v\/","og_site_name":"IntegralPro","article_modified_time":"2021-02-19T19:56:18+00:00","og_image":[{"width":1000,"height":1000,"url":"https:\/\/www.integralpro.com.co\/wp-content\/uploads\/2021\/02\/80578ace0b4c35743680015da15243b6.jpg","type":"image\/jpeg"}],"twitter_card":"summary_large_image","twitter_misc":{"Tiempo de lectura":"2 minutos"},"schema":{"@context":"https:\/\/schema.org","@graph":[{"@type":"WebPage","@id":"https:\/\/www.integralpro.com.co\/index.php\/producto\/unidad-smart-ups-srt-apc-srt1500xla-de-1500va-y-120v\/","url":"https:\/\/www.integralpro.com.co\/index.php\/producto\/unidad-smart-ups-srt-apc-srt1500xla-de-1500va-y-120v\/","name":"Unidad Smart Ups Srt Apc Srt1500Xla De 1500Va Y 120V - IntegralPro","isPartOf":{"@id":"https:\/\/www.integralpro.com.co\/#website"},"primaryImageOfPage":{"@id":"https:\/\/www.integralpro.com.co\/index.php\/producto\/unidad-smart-ups-srt-apc-srt1500xla-de-1500va-y-120v\/#primaryimage"},"image":{"@id":"https:\/\/www.integralpro.com.co\/index.php\/producto\/unidad-smart-ups-srt-apc-srt1500xla-de-1500va-y-120v\/#primaryimage"},"thumbnailUrl":"https:\/\/www.integralpro.com.co\/wp-content\/uploads\/2021\/02\/80578ace0b4c35743680015da15243b6.jpg","datePublished":"2021-02-19T19:55:28+00:00","dateModified":"2021-02-19T19:56:18+00:00","breadcrumb":{"@id":"https:\/\/www.integralpro.com.co\/index.php\/producto\/unidad-smart-ups-srt-apc-srt1500xla-de-1500va-y-120v\/#breadcrumb"},"inLanguage":"es","potentialAction":[{"@type":"ReadAction","target":["https:\/\/www.integralpro.com.co\/index.php\/producto\/unidad-smart-ups-srt-apc-srt1500xla-de-1500va-y-120v\/"]}]},{"@type":"ImageObject","inLanguage":"es","@id":"https:\/\/www.integralpro.com.co\/index.php\/producto\/unidad-smart-ups-srt-apc-srt1500xla-de-1500va-y-120v\/#primaryimage","url":"https:\/\/www.integralpro.com.co\/wp-content\/uploads\/2021\/02\/80578ace0b4c35743680015da15243b6.jpg","contentUrl":"https:\/\/www.integralpro.com.co\/wp-content\/uploads\/2021\/02\/80578ace0b4c35743680015da15243b6.jpg","width":1000,"height":1000},{"@type":"BreadcrumbList","@id":"https:\/\/www.integralpro.com.co\/index.php\/producto\/unidad-smart-ups-srt-apc-srt1500xla-de-1500va-y-120v\/#breadcrumb","itemListElement":[{"@type":"ListItem","position":1,"name":"Portada","item":"https:\/\/www.integralpro.com.co\/"},{"@type":"ListItem","position":2,"name":"Tienda","item":"https:\/\/www.integralpro.com.co\/index.php\/tienda\/"},{"@type":"ListItem","position":3,"name":"Unidad Smart Ups Srt Apc Srt1500Xla De 1500Va Y 120V"}]},{"@type":"WebSite","@id":"https:\/\/www.integralpro.com.co\/#website","url":"https:\/\/www.integralpro.com.co\/","name":"IntegralPro","description":"Tienda de Tecnolog\u00eda en L\u00ednea","publisher":{"@id":"https:\/\/www.integralpro.com.co\/#organization"},"potentialAction":[{"@type":"SearchAction","target":{"@type":"EntryPoint","urlTemplate":"https:\/\/www.integralpro.com.co\/?s={search_term_string}"},"query-input":{"@type":"PropertyValueSpecification","valueRequired":true,"valueName":"search_term_string"}}],"inLanguage":"es"},{"@type":"Organization","@id":"https:\/\/www.integralpro.com.co\/#organization","name":"IntegralPro SAS","url":"https:\/\/www.integralpro.com.co\/","logo":{"@type":"ImageObject","inLanguage":"es","@id":"https:\/\/www.integralpro.com.co\/#\/schema\/logo\/image\/","url":"https:\/\/www.integralpro.com.co\/wp-content\/uploads\/2021\/02\/logo-def.jpg","contentUrl":"https:\/\/www.integralpro.com.co\/wp-content\/uploads\/2021\/02\/logo-def.jpg","width":238,"height":234,"caption":"IntegralPro SAS"},"image":{"@id":"https:\/\/www.integralpro.com.co\/#\/schema\/logo\/image\/"}}]}},"_links":{"self":[{"href":"https:\/\/www.integralpro.com.co\/index.php\/wp-json\/wp\/v2\/product\/2370","targetHints":{"allow":["GET"]}}],"collection":[{"href":"https:\/\/www.integralpro.com.co\/index.php\/wp-json\/wp\/v2\/product"}],"about":[{"href":"https:\/\/www.integralpro.com.co\/index.php\/wp-json\/wp\/v2\/types\/product"}],"version-history":[{"count":1,"href":"https:\/\/www.integralpro.com.co\/index.php\/wp-json\/wp\/v2\/product\/2370\/revisions"}],"predecessor-version":[{"id":2456,"href":"https:\/\/www.integralpro.com.co\/index.php\/wp-json\/wp\/v2\/product\/2370\/revisions\/2456"}],"wp:featuredmedia":[{"embeddable":true,"href":"https:\/\/www.integralpro.com.co\/index.php\/wp-json\/wp\/v2\/media\/2455"}],"wp:attachment":[{"href":"https:\/\/www.integralpro.com.co\/index.php\/wp-json\/wp\/v2\/media?parent=2370"}],"wp:term":[{"taxonomy":"product_brand","embeddable":true,"href":"https:\/\/www.integralpro.com.co\/index.php\/wp-json\/wp\/v2\/product_brand?post=2370"},{"taxonomy":"product_cat","embeddable":true,"href":"https:\/\/www.integralpro.com.co\/index.php\/wp-json\/wp\/v2\/product_cat?post=2370"},{"taxonomy":"product_tag","embeddable":true,"href":"https:\/\/www.integralpro.com.co\/index.php\/wp-json\/wp\/v2\/product_tag?post=2370"}],"curies":[{"name":"wp","href":"https:\/\/api.w.org\/{rel}","templated":true}]}}