{"id":2168,"date":"2021-02-19T14:53:32","date_gmt":"2021-02-19T19:53:32","guid":{"rendered":"https:\/\/www.integralpro.com.co\/index.php\/producto\/import-placeholder-for-1188\/"},"modified":"2021-02-19T14:54:20","modified_gmt":"2021-02-19T19:54:20","slug":"impresora-epson-ecotank-l1300-a-color-tanque-de-tinta","status":"publish","type":"product","link":"https:\/\/www.integralpro.com.co\/index.php\/producto\/impresora-epson-ecotank-l1300-a-color-tanque-de-tinta\/","title":{"rendered":"Impresora Epson Ecotank L1300 A Color Tanque De Tinta"},"content":{"rendered":"<p>Impresora Epson Ecotank L1300 Negra. Resoluci\u00f3n: Hasta 5760 x 1440 dpi de resoluci\u00f3n optimizada en varios tipos de papel.<br \/>Tecnolog\u00eda de impresi\u00f3n: Tecnolog\u00eda de inyecci\u00f3n de tinta MicroPiezo\u00ae de 4 colores (CMYK).<br \/>Velocidad de Impresi\u00f3n: M\u00e1xima Negro 30 ppm y Color 17 ppm. Normal: Negro 15 ISO ppm y Color 5,5 ISO ppm.<br \/>Tama\u00f1o de papel Carta (20 x 25cm, o 8&#8243; x 10&#8243;), oficio (21,6 x 35,6cm), legal, A3 (30 x 42 cm), A3+ (33 x 48cm), A4, A5, A6, B5, 10 x 15 cm (4&#8243; x 6&#8243;), 13 x 18 cm (5&#8243; x 7&#8243;). \u00c1rea m\u00e1xima de impresi\u00f3n: 32,9 x 111 cm (12,95&#8243; x 44&#8243;) Sobres: No. 10, DL, C6, 200 mm x 132 mm.<br \/>Interfaces USB 2.0 (High Speed, compatible USB 1.1) <\/p>\n<p>&nbsp;<strong>Especificaciones T\u00e9cnicas<\/strong><\/p>\n<p>Dimensiones: 70.5 x 21.5 x 32.2 cm<\/p>\n<p>Peso: 12.2 Kg<\/p>\n<p>Tecnolog\u00eda de impresi\u00f3n:&nbsp; <br \/>Tecnolog\u00eda de inyecci\u00f3n de tinta MicroPiezo\u00ae de 4 colores (CMYK)<\/p>\n<p>Resoluci\u00f3n: Hasta 5760 x 1440 dpi de resoluci\u00f3n optimizada en varios tipos de papel<\/p>\n<p>Botellas con tinta original Epson (incluidas): 2 botellas con tinta Negra<\/p>\n<p>Botella de reemplazo negro: rinde hasta 7.100 p\u00e1ginas2<\/p>\n<p>3 Botellas a color: (Cian, Magenta, Amarillo) <\/p>\n<p>Botellas de reemplazo colores: rinden hasta 5.700 p\u00e1ginas2<\/p>\n<p>Tama\u00f1o de la gota:&nbsp; 3.3 picolitros <\/p>\n<p>Velocidad de Impresi\u00f3n1 <br \/>M\u00e1xima: Negro 30 ppm y Color 17 ppm<br \/>Normal: Negro 15 ISO ppm y Color 5,5 ISO ppm<\/p>\n<p>Alimentaci\u00f3n de papel: Hojas sueltas<\/p>\n<p>Tama\u00f1o de papel <br \/>Carta (20 x 25cm, o 8&#8243; x 10&#8243;), oficio (21,6 x 35,6cm), legal, A3 (30 x 42 cm), A3+ (33 x 48cm), A4, A5, A6, B5, 10 x 15 cm (4&#8243; x 6&#8243;), 13 x 18 cm (5&#8243; x 7&#8243;). \u00c1rea m\u00e1xima de impresi\u00f3n: 32,9 x 111 cm (12,95&#8243; x 44&#8243;)<\/p>\n<p>Sobres: No. 10, DL, C6, 200 mm x 132 mm<\/p>\n<p>Tipos de papel Soporta distintos papeles Epson; Papel normal y bond<br \/>Capacidad de entrada de papel: Bandeja de entrada: 100 hojas \/ 10 sobres<\/p>\n<p>Bandeja de salida: 40 hojas<\/p>\n<p>Interfaces: USB 2.0 (High Speed, compatible USB 1.1) <\/p>\n<p>Software incluido:&nbsp; Epson Easy Photo Print <\/p>\n<p>Requerimientos el\u00e9ctricos Voltaje: <br \/>Epson L655 (110 V) C11CD81301<br \/>Epson L655 (220 V) C11CD81303<\/p>\n<p>Frecuencia: 50-60Hz +\/- 0,5Hz <br \/>Consumo (Patr\u00f3n ISO 24712 \/ Reposo): 100-120V: 19W \/ 1,4W &#8211; 220-240V: 20W \/ 1,6W<br \/>Compatibilidad:&nbsp; Windows 8, Windows 7, Windows Vista\u00ae, Windows XP, Windows XP Professional x64 <br \/>Mac OS\u00ae X, 10.5.8, 10.6.x, 10.7.x, 10.8.x&nbsp;<br \/>Puertos e Interfaces: Ethernet Wifi <br \/>Interfaz est\u00e1ndar USB<\/p>\n<p>Capacidad de la entrada<br \/>Capacidad de entrada est\u00e1ndar 100 hojas<\/p>\n<p>Tecnolog\u00eda de la impresi\u00f3n:<br \/>Color SI<\/p>\n<p>Resoluci\u00f3n m\u00e1xima: 5760 x 1440 DPI<\/p>\n<p>N\u00famero de cartuchos de impresi\u00f3n: 4<br \/>Colores de impresi\u00f3n Negro, Cian, Magenta, Amarillo<\/p>\n<p>Tipo de papel de entrada: Bandeja de papel <\/p>\n<p>Consumo energ\u00e9tico:20 W <\/p>\n<p>Frecuencia de entrada: AC 50\/60 Hz <\/p>\n<p>Voltaje de entrada AC :110 &#8211; 240 V<\/p>\n<p>Tama\u00f1o de papel fotogr\u00e1fico: 4&#215;6,5&#215;7,8&#215;10&#8243;<br \/>Tama\u00f1o de sobres: 10, C6, DL<\/p>\n<p>ISO tama\u00f1o de serie A (A0&#8230;A9) A3, A4, A5, A6<\/p>\n<p>ISO tama\u00f1o de serie B (B0&#8230;B9) B5<\/p>\n<p>Tipos de bandeja est\u00e1ndar: Papel fotogr\u00e1fico<br \/>Tama\u00f1o de impresora No-ISO: Carta<\/p>\n<p>Tama\u00f1o m\u00e1ximo de papel ISO A-series A4 Sistema operativo Windows soportado:&nbsp; <br \/>Si<\/p>\n<p>Sistema operativo MAC soportado: Mac OS X 10.6 Snow Leopard, Mac OS X 10.7 Lion, Mac OS X 10.8 Mountain Lion, Mac OS X 10.9 Mavericks<\/p>\n<p><\/p>\n<p><strong>Contenido Del Paquete<\/strong><\/p>\n<p><\/p>\n<p> Impresora<br \/>&#8211; Cable de Alimentaci\u00f3n &#8211;&nbsp;<br \/>Cable USB<br \/>&#8211; Gu\u00eda r\u00e1pida de instalaci\u00f3n<br \/>CD con drivers y manuales-&nbsp;<br \/>2 botellas de tinta negra y 3 botellas de tinta a color (cian magenta y amarilla) <br \/>&#8211; Documentaci\u00f3n. <\/p>\n","protected":false},"excerpt":{"rendered":"<p># DE PARTE:C11CD81301<\/p>\n","protected":false},"featured_media":2252,"template":"","meta":{"site-sidebar-layout":"default","site-content-layout":"","ast-site-content-layout":"default","site-content-style":"default","site-sidebar-style":"default","ast-global-header-display":"","ast-banner-title-visibility":"","ast-main-header-display":"","ast-hfb-above-header-display":"","ast-hfb-below-header-display":"","ast-hfb-mobile-header-display":"","site-post-title":"","ast-breadcrumbs-content":"","ast-featured-img":"","footer-sml-layout":"","ast-disable-related-posts":"","theme-transparent-header-meta":"","adv-header-id-meta":"","stick-header-meta":"","header-above-stick-meta":"","header-main-stick-meta":"","header-below-stick-meta":"","astra-migrate-meta-layouts":"default","ast-page-background-enabled":"default","ast-page-background-meta":{"desktop":{"background-color":"var(--ast-global-color-4)","background-image":"","background-repeat":"repeat","background-position":"center center","background-size":"auto","background-attachment":"scroll","background-type":"","background-media":"","overlay-type":"","overlay-color":"","overlay-opacity":"","overlay-gradient":""},"tablet":{"background-color":"","background-image":"","background-repeat":"repeat","background-position":"center center","background-size":"auto","background-attachment":"scroll","background-type":"","background-media":"","overlay-type":"","overlay-color":"","overlay-opacity":"","overlay-gradient":""},"mobile":{"background-color":"","background-image":"","background-repeat":"repeat","background-position":"center center","background-size":"auto","background-attachment":"scroll","background-type":"","background-media":"","overlay-type":"","overlay-color":"","overlay-opacity":"","overlay-gradient":""}},"ast-content-background-meta":{"desktop":{"background-color":"var(--ast-global-color-5)","background-image":"","background-repeat":"repeat","background-position":"center center","background-size":"auto","background-attachment":"scroll","background-type":"","background-media":"","overlay-type":"","overlay-color":"","overlay-opacity":"","overlay-gradient":""},"tablet":{"background-color":"var(--ast-global-color-5)","background-image":"","background-repeat":"repeat","background-position":"center center","background-size":"auto","background-attachment":"scroll","background-type":"","background-media":"","overlay-type":"","overlay-color":"","overlay-opacity":"","overlay-gradient":""},"mobile":{"background-color":"var(--ast-global-color-5)","background-image":"","background-repeat":"repeat","background-position":"center center","background-size":"auto","background-attachment":"scroll","background-type":"","background-media":"","overlay-type":"","overlay-color":"","overlay-opacity":"","overlay-gradient":""}}},"product_brand":[],"product_cat":[57],"product_tag":[40],"class_list":{"0":"post-2168","1":"product","2":"type-product","3":"status-publish","4":"has-post-thumbnail","6":"product_cat-impresoras-y-suministros","7":"product_tag-epson","8":"desktop-align-left","9":"tablet-align-left","10":"mobile-align-left","12":"first","13":"instock","14":"taxable","15":"shipping-taxable","16":"product-type-simple"},"yoast_head":"<!-- This site is optimized with the Yoast SEO plugin v27.4 - https:\/\/yoast.com\/product\/yoast-seo-wordpress\/ -->\n<title>Impresora Epson Ecotank L1300 A Color Tanque De Tinta - IntegralPro<\/title>\n<meta name=\"robots\" content=\"index, follow, max-snippet:-1, max-image-preview:large, max-video-preview:-1\" \/>\n<link rel=\"canonical\" href=\"https:\/\/www.integralpro.com.co\/index.php\/producto\/impresora-epson-ecotank-l1300-a-color-tanque-de-tinta\/\" \/>\n<meta property=\"og:locale\" content=\"es_ES\" \/>\n<meta property=\"og:type\" content=\"article\" \/>\n<meta property=\"og:title\" content=\"Impresora Epson Ecotank L1300 A Color Tanque De Tinta - IntegralPro\" \/>\n<meta property=\"og:description\" content=\"# DE PARTE:C11CD81301\" \/>\n<meta property=\"og:url\" content=\"https:\/\/www.integralpro.com.co\/index.php\/producto\/impresora-epson-ecotank-l1300-a-color-tanque-de-tinta\/\" \/>\n<meta property=\"og:site_name\" content=\"IntegralPro\" \/>\n<meta property=\"article:modified_time\" content=\"2021-02-19T19:54:20+00:00\" \/>\n<meta property=\"og:image\" content=\"https:\/\/www.integralpro.com.co\/wp-content\/uploads\/2021\/02\/c12c387d2c6448280016dd2e6043eacf.jpg\" \/>\n\t<meta property=\"og:image:width\" content=\"1000\" \/>\n\t<meta property=\"og:image:height\" content=\"1000\" \/>\n\t<meta property=\"og:image:type\" content=\"image\/jpeg\" \/>\n<meta name=\"twitter:card\" content=\"summary_large_image\" \/>\n<meta name=\"twitter:label1\" content=\"Tiempo de lectura\" \/>\n\t<meta name=\"twitter:data1\" content=\"3 minutos\" \/>\n<script type=\"application\/ld+json\" class=\"yoast-schema-graph\">{\"@context\":\"https:\\\/\\\/schema.org\",\"@graph\":[{\"@type\":\"WebPage\",\"@id\":\"https:\\\/\\\/www.integralpro.com.co\\\/index.php\\\/producto\\\/impresora-epson-ecotank-l1300-a-color-tanque-de-tinta\\\/\",\"url\":\"https:\\\/\\\/www.integralpro.com.co\\\/index.php\\\/producto\\\/impresora-epson-ecotank-l1300-a-color-tanque-de-tinta\\\/\",\"name\":\"Impresora Epson Ecotank L1300 A Color Tanque De Tinta - IntegralPro\",\"isPartOf\":{\"@id\":\"https:\\\/\\\/www.integralpro.com.co\\\/#website\"},\"primaryImageOfPage\":{\"@id\":\"https:\\\/\\\/www.integralpro.com.co\\\/index.php\\\/producto\\\/impresora-epson-ecotank-l1300-a-color-tanque-de-tinta\\\/#primaryimage\"},\"image\":{\"@id\":\"https:\\\/\\\/www.integralpro.com.co\\\/index.php\\\/producto\\\/impresora-epson-ecotank-l1300-a-color-tanque-de-tinta\\\/#primaryimage\"},\"thumbnailUrl\":\"https:\\\/\\\/www.integralpro.com.co\\\/wp-content\\\/uploads\\\/2021\\\/02\\\/c12c387d2c6448280016dd2e6043eacf.jpg\",\"datePublished\":\"2021-02-19T19:53:32+00:00\",\"dateModified\":\"2021-02-19T19:54:20+00:00\",\"breadcrumb\":{\"@id\":\"https:\\\/\\\/www.integralpro.com.co\\\/index.php\\\/producto\\\/impresora-epson-ecotank-l1300-a-color-tanque-de-tinta\\\/#breadcrumb\"},\"inLanguage\":\"es\",\"potentialAction\":[{\"@type\":\"ReadAction\",\"target\":[\"https:\\\/\\\/www.integralpro.com.co\\\/index.php\\\/producto\\\/impresora-epson-ecotank-l1300-a-color-tanque-de-tinta\\\/\"]}]},{\"@type\":\"ImageObject\",\"inLanguage\":\"es\",\"@id\":\"https:\\\/\\\/www.integralpro.com.co\\\/index.php\\\/producto\\\/impresora-epson-ecotank-l1300-a-color-tanque-de-tinta\\\/#primaryimage\",\"url\":\"https:\\\/\\\/www.integralpro.com.co\\\/wp-content\\\/uploads\\\/2021\\\/02\\\/c12c387d2c6448280016dd2e6043eacf.jpg\",\"contentUrl\":\"https:\\\/\\\/www.integralpro.com.co\\\/wp-content\\\/uploads\\\/2021\\\/02\\\/c12c387d2c6448280016dd2e6043eacf.jpg\",\"width\":1000,\"height\":1000},{\"@type\":\"BreadcrumbList\",\"@id\":\"https:\\\/\\\/www.integralpro.com.co\\\/index.php\\\/producto\\\/impresora-epson-ecotank-l1300-a-color-tanque-de-tinta\\\/#breadcrumb\",\"itemListElement\":[{\"@type\":\"ListItem\",\"position\":1,\"name\":\"Portada\",\"item\":\"https:\\\/\\\/www.integralpro.com.co\\\/\"},{\"@type\":\"ListItem\",\"position\":2,\"name\":\"Tienda\",\"item\":\"https:\\\/\\\/www.integralpro.com.co\\\/index.php\\\/tienda\\\/\"},{\"@type\":\"ListItem\",\"position\":3,\"name\":\"Impresora Epson Ecotank L1300 A Color Tanque De Tinta\"}]},{\"@type\":\"WebSite\",\"@id\":\"https:\\\/\\\/www.integralpro.com.co\\\/#website\",\"url\":\"https:\\\/\\\/www.integralpro.com.co\\\/\",\"name\":\"IntegralPro\",\"description\":\"Tienda de Tecnolog\u00eda en L\u00ednea\",\"publisher\":{\"@id\":\"https:\\\/\\\/www.integralpro.com.co\\\/#organization\"},\"potentialAction\":[{\"@type\":\"SearchAction\",\"target\":{\"@type\":\"EntryPoint\",\"urlTemplate\":\"https:\\\/\\\/www.integralpro.com.co\\\/?s={search_term_string}\"},\"query-input\":{\"@type\":\"PropertyValueSpecification\",\"valueRequired\":true,\"valueName\":\"search_term_string\"}}],\"inLanguage\":\"es\"},{\"@type\":\"Organization\",\"@id\":\"https:\\\/\\\/www.integralpro.com.co\\\/#organization\",\"name\":\"IntegralPro SAS\",\"url\":\"https:\\\/\\\/www.integralpro.com.co\\\/\",\"logo\":{\"@type\":\"ImageObject\",\"inLanguage\":\"es\",\"@id\":\"https:\\\/\\\/www.integralpro.com.co\\\/#\\\/schema\\\/logo\\\/image\\\/\",\"url\":\"https:\\\/\\\/www.integralpro.com.co\\\/wp-content\\\/uploads\\\/2021\\\/02\\\/logo-def.jpg\",\"contentUrl\":\"https:\\\/\\\/www.integralpro.com.co\\\/wp-content\\\/uploads\\\/2021\\\/02\\\/logo-def.jpg\",\"width\":238,\"height\":234,\"caption\":\"IntegralPro SAS\"},\"image\":{\"@id\":\"https:\\\/\\\/www.integralpro.com.co\\\/#\\\/schema\\\/logo\\\/image\\\/\"}}]}<\/script>\n<!-- \/ Yoast SEO plugin. -->","yoast_head_json":{"title":"Impresora Epson Ecotank L1300 A Color Tanque De Tinta - IntegralPro","robots":{"index":"index","follow":"follow","max-snippet":"max-snippet:-1","max-image-preview":"max-image-preview:large","max-video-preview":"max-video-preview:-1"},"canonical":"https:\/\/www.integralpro.com.co\/index.php\/producto\/impresora-epson-ecotank-l1300-a-color-tanque-de-tinta\/","og_locale":"es_ES","og_type":"article","og_title":"Impresora Epson Ecotank L1300 A Color Tanque De Tinta - IntegralPro","og_description":"# DE PARTE:C11CD81301","og_url":"https:\/\/www.integralpro.com.co\/index.php\/producto\/impresora-epson-ecotank-l1300-a-color-tanque-de-tinta\/","og_site_name":"IntegralPro","article_modified_time":"2021-02-19T19:54:20+00:00","og_image":[{"width":1000,"height":1000,"url":"https:\/\/www.integralpro.com.co\/wp-content\/uploads\/2021\/02\/c12c387d2c6448280016dd2e6043eacf.jpg","type":"image\/jpeg"}],"twitter_card":"summary_large_image","twitter_misc":{"Tiempo de lectura":"3 minutos"},"schema":{"@context":"https:\/\/schema.org","@graph":[{"@type":"WebPage","@id":"https:\/\/www.integralpro.com.co\/index.php\/producto\/impresora-epson-ecotank-l1300-a-color-tanque-de-tinta\/","url":"https:\/\/www.integralpro.com.co\/index.php\/producto\/impresora-epson-ecotank-l1300-a-color-tanque-de-tinta\/","name":"Impresora Epson Ecotank L1300 A Color Tanque De Tinta - IntegralPro","isPartOf":{"@id":"https:\/\/www.integralpro.com.co\/#website"},"primaryImageOfPage":{"@id":"https:\/\/www.integralpro.com.co\/index.php\/producto\/impresora-epson-ecotank-l1300-a-color-tanque-de-tinta\/#primaryimage"},"image":{"@id":"https:\/\/www.integralpro.com.co\/index.php\/producto\/impresora-epson-ecotank-l1300-a-color-tanque-de-tinta\/#primaryimage"},"thumbnailUrl":"https:\/\/www.integralpro.com.co\/wp-content\/uploads\/2021\/02\/c12c387d2c6448280016dd2e6043eacf.jpg","datePublished":"2021-02-19T19:53:32+00:00","dateModified":"2021-02-19T19:54:20+00:00","breadcrumb":{"@id":"https:\/\/www.integralpro.com.co\/index.php\/producto\/impresora-epson-ecotank-l1300-a-color-tanque-de-tinta\/#breadcrumb"},"inLanguage":"es","potentialAction":[{"@type":"ReadAction","target":["https:\/\/www.integralpro.com.co\/index.php\/producto\/impresora-epson-ecotank-l1300-a-color-tanque-de-tinta\/"]}]},{"@type":"ImageObject","inLanguage":"es","@id":"https:\/\/www.integralpro.com.co\/index.php\/producto\/impresora-epson-ecotank-l1300-a-color-tanque-de-tinta\/#primaryimage","url":"https:\/\/www.integralpro.com.co\/wp-content\/uploads\/2021\/02\/c12c387d2c6448280016dd2e6043eacf.jpg","contentUrl":"https:\/\/www.integralpro.com.co\/wp-content\/uploads\/2021\/02\/c12c387d2c6448280016dd2e6043eacf.jpg","width":1000,"height":1000},{"@type":"BreadcrumbList","@id":"https:\/\/www.integralpro.com.co\/index.php\/producto\/impresora-epson-ecotank-l1300-a-color-tanque-de-tinta\/#breadcrumb","itemListElement":[{"@type":"ListItem","position":1,"name":"Portada","item":"https:\/\/www.integralpro.com.co\/"},{"@type":"ListItem","position":2,"name":"Tienda","item":"https:\/\/www.integralpro.com.co\/index.php\/tienda\/"},{"@type":"ListItem","position":3,"name":"Impresora Epson Ecotank L1300 A Color Tanque De Tinta"}]},{"@type":"WebSite","@id":"https:\/\/www.integralpro.com.co\/#website","url":"https:\/\/www.integralpro.com.co\/","name":"IntegralPro","description":"Tienda de Tecnolog\u00eda en L\u00ednea","publisher":{"@id":"https:\/\/www.integralpro.com.co\/#organization"},"potentialAction":[{"@type":"SearchAction","target":{"@type":"EntryPoint","urlTemplate":"https:\/\/www.integralpro.com.co\/?s={search_term_string}"},"query-input":{"@type":"PropertyValueSpecification","valueRequired":true,"valueName":"search_term_string"}}],"inLanguage":"es"},{"@type":"Organization","@id":"https:\/\/www.integralpro.com.co\/#organization","name":"IntegralPro SAS","url":"https:\/\/www.integralpro.com.co\/","logo":{"@type":"ImageObject","inLanguage":"es","@id":"https:\/\/www.integralpro.com.co\/#\/schema\/logo\/image\/","url":"https:\/\/www.integralpro.com.co\/wp-content\/uploads\/2021\/02\/logo-def.jpg","contentUrl":"https:\/\/www.integralpro.com.co\/wp-content\/uploads\/2021\/02\/logo-def.jpg","width":238,"height":234,"caption":"IntegralPro SAS"},"image":{"@id":"https:\/\/www.integralpro.com.co\/#\/schema\/logo\/image\/"}}]}},"_links":{"self":[{"href":"https:\/\/www.integralpro.com.co\/index.php\/wp-json\/wp\/v2\/product\/2168","targetHints":{"allow":["GET"]}}],"collection":[{"href":"https:\/\/www.integralpro.com.co\/index.php\/wp-json\/wp\/v2\/product"}],"about":[{"href":"https:\/\/www.integralpro.com.co\/index.php\/wp-json\/wp\/v2\/types\/product"}],"version-history":[{"count":1,"href":"https:\/\/www.integralpro.com.co\/index.php\/wp-json\/wp\/v2\/product\/2168\/revisions"}],"predecessor-version":[{"id":2253,"href":"https:\/\/www.integralpro.com.co\/index.php\/wp-json\/wp\/v2\/product\/2168\/revisions\/2253"}],"wp:featuredmedia":[{"embeddable":true,"href":"https:\/\/www.integralpro.com.co\/index.php\/wp-json\/wp\/v2\/media\/2252"}],"wp:attachment":[{"href":"https:\/\/www.integralpro.com.co\/index.php\/wp-json\/wp\/v2\/media?parent=2168"}],"wp:term":[{"taxonomy":"product_brand","embeddable":true,"href":"https:\/\/www.integralpro.com.co\/index.php\/wp-json\/wp\/v2\/product_brand?post=2168"},{"taxonomy":"product_cat","embeddable":true,"href":"https:\/\/www.integralpro.com.co\/index.php\/wp-json\/wp\/v2\/product_cat?post=2168"},{"taxonomy":"product_tag","embeddable":true,"href":"https:\/\/www.integralpro.com.co\/index.php\/wp-json\/wp\/v2\/product_tag?post=2168"}],"curies":[{"name":"wp","href":"https:\/\/api.w.org\/{rel}","templated":true}]}}