{"id":2038,"date":"2021-02-19T14:52:26","date_gmt":"2021-02-19T19:52:26","guid":{"rendered":"https:\/\/www.integralpro.com.co\/index.php\/producto\/import-placeholder-for-1136\/"},"modified":"2021-02-19T14:52:56","modified_gmt":"2021-02-19T19:52:56","slug":"altavoz-bose-soundlink-color-ii-bluetooth-negro","status":"publish","type":"product","link":"https:\/\/www.integralpro.com.co\/index.php\/producto\/altavoz-bose-soundlink-color-ii-bluetooth-negro\/","title":{"rendered":"Altavoz Bose SoundLink Color II Bluetooth &#8211; Negro"},"content":{"rendered":"<table border=\"0\" cellpadding=\"1\" cellspacing=\"1\" style=\"color:rgb(102, 102, 102); font-size:14px; line-height:21.84px; max-width:100%; text-align:left; widows:1; width:700px\">\n<tbody>\n<tr>\n<td>\n<p style=\"text-align: justify;\">SoundLink Color II es el resultado del buen hacer en ingenier\u00eda de Bose, as\u00ed que est\u00e1 repleto de tecnolog\u00edas exclusivas. Como, por ejemplo, los dos radiadores pasivos opuestos que ayudan a emitir un potente sonido al mismo tiempo que mantienen las vibraciones al m\u00ednimo. As\u00ed es como hemos elaborado un altavoz que har\u00e1 vibrar tu casa sin moverse ni un mil\u00edmetro.<\/p>\n<p><strong>Excelente sonido <\/strong><\/p>\n<p style=\"text-align: justify;\">El altavoz Bluetooth SoundLink Color II resistente al agua es el compa\u00f1ero ideal para vivir las grandes aventuras de la vida. Con exterior de silicona suave y micr\u00f3fono incorporado para las llamadas, es un altavoz con un sonido que no pasa desapercibido pero puedes llevarlo a donde quieras, cuando lo necesites.<\/p>\n<p><strong> Resistente <\/strong><\/p>\n<p>El altavoz Bluetooth SoundLink Color II est\u00e1 dise\u00f1ado para la vida en movimiento. La carcasa de silicona envolvente lo dota de la resistencia compacta que necesitas para poder echarlo en el bolso o la mochila y llev\u00e1rtelo a cualquier parte. El remate final lo pone una superficie de suave tacto, para que tambi\u00e9n sea sencillo llevarlo en la mano. Adem\u00e1s, el SoundLink Color II es resistente al agua para que puedas escuchar m\u00fasica junto a la piscina o el lago si quieres. Es lo bastante resistente como para seguirte el ritmo, con un dise\u00f1o que hace que toda tu m\u00fasica sea port\u00e1til.<\/p>\n<p><strong> Dise\u00f1ado para viajar <\/strong><\/p>\n<p style=\"text-align: justify;\">Reproduce tu m\u00fasica donde est\u00e9s. Hagas lo que hagas. Con un peso de solo 0,54 kg, el SoundLink Color II apenas pesa m\u00e1s que un bal\u00f3n. Y usarlo es coser y cantar. Controla m\u00faltiples funciones con solo pulsar un bot\u00f3n, como responder a llamadas manos libres, saltar canciones, alternar entre dispositivos conectados y mucho m\u00e1s. Podr\u00e1s llevarte tu SoundLink Color II cuando salgas de viaje y no perderte ni un comp\u00e1s de tu m\u00fasica. La bater\u00eda recargable de iones de litio ofrece hasta ocho horas de reproducci\u00f3n.<span style=\"text-align: left;\">&nbsp;<\/span><\/p>\n<p><strong>ESPECIFICACIONES T\u00c9CNICAS<\/strong><\/p>\n<ul>\n<li>Dimensiones: 13.3 x 12.7 x 5.7 cm<\/li>\n<li style=\"text-align: justify;\">Peso: 544 g<\/li>\n<li style=\"text-align: justify;\">Entradas\/Salidas: Entrada auxiliar de 3.5 mm Puerto Micro USB-B<\/li>\n<li style=\"text-align: justify;\">Cobertura: Inal\u00e1mbrica hasta 9 metros<\/li>\n<li style=\"text-align: justify;\">Conexi\u00f3n: Wi-Fi; Bluetooth<\/li>\n<li style=\"text-align: justify;\">Connect App: La aplicaci\u00f3n se asegurar\u00e1 de que el altavoz cuente siempre con el software m\u00e1s reciente con actualizaciones r\u00e1pidas y sencillas. Descubre c\u00f3mo una aplicaci\u00f3n sencilla e intuitiva marca la diferencia.<\/li>\n<li style=\"text-align: justify;\">Compatibilidad: Tablets; Smartphones<\/li>\n<li style=\"text-align: justify;\">Bater\u00eda: Hasta 8 Horas recargable<\/li>\n<li style=\"text-align: justify;\">Impermeabilidad: Si<\/li>\n<\/ul>\n<\/td>\n<\/tr>\n<\/tbody>\n<\/table>\n","protected":false},"excerpt":{"rendered":"<p># DE PARTE:752195-0100<\/p>\n","protected":false},"featured_media":2099,"template":"","meta":{"site-sidebar-layout":"default","site-content-layout":"","ast-site-content-layout":"default","site-content-style":"default","site-sidebar-style":"default","ast-global-header-display":"","ast-banner-title-visibility":"","ast-main-header-display":"","ast-hfb-above-header-display":"","ast-hfb-below-header-display":"","ast-hfb-mobile-header-display":"","site-post-title":"","ast-breadcrumbs-content":"","ast-featured-img":"","footer-sml-layout":"","ast-disable-related-posts":"","theme-transparent-header-meta":"","adv-header-id-meta":"","stick-header-meta":"","header-above-stick-meta":"","header-main-stick-meta":"","header-below-stick-meta":"","astra-migrate-meta-layouts":"default","ast-page-background-enabled":"default","ast-page-background-meta":{"desktop":{"background-color":"var(--ast-global-color-4)","background-image":"","background-repeat":"repeat","background-position":"center center","background-size":"auto","background-attachment":"scroll","background-type":"","background-media":"","overlay-type":"","overlay-color":"","overlay-opacity":"","overlay-gradient":""},"tablet":{"background-color":"","background-image":"","background-repeat":"repeat","background-position":"center center","background-size":"auto","background-attachment":"scroll","background-type":"","background-media":"","overlay-type":"","overlay-color":"","overlay-opacity":"","overlay-gradient":""},"mobile":{"background-color":"","background-image":"","background-repeat":"repeat","background-position":"center center","background-size":"auto","background-attachment":"scroll","background-type":"","background-media":"","overlay-type":"","overlay-color":"","overlay-opacity":"","overlay-gradient":""}},"ast-content-background-meta":{"desktop":{"background-color":"var(--ast-global-color-5)","background-image":"","background-repeat":"repeat","background-position":"center center","background-size":"auto","background-attachment":"scroll","background-type":"","background-media":"","overlay-type":"","overlay-color":"","overlay-opacity":"","overlay-gradient":""},"tablet":{"background-color":"var(--ast-global-color-5)","background-image":"","background-repeat":"repeat","background-position":"center center","background-size":"auto","background-attachment":"scroll","background-type":"","background-media":"","overlay-type":"","overlay-color":"","overlay-opacity":"","overlay-gradient":""},"mobile":{"background-color":"var(--ast-global-color-5)","background-image":"","background-repeat":"repeat","background-position":"center center","background-size":"auto","background-attachment":"scroll","background-type":"","background-media":"","overlay-type":"","overlay-color":"","overlay-opacity":"","overlay-gradient":""}}},"product_brand":[],"product_cat":[51,100,104,102],"product_tag":[66],"class_list":{"0":"post-2038","1":"product","2":"type-product","3":"status-publish","4":"has-post-thumbnail","6":"product_cat-audio","7":"product_cat-audio-portatil","8":"product_cat-bose","9":"product_cat-parlantes","10":"product_tag-bose","11":"desktop-align-left","12":"tablet-align-left","13":"mobile-align-left","15":"first","16":"instock","17":"taxable","18":"shipping-taxable","19":"product-type-simple"},"yoast_head":"<!-- This site is optimized with the Yoast SEO plugin v27.3 - https:\/\/yoast.com\/product\/yoast-seo-wordpress\/ -->\n<title>Altavoz Bose SoundLink Color II Bluetooth - Negro - IntegralPro<\/title>\n<meta name=\"robots\" content=\"index, follow, max-snippet:-1, max-image-preview:large, max-video-preview:-1\" \/>\n<link rel=\"canonical\" href=\"https:\/\/www.integralpro.com.co\/index.php\/producto\/altavoz-bose-soundlink-color-ii-bluetooth-negro\/\" \/>\n<meta property=\"og:locale\" content=\"es_ES\" \/>\n<meta property=\"og:type\" content=\"article\" \/>\n<meta property=\"og:title\" content=\"Altavoz Bose SoundLink Color II Bluetooth - Negro - IntegralPro\" \/>\n<meta property=\"og:description\" content=\"# DE PARTE:752195-0100\" \/>\n<meta property=\"og:url\" content=\"https:\/\/www.integralpro.com.co\/index.php\/producto\/altavoz-bose-soundlink-color-ii-bluetooth-negro\/\" \/>\n<meta property=\"og:site_name\" content=\"IntegralPro\" \/>\n<meta property=\"article:modified_time\" content=\"2021-02-19T19:52:56+00:00\" \/>\n<meta property=\"og:image\" content=\"https:\/\/www.integralpro.com.co\/wp-content\/uploads\/2021\/02\/2f6f7881d7b0c9f9cf705496b3fa6dad.jpg\" \/>\n\t<meta property=\"og:image:width\" content=\"850\" \/>\n\t<meta property=\"og:image:height\" content=\"850\" \/>\n\t<meta property=\"og:image:type\" content=\"image\/jpeg\" \/>\n<meta name=\"twitter:card\" content=\"summary_large_image\" \/>\n<meta name=\"twitter:label1\" content=\"Tiempo de lectura\" \/>\n\t<meta name=\"twitter:data1\" content=\"2 minutos\" \/>\n<script type=\"application\/ld+json\" class=\"yoast-schema-graph\">{\"@context\":\"https:\\\/\\\/schema.org\",\"@graph\":[{\"@type\":\"WebPage\",\"@id\":\"https:\\\/\\\/www.integralpro.com.co\\\/index.php\\\/producto\\\/altavoz-bose-soundlink-color-ii-bluetooth-negro\\\/\",\"url\":\"https:\\\/\\\/www.integralpro.com.co\\\/index.php\\\/producto\\\/altavoz-bose-soundlink-color-ii-bluetooth-negro\\\/\",\"name\":\"Altavoz Bose SoundLink Color II Bluetooth - Negro - IntegralPro\",\"isPartOf\":{\"@id\":\"https:\\\/\\\/www.integralpro.com.co\\\/#website\"},\"primaryImageOfPage\":{\"@id\":\"https:\\\/\\\/www.integralpro.com.co\\\/index.php\\\/producto\\\/altavoz-bose-soundlink-color-ii-bluetooth-negro\\\/#primaryimage\"},\"image\":{\"@id\":\"https:\\\/\\\/www.integralpro.com.co\\\/index.php\\\/producto\\\/altavoz-bose-soundlink-color-ii-bluetooth-negro\\\/#primaryimage\"},\"thumbnailUrl\":\"https:\\\/\\\/www.integralpro.com.co\\\/wp-content\\\/uploads\\\/2021\\\/02\\\/2f6f7881d7b0c9f9cf705496b3fa6dad.jpg\",\"datePublished\":\"2021-02-19T19:52:26+00:00\",\"dateModified\":\"2021-02-19T19:52:56+00:00\",\"breadcrumb\":{\"@id\":\"https:\\\/\\\/www.integralpro.com.co\\\/index.php\\\/producto\\\/altavoz-bose-soundlink-color-ii-bluetooth-negro\\\/#breadcrumb\"},\"inLanguage\":\"es\",\"potentialAction\":[{\"@type\":\"ReadAction\",\"target\":[\"https:\\\/\\\/www.integralpro.com.co\\\/index.php\\\/producto\\\/altavoz-bose-soundlink-color-ii-bluetooth-negro\\\/\"]}]},{\"@type\":\"ImageObject\",\"inLanguage\":\"es\",\"@id\":\"https:\\\/\\\/www.integralpro.com.co\\\/index.php\\\/producto\\\/altavoz-bose-soundlink-color-ii-bluetooth-negro\\\/#primaryimage\",\"url\":\"https:\\\/\\\/www.integralpro.com.co\\\/wp-content\\\/uploads\\\/2021\\\/02\\\/2f6f7881d7b0c9f9cf705496b3fa6dad.jpg\",\"contentUrl\":\"https:\\\/\\\/www.integralpro.com.co\\\/wp-content\\\/uploads\\\/2021\\\/02\\\/2f6f7881d7b0c9f9cf705496b3fa6dad.jpg\",\"width\":850,\"height\":850},{\"@type\":\"BreadcrumbList\",\"@id\":\"https:\\\/\\\/www.integralpro.com.co\\\/index.php\\\/producto\\\/altavoz-bose-soundlink-color-ii-bluetooth-negro\\\/#breadcrumb\",\"itemListElement\":[{\"@type\":\"ListItem\",\"position\":1,\"name\":\"Portada\",\"item\":\"https:\\\/\\\/www.integralpro.com.co\\\/\"},{\"@type\":\"ListItem\",\"position\":2,\"name\":\"Tienda\",\"item\":\"https:\\\/\\\/www.integralpro.com.co\\\/index.php\\\/tienda\\\/\"},{\"@type\":\"ListItem\",\"position\":3,\"name\":\"Altavoz Bose SoundLink Color II Bluetooth &#8211; Negro\"}]},{\"@type\":\"WebSite\",\"@id\":\"https:\\\/\\\/www.integralpro.com.co\\\/#website\",\"url\":\"https:\\\/\\\/www.integralpro.com.co\\\/\",\"name\":\"IntegralPro\",\"description\":\"Tienda de Tecnolog\u00eda en L\u00ednea\",\"publisher\":{\"@id\":\"https:\\\/\\\/www.integralpro.com.co\\\/#organization\"},\"potentialAction\":[{\"@type\":\"SearchAction\",\"target\":{\"@type\":\"EntryPoint\",\"urlTemplate\":\"https:\\\/\\\/www.integralpro.com.co\\\/?s={search_term_string}\"},\"query-input\":{\"@type\":\"PropertyValueSpecification\",\"valueRequired\":true,\"valueName\":\"search_term_string\"}}],\"inLanguage\":\"es\"},{\"@type\":\"Organization\",\"@id\":\"https:\\\/\\\/www.integralpro.com.co\\\/#organization\",\"name\":\"IntegralPro SAS\",\"url\":\"https:\\\/\\\/www.integralpro.com.co\\\/\",\"logo\":{\"@type\":\"ImageObject\",\"inLanguage\":\"es\",\"@id\":\"https:\\\/\\\/www.integralpro.com.co\\\/#\\\/schema\\\/logo\\\/image\\\/\",\"url\":\"https:\\\/\\\/www.integralpro.com.co\\\/wp-content\\\/uploads\\\/2021\\\/02\\\/logo-def.jpg\",\"contentUrl\":\"https:\\\/\\\/www.integralpro.com.co\\\/wp-content\\\/uploads\\\/2021\\\/02\\\/logo-def.jpg\",\"width\":238,\"height\":234,\"caption\":\"IntegralPro SAS\"},\"image\":{\"@id\":\"https:\\\/\\\/www.integralpro.com.co\\\/#\\\/schema\\\/logo\\\/image\\\/\"}}]}<\/script>\n<!-- \/ Yoast SEO plugin. -->","yoast_head_json":{"title":"Altavoz Bose SoundLink Color II Bluetooth - Negro - IntegralPro","robots":{"index":"index","follow":"follow","max-snippet":"max-snippet:-1","max-image-preview":"max-image-preview:large","max-video-preview":"max-video-preview:-1"},"canonical":"https:\/\/www.integralpro.com.co\/index.php\/producto\/altavoz-bose-soundlink-color-ii-bluetooth-negro\/","og_locale":"es_ES","og_type":"article","og_title":"Altavoz Bose SoundLink Color II Bluetooth - Negro - IntegralPro","og_description":"# DE PARTE:752195-0100","og_url":"https:\/\/www.integralpro.com.co\/index.php\/producto\/altavoz-bose-soundlink-color-ii-bluetooth-negro\/","og_site_name":"IntegralPro","article_modified_time":"2021-02-19T19:52:56+00:00","og_image":[{"width":850,"height":850,"url":"https:\/\/www.integralpro.com.co\/wp-content\/uploads\/2021\/02\/2f6f7881d7b0c9f9cf705496b3fa6dad.jpg","type":"image\/jpeg"}],"twitter_card":"summary_large_image","twitter_misc":{"Tiempo de lectura":"2 minutos"},"schema":{"@context":"https:\/\/schema.org","@graph":[{"@type":"WebPage","@id":"https:\/\/www.integralpro.com.co\/index.php\/producto\/altavoz-bose-soundlink-color-ii-bluetooth-negro\/","url":"https:\/\/www.integralpro.com.co\/index.php\/producto\/altavoz-bose-soundlink-color-ii-bluetooth-negro\/","name":"Altavoz Bose SoundLink Color II Bluetooth - Negro - IntegralPro","isPartOf":{"@id":"https:\/\/www.integralpro.com.co\/#website"},"primaryImageOfPage":{"@id":"https:\/\/www.integralpro.com.co\/index.php\/producto\/altavoz-bose-soundlink-color-ii-bluetooth-negro\/#primaryimage"},"image":{"@id":"https:\/\/www.integralpro.com.co\/index.php\/producto\/altavoz-bose-soundlink-color-ii-bluetooth-negro\/#primaryimage"},"thumbnailUrl":"https:\/\/www.integralpro.com.co\/wp-content\/uploads\/2021\/02\/2f6f7881d7b0c9f9cf705496b3fa6dad.jpg","datePublished":"2021-02-19T19:52:26+00:00","dateModified":"2021-02-19T19:52:56+00:00","breadcrumb":{"@id":"https:\/\/www.integralpro.com.co\/index.php\/producto\/altavoz-bose-soundlink-color-ii-bluetooth-negro\/#breadcrumb"},"inLanguage":"es","potentialAction":[{"@type":"ReadAction","target":["https:\/\/www.integralpro.com.co\/index.php\/producto\/altavoz-bose-soundlink-color-ii-bluetooth-negro\/"]}]},{"@type":"ImageObject","inLanguage":"es","@id":"https:\/\/www.integralpro.com.co\/index.php\/producto\/altavoz-bose-soundlink-color-ii-bluetooth-negro\/#primaryimage","url":"https:\/\/www.integralpro.com.co\/wp-content\/uploads\/2021\/02\/2f6f7881d7b0c9f9cf705496b3fa6dad.jpg","contentUrl":"https:\/\/www.integralpro.com.co\/wp-content\/uploads\/2021\/02\/2f6f7881d7b0c9f9cf705496b3fa6dad.jpg","width":850,"height":850},{"@type":"BreadcrumbList","@id":"https:\/\/www.integralpro.com.co\/index.php\/producto\/altavoz-bose-soundlink-color-ii-bluetooth-negro\/#breadcrumb","itemListElement":[{"@type":"ListItem","position":1,"name":"Portada","item":"https:\/\/www.integralpro.com.co\/"},{"@type":"ListItem","position":2,"name":"Tienda","item":"https:\/\/www.integralpro.com.co\/index.php\/tienda\/"},{"@type":"ListItem","position":3,"name":"Altavoz Bose SoundLink Color II Bluetooth &#8211; Negro"}]},{"@type":"WebSite","@id":"https:\/\/www.integralpro.com.co\/#website","url":"https:\/\/www.integralpro.com.co\/","name":"IntegralPro","description":"Tienda de Tecnolog\u00eda en L\u00ednea","publisher":{"@id":"https:\/\/www.integralpro.com.co\/#organization"},"potentialAction":[{"@type":"SearchAction","target":{"@type":"EntryPoint","urlTemplate":"https:\/\/www.integralpro.com.co\/?s={search_term_string}"},"query-input":{"@type":"PropertyValueSpecification","valueRequired":true,"valueName":"search_term_string"}}],"inLanguage":"es"},{"@type":"Organization","@id":"https:\/\/www.integralpro.com.co\/#organization","name":"IntegralPro SAS","url":"https:\/\/www.integralpro.com.co\/","logo":{"@type":"ImageObject","inLanguage":"es","@id":"https:\/\/www.integralpro.com.co\/#\/schema\/logo\/image\/","url":"https:\/\/www.integralpro.com.co\/wp-content\/uploads\/2021\/02\/logo-def.jpg","contentUrl":"https:\/\/www.integralpro.com.co\/wp-content\/uploads\/2021\/02\/logo-def.jpg","width":238,"height":234,"caption":"IntegralPro SAS"},"image":{"@id":"https:\/\/www.integralpro.com.co\/#\/schema\/logo\/image\/"}}]}},"_links":{"self":[{"href":"https:\/\/www.integralpro.com.co\/index.php\/wp-json\/wp\/v2\/product\/2038","targetHints":{"allow":["GET"]}}],"collection":[{"href":"https:\/\/www.integralpro.com.co\/index.php\/wp-json\/wp\/v2\/product"}],"about":[{"href":"https:\/\/www.integralpro.com.co\/index.php\/wp-json\/wp\/v2\/types\/product"}],"version-history":[{"count":1,"href":"https:\/\/www.integralpro.com.co\/index.php\/wp-json\/wp\/v2\/product\/2038\/revisions"}],"predecessor-version":[{"id":2100,"href":"https:\/\/www.integralpro.com.co\/index.php\/wp-json\/wp\/v2\/product\/2038\/revisions\/2100"}],"wp:featuredmedia":[{"embeddable":true,"href":"https:\/\/www.integralpro.com.co\/index.php\/wp-json\/wp\/v2\/media\/2099"}],"wp:attachment":[{"href":"https:\/\/www.integralpro.com.co\/index.php\/wp-json\/wp\/v2\/media?parent=2038"}],"wp:term":[{"taxonomy":"product_brand","embeddable":true,"href":"https:\/\/www.integralpro.com.co\/index.php\/wp-json\/wp\/v2\/product_brand?post=2038"},{"taxonomy":"product_cat","embeddable":true,"href":"https:\/\/www.integralpro.com.co\/index.php\/wp-json\/wp\/v2\/product_cat?post=2038"},{"taxonomy":"product_tag","embeddable":true,"href":"https:\/\/www.integralpro.com.co\/index.php\/wp-json\/wp\/v2\/product_tag?post=2038"}],"curies":[{"name":"wp","href":"https:\/\/api.w.org\/{rel}","templated":true}]}}