{"id":1955,"date":"2021-02-19T14:51:44","date_gmt":"2021-02-19T19:51:44","guid":{"rendered":"https:\/\/www.integralpro.com.co\/index.php\/producto\/import-placeholder-for-1109\/"},"modified":"2021-02-19T14:52:13","modified_gmt":"2021-02-19T19:52:13","slug":"altavoces-bose-ambientales-151-blanco","status":"publish","type":"product","link":"https:\/\/www.integralpro.com.co\/index.php\/producto\/altavoces-bose-ambientales-151-blanco\/","title":{"rendered":"Altavoces Bose Ambientales 151 &#8211; Blanco"},"content":{"rendered":"<p style=\"text-align: justify;\">Los altavoces para exteriores Bose 151 SE proporcionan altos niveles de rendimiento y resistencia, con un completo sonido est\u00e9reo que abarca una amplia zona de audici\u00f3n. Su estilo elegante y su estructura resistente hacen de estos altavoces est\u00e9reo para exteriores nuestros altavoces m\u00e1s populares para escuchar m\u00fasica en la piscina, en la terraza o incluso en un barco. Sus soportes de montaje ajustables te permiten colgarlos vertical u horizontalmente, de forma que se integren f\u00e1cilmente en tu entorno.<\/p>\n<p style=\"text-align: justify;\"><strong>Excelentes caracter\u00edsticas<\/strong><\/p>\n<p style=\"text-align: justify;\">Estos altavoces para exteriores de Bose han sido concebidos con un dise\u00f1o de altavoz Articulated Array. Dentro de cada altavoz se alojan tres transductores de rango completo de 2\u00bd\u00bb dispuestos de forma que logran proporcionar sonido est\u00e9reo a un \u00e1rea mucho m\u00e1s extensa que cualquier altavoz para exteriores convencional.<\/p>\n<p style=\"text-align: justify;\"><strong>Las mejores experiencias<\/strong><\/p>\n<p style=\"text-align: justify;\">El resultado es un rendimiento de altavoz Stereo Everywhere que proporciona una experiencia de escucha homog\u00e9nea mientras te mueves del patio a la piscina o el jard\u00edn. Con estos altavoces para exteriores podr\u00e1s disfrutar de una calidad de sonido Bose homog\u00e9nea en un \u00e1rea de gran amplitud, no solamente en un punto ideal.<\/p>\n<p style=\"text-align: justify;\"><strong>El clima no se interpondr\u00e1 entre la calidad y t\u00fa<\/strong><\/p>\n<p style=\"text-align: justify;\">Nuestros altavoces resistentes a las condiciones meteorol\u00f3gicas han resistido a algunas de las peores condiciones naturales posibles. Hemos estado probando durante m\u00e1s de 10 a\u00f1os nuestros altavoces para exteriores Bose frente a la nieve, la lluvia, la sal y las temperaturas extremas (de 70 \u00baC a -40 \u00baC). En el caso de los altavoces para barcos, los hemos sometido a pruebas de exposici\u00f3n a niebla marina durante 1200 horas, el doble de lo que exige el est\u00e1ndar industrial mar\u00edtimo. Adem\u00e1s, incluyen una garant\u00eda limitada de cinco a\u00f1os.<\/p>\n<p style=\"text-align: justify;\"><strong>Especificaciones T\u00e9cnicas<\/strong><\/p>\n<p style=\"text-align: justify;\">Dimensiones: 32 x 15.x 11 cm<br \/>Peso: 1Kg<br \/>Inal\u00e1mbricos: No<br \/>Frecuencia de respuesta: 0 kilohertz<br \/>Modo de instalaci\u00f3n: Vertical y Horizontal<br \/>Temperaturas extremas:&nbsp; (-40\u00b0 F a 158\u00b0 F; -40\u00b0 C a 70\u00b0 C)<br \/>Instalaci\u00f3n permanente al aire libre: si<br \/>Uso: Interior y\/o Exterior<br \/>Color: Blanco<\/p>\n<p style=\"text-align: justify;\"><strong>Contenido Del Paquete<\/strong><\/p>\n<p style=\"text-align: justify;\">2 altavoces &#8211; 2 soportes de montaje &#8211; 2 tornillos de bloqueo del soporte &#8211; 4 tornillos de montaje de soporte a altavoz (1\/4&#8243; x 9\/16&#8243;)&nbsp;&#8211; 4 tornillos para madera (#12 x 1 3\/4&#8243;) &#8211; 2 arandelas de bloqueo (#8) &#8211; 4 arandelas de bloqueo (1\/4&#8243;) &#8211;&nbsp;4 anclajes de pared (#12 x 1&#8243;) &#8211; Documentaci\u00f3n.<\/p>\n","protected":false},"excerpt":{"rendered":"<p># DE PARTE:34104<\/p>\n","protected":false},"featured_media":2017,"template":"","meta":{"site-sidebar-layout":"default","site-content-layout":"","ast-site-content-layout":"default","site-content-style":"default","site-sidebar-style":"default","ast-global-header-display":"","ast-banner-title-visibility":"","ast-main-header-display":"","ast-hfb-above-header-display":"","ast-hfb-below-header-display":"","ast-hfb-mobile-header-display":"","site-post-title":"","ast-breadcrumbs-content":"","ast-featured-img":"","footer-sml-layout":"","ast-disable-related-posts":"","theme-transparent-header-meta":"","adv-header-id-meta":"","stick-header-meta":"","header-above-stick-meta":"","header-main-stick-meta":"","header-below-stick-meta":"","astra-migrate-meta-layouts":"default","ast-page-background-enabled":"default","ast-page-background-meta":{"desktop":{"background-color":"var(--ast-global-color-4)","background-image":"","background-repeat":"repeat","background-position":"center center","background-size":"auto","background-attachment":"scroll","background-type":"","background-media":"","overlay-type":"","overlay-color":"","overlay-opacity":"","overlay-gradient":""},"tablet":{"background-color":"","background-image":"","background-repeat":"repeat","background-position":"center center","background-size":"auto","background-attachment":"scroll","background-type":"","background-media":"","overlay-type":"","overlay-color":"","overlay-opacity":"","overlay-gradient":""},"mobile":{"background-color":"","background-image":"","background-repeat":"repeat","background-position":"center center","background-size":"auto","background-attachment":"scroll","background-type":"","background-media":"","overlay-type":"","overlay-color":"","overlay-opacity":"","overlay-gradient":""}},"ast-content-background-meta":{"desktop":{"background-color":"var(--ast-global-color-5)","background-image":"","background-repeat":"repeat","background-position":"center center","background-size":"auto","background-attachment":"scroll","background-type":"","background-media":"","overlay-type":"","overlay-color":"","overlay-opacity":"","overlay-gradient":""},"tablet":{"background-color":"var(--ast-global-color-5)","background-image":"","background-repeat":"repeat","background-position":"center center","background-size":"auto","background-attachment":"scroll","background-type":"","background-media":"","overlay-type":"","overlay-color":"","overlay-opacity":"","overlay-gradient":""},"mobile":{"background-color":"var(--ast-global-color-5)","background-image":"","background-repeat":"repeat","background-position":"center center","background-size":"auto","background-attachment":"scroll","background-type":"","background-media":"","overlay-type":"","overlay-color":"","overlay-opacity":"","overlay-gradient":""}}},"product_brand":[],"product_cat":[51,104,102],"product_tag":[66],"class_list":{"0":"post-1955","1":"product","2":"type-product","3":"status-publish","4":"has-post-thumbnail","6":"product_cat-audio","7":"product_cat-bose","8":"product_cat-parlantes","9":"product_tag-bose","10":"desktop-align-left","11":"tablet-align-left","12":"mobile-align-left","14":"first","15":"instock","16":"taxable","17":"shipping-taxable","18":"product-type-simple"},"yoast_head":"<!-- This site is optimized with the Yoast SEO plugin v27.4 - https:\/\/yoast.com\/product\/yoast-seo-wordpress\/ -->\n<title>Altavoces Bose Ambientales 151 - Blanco - IntegralPro<\/title>\n<meta name=\"robots\" content=\"index, follow, max-snippet:-1, max-image-preview:large, max-video-preview:-1\" \/>\n<link rel=\"canonical\" href=\"https:\/\/www.integralpro.com.co\/index.php\/producto\/altavoces-bose-ambientales-151-blanco\/\" \/>\n<meta property=\"og:locale\" content=\"es_ES\" \/>\n<meta property=\"og:type\" content=\"article\" \/>\n<meta property=\"og:title\" content=\"Altavoces Bose Ambientales 151 - Blanco - IntegralPro\" \/>\n<meta property=\"og:description\" content=\"# DE PARTE:34104\" \/>\n<meta property=\"og:url\" content=\"https:\/\/www.integralpro.com.co\/index.php\/producto\/altavoces-bose-ambientales-151-blanco\/\" \/>\n<meta property=\"og:site_name\" content=\"IntegralPro\" \/>\n<meta property=\"article:modified_time\" content=\"2021-02-19T19:52:13+00:00\" \/>\n<meta property=\"og:image\" content=\"https:\/\/www.integralpro.com.co\/wp-content\/uploads\/2021\/02\/b11419da2297f10a0133c6091657624d.jpg\" \/>\n\t<meta property=\"og:image:width\" content=\"850\" \/>\n\t<meta property=\"og:image:height\" content=\"850\" \/>\n\t<meta property=\"og:image:type\" content=\"image\/jpeg\" \/>\n<meta name=\"twitter:card\" content=\"summary_large_image\" \/>\n<meta name=\"twitter:label1\" content=\"Tiempo de lectura\" \/>\n\t<meta name=\"twitter:data1\" content=\"2 minutos\" \/>\n<script type=\"application\/ld+json\" class=\"yoast-schema-graph\">{\"@context\":\"https:\\\/\\\/schema.org\",\"@graph\":[{\"@type\":\"WebPage\",\"@id\":\"https:\\\/\\\/www.integralpro.com.co\\\/index.php\\\/producto\\\/altavoces-bose-ambientales-151-blanco\\\/\",\"url\":\"https:\\\/\\\/www.integralpro.com.co\\\/index.php\\\/producto\\\/altavoces-bose-ambientales-151-blanco\\\/\",\"name\":\"Altavoces Bose Ambientales 151 - Blanco - IntegralPro\",\"isPartOf\":{\"@id\":\"https:\\\/\\\/www.integralpro.com.co\\\/#website\"},\"primaryImageOfPage\":{\"@id\":\"https:\\\/\\\/www.integralpro.com.co\\\/index.php\\\/producto\\\/altavoces-bose-ambientales-151-blanco\\\/#primaryimage\"},\"image\":{\"@id\":\"https:\\\/\\\/www.integralpro.com.co\\\/index.php\\\/producto\\\/altavoces-bose-ambientales-151-blanco\\\/#primaryimage\"},\"thumbnailUrl\":\"https:\\\/\\\/www.integralpro.com.co\\\/wp-content\\\/uploads\\\/2021\\\/02\\\/b11419da2297f10a0133c6091657624d.jpg\",\"datePublished\":\"2021-02-19T19:51:44+00:00\",\"dateModified\":\"2021-02-19T19:52:13+00:00\",\"breadcrumb\":{\"@id\":\"https:\\\/\\\/www.integralpro.com.co\\\/index.php\\\/producto\\\/altavoces-bose-ambientales-151-blanco\\\/#breadcrumb\"},\"inLanguage\":\"es\",\"potentialAction\":[{\"@type\":\"ReadAction\",\"target\":[\"https:\\\/\\\/www.integralpro.com.co\\\/index.php\\\/producto\\\/altavoces-bose-ambientales-151-blanco\\\/\"]}]},{\"@type\":\"ImageObject\",\"inLanguage\":\"es\",\"@id\":\"https:\\\/\\\/www.integralpro.com.co\\\/index.php\\\/producto\\\/altavoces-bose-ambientales-151-blanco\\\/#primaryimage\",\"url\":\"https:\\\/\\\/www.integralpro.com.co\\\/wp-content\\\/uploads\\\/2021\\\/02\\\/b11419da2297f10a0133c6091657624d.jpg\",\"contentUrl\":\"https:\\\/\\\/www.integralpro.com.co\\\/wp-content\\\/uploads\\\/2021\\\/02\\\/b11419da2297f10a0133c6091657624d.jpg\",\"width\":850,\"height\":850},{\"@type\":\"BreadcrumbList\",\"@id\":\"https:\\\/\\\/www.integralpro.com.co\\\/index.php\\\/producto\\\/altavoces-bose-ambientales-151-blanco\\\/#breadcrumb\",\"itemListElement\":[{\"@type\":\"ListItem\",\"position\":1,\"name\":\"Portada\",\"item\":\"https:\\\/\\\/www.integralpro.com.co\\\/\"},{\"@type\":\"ListItem\",\"position\":2,\"name\":\"Tienda\",\"item\":\"https:\\\/\\\/www.integralpro.com.co\\\/index.php\\\/tienda\\\/\"},{\"@type\":\"ListItem\",\"position\":3,\"name\":\"Altavoces Bose Ambientales 151 &#8211; Blanco\"}]},{\"@type\":\"WebSite\",\"@id\":\"https:\\\/\\\/www.integralpro.com.co\\\/#website\",\"url\":\"https:\\\/\\\/www.integralpro.com.co\\\/\",\"name\":\"IntegralPro\",\"description\":\"Tienda de Tecnolog\u00eda en L\u00ednea\",\"publisher\":{\"@id\":\"https:\\\/\\\/www.integralpro.com.co\\\/#organization\"},\"potentialAction\":[{\"@type\":\"SearchAction\",\"target\":{\"@type\":\"EntryPoint\",\"urlTemplate\":\"https:\\\/\\\/www.integralpro.com.co\\\/?s={search_term_string}\"},\"query-input\":{\"@type\":\"PropertyValueSpecification\",\"valueRequired\":true,\"valueName\":\"search_term_string\"}}],\"inLanguage\":\"es\"},{\"@type\":\"Organization\",\"@id\":\"https:\\\/\\\/www.integralpro.com.co\\\/#organization\",\"name\":\"IntegralPro SAS\",\"url\":\"https:\\\/\\\/www.integralpro.com.co\\\/\",\"logo\":{\"@type\":\"ImageObject\",\"inLanguage\":\"es\",\"@id\":\"https:\\\/\\\/www.integralpro.com.co\\\/#\\\/schema\\\/logo\\\/image\\\/\",\"url\":\"https:\\\/\\\/www.integralpro.com.co\\\/wp-content\\\/uploads\\\/2021\\\/02\\\/logo-def.jpg\",\"contentUrl\":\"https:\\\/\\\/www.integralpro.com.co\\\/wp-content\\\/uploads\\\/2021\\\/02\\\/logo-def.jpg\",\"width\":238,\"height\":234,\"caption\":\"IntegralPro SAS\"},\"image\":{\"@id\":\"https:\\\/\\\/www.integralpro.com.co\\\/#\\\/schema\\\/logo\\\/image\\\/\"}}]}<\/script>\n<!-- \/ Yoast SEO plugin. -->","yoast_head_json":{"title":"Altavoces Bose Ambientales 151 - Blanco - IntegralPro","robots":{"index":"index","follow":"follow","max-snippet":"max-snippet:-1","max-image-preview":"max-image-preview:large","max-video-preview":"max-video-preview:-1"},"canonical":"https:\/\/www.integralpro.com.co\/index.php\/producto\/altavoces-bose-ambientales-151-blanco\/","og_locale":"es_ES","og_type":"article","og_title":"Altavoces Bose Ambientales 151 - Blanco - IntegralPro","og_description":"# DE PARTE:34104","og_url":"https:\/\/www.integralpro.com.co\/index.php\/producto\/altavoces-bose-ambientales-151-blanco\/","og_site_name":"IntegralPro","article_modified_time":"2021-02-19T19:52:13+00:00","og_image":[{"width":850,"height":850,"url":"https:\/\/www.integralpro.com.co\/wp-content\/uploads\/2021\/02\/b11419da2297f10a0133c6091657624d.jpg","type":"image\/jpeg"}],"twitter_card":"summary_large_image","twitter_misc":{"Tiempo de lectura":"2 minutos"},"schema":{"@context":"https:\/\/schema.org","@graph":[{"@type":"WebPage","@id":"https:\/\/www.integralpro.com.co\/index.php\/producto\/altavoces-bose-ambientales-151-blanco\/","url":"https:\/\/www.integralpro.com.co\/index.php\/producto\/altavoces-bose-ambientales-151-blanco\/","name":"Altavoces Bose Ambientales 151 - Blanco - IntegralPro","isPartOf":{"@id":"https:\/\/www.integralpro.com.co\/#website"},"primaryImageOfPage":{"@id":"https:\/\/www.integralpro.com.co\/index.php\/producto\/altavoces-bose-ambientales-151-blanco\/#primaryimage"},"image":{"@id":"https:\/\/www.integralpro.com.co\/index.php\/producto\/altavoces-bose-ambientales-151-blanco\/#primaryimage"},"thumbnailUrl":"https:\/\/www.integralpro.com.co\/wp-content\/uploads\/2021\/02\/b11419da2297f10a0133c6091657624d.jpg","datePublished":"2021-02-19T19:51:44+00:00","dateModified":"2021-02-19T19:52:13+00:00","breadcrumb":{"@id":"https:\/\/www.integralpro.com.co\/index.php\/producto\/altavoces-bose-ambientales-151-blanco\/#breadcrumb"},"inLanguage":"es","potentialAction":[{"@type":"ReadAction","target":["https:\/\/www.integralpro.com.co\/index.php\/producto\/altavoces-bose-ambientales-151-blanco\/"]}]},{"@type":"ImageObject","inLanguage":"es","@id":"https:\/\/www.integralpro.com.co\/index.php\/producto\/altavoces-bose-ambientales-151-blanco\/#primaryimage","url":"https:\/\/www.integralpro.com.co\/wp-content\/uploads\/2021\/02\/b11419da2297f10a0133c6091657624d.jpg","contentUrl":"https:\/\/www.integralpro.com.co\/wp-content\/uploads\/2021\/02\/b11419da2297f10a0133c6091657624d.jpg","width":850,"height":850},{"@type":"BreadcrumbList","@id":"https:\/\/www.integralpro.com.co\/index.php\/producto\/altavoces-bose-ambientales-151-blanco\/#breadcrumb","itemListElement":[{"@type":"ListItem","position":1,"name":"Portada","item":"https:\/\/www.integralpro.com.co\/"},{"@type":"ListItem","position":2,"name":"Tienda","item":"https:\/\/www.integralpro.com.co\/index.php\/tienda\/"},{"@type":"ListItem","position":3,"name":"Altavoces Bose Ambientales 151 &#8211; Blanco"}]},{"@type":"WebSite","@id":"https:\/\/www.integralpro.com.co\/#website","url":"https:\/\/www.integralpro.com.co\/","name":"IntegralPro","description":"Tienda de Tecnolog\u00eda en L\u00ednea","publisher":{"@id":"https:\/\/www.integralpro.com.co\/#organization"},"potentialAction":[{"@type":"SearchAction","target":{"@type":"EntryPoint","urlTemplate":"https:\/\/www.integralpro.com.co\/?s={search_term_string}"},"query-input":{"@type":"PropertyValueSpecification","valueRequired":true,"valueName":"search_term_string"}}],"inLanguage":"es"},{"@type":"Organization","@id":"https:\/\/www.integralpro.com.co\/#organization","name":"IntegralPro SAS","url":"https:\/\/www.integralpro.com.co\/","logo":{"@type":"ImageObject","inLanguage":"es","@id":"https:\/\/www.integralpro.com.co\/#\/schema\/logo\/image\/","url":"https:\/\/www.integralpro.com.co\/wp-content\/uploads\/2021\/02\/logo-def.jpg","contentUrl":"https:\/\/www.integralpro.com.co\/wp-content\/uploads\/2021\/02\/logo-def.jpg","width":238,"height":234,"caption":"IntegralPro SAS"},"image":{"@id":"https:\/\/www.integralpro.com.co\/#\/schema\/logo\/image\/"}}]}},"_links":{"self":[{"href":"https:\/\/www.integralpro.com.co\/index.php\/wp-json\/wp\/v2\/product\/1955","targetHints":{"allow":["GET"]}}],"collection":[{"href":"https:\/\/www.integralpro.com.co\/index.php\/wp-json\/wp\/v2\/product"}],"about":[{"href":"https:\/\/www.integralpro.com.co\/index.php\/wp-json\/wp\/v2\/types\/product"}],"version-history":[{"count":1,"href":"https:\/\/www.integralpro.com.co\/index.php\/wp-json\/wp\/v2\/product\/1955\/revisions"}],"predecessor-version":[{"id":2018,"href":"https:\/\/www.integralpro.com.co\/index.php\/wp-json\/wp\/v2\/product\/1955\/revisions\/2018"}],"wp:featuredmedia":[{"embeddable":true,"href":"https:\/\/www.integralpro.com.co\/index.php\/wp-json\/wp\/v2\/media\/2017"}],"wp:attachment":[{"href":"https:\/\/www.integralpro.com.co\/index.php\/wp-json\/wp\/v2\/media?parent=1955"}],"wp:term":[{"taxonomy":"product_brand","embeddable":true,"href":"https:\/\/www.integralpro.com.co\/index.php\/wp-json\/wp\/v2\/product_brand?post=1955"},{"taxonomy":"product_cat","embeddable":true,"href":"https:\/\/www.integralpro.com.co\/index.php\/wp-json\/wp\/v2\/product_cat?post=1955"},{"taxonomy":"product_tag","embeddable":true,"href":"https:\/\/www.integralpro.com.co\/index.php\/wp-json\/wp\/v2\/product_tag?post=1955"}],"curies":[{"name":"wp","href":"https:\/\/api.w.org\/{rel}","templated":true}]}}