{"id":1927,"date":"2021-02-19T14:51:22","date_gmt":"2021-02-19T19:51:22","guid":{"rendered":"https:\/\/www.integralpro.com.co\/index.php\/producto\/import-placeholder-for-1107\/"},"modified":"2021-02-19T14:52:10","modified_gmt":"2021-02-19T19:52:10","slug":"tablet-samsung-galaxy-tab-a-8gb-7-pulg-wifi-blanco","status":"publish","type":"product","link":"https:\/\/www.integralpro.com.co\/index.php\/producto\/tablet-samsung-galaxy-tab-a-8gb-7-pulg-wifi-blanco\/","title":{"rendered":"Tablet Samsung Galaxy Tab A 8Gb 7 Pulg Wifi Blanco"},"content":{"rendered":"<p>Elegante y moderna por donde se la mire&nbsp;Sus curvas elegantes y delicadas ofrecen una sofisticaci\u00f3n moderna, mientras que un patr\u00f3n r\u00edtmico especial en la parte posterior completa la Galaxy Tab A (7.0, 2016) con un agarre suave, c\u00f3modo y seguro.<\/p>\n<p><strong>Ultraligera y elegante<\/strong><\/p>\n<p>El perfil delgado de la Galaxy Tab A (7.0, 2016), junto con su autonom\u00eda de bater\u00eda extendida, la hacen tan ligera y compacta que puedes llevarla donde quieras con facilidad y estilo.<\/p>\n<p><strong>Atesora cada momento<\/strong><\/p>\n<p>Captura im\u00e1genes v\u00edvidas de cada momento especial con la c\u00e1mara r\u00e1pida y sofisticada de la Galaxy Tab A (7.0, 2016). Puedes tomar fotos panor\u00e1micas claras, vertical y horizontalmente, o incluso crear un GIF animado mediante una r\u00e1faga.<br \/>&nbsp;<\/p>\n<p><strong>M\u00e1s tiempo y espacio<\/strong><\/p>\n<p>La Galaxy Tab A (7.0, 2016) ofrece autonom\u00eda a lo largo del d\u00eda y ofrece un amplio espacio de almacenamiento. Ahora puedes disfrutar del contenido por m\u00e1s tiempo y optimizar tu experiencia de trabajo y entretenimiento.<br \/>&nbsp;<\/p>\n<p><strong>F\u00e1cil acceso<\/strong><\/p>\n<p>Lleva contigo tus estaciones de radio favoritas donde quiera que vayas. Una Radio h\u00edbrida que combina FM con transmisiones en l\u00ednea y te permite crear tus favoritas, incluso graba segmentos radiales para compartir con tus amigos.<br \/>&nbsp;<\/p>\n<p><strong>Especificaciones T\u00e9cnicas<\/strong><\/p>\n<p>Dimensiones:18 x 10 x 0.87cm<br \/>Peso: 0.283 Kg<br \/>Sistema operativo: Android<br \/>Procesador: Quad Core 1.3GHz<br \/>Tama\u00f1o de pantalla: 7.0&#8243; (177.7mm)<br \/>Resoluci\u00f3n 1280 x 800 (WXGA)<br \/>Tecnolog\u00eda TFT<br \/>Intensidad de color 16M<br \/>S-pen No<br \/>C\u00e1mara principal &#8211; resoluci\u00f3n&nbsp;CMOS 5.0 MP<br \/>C\u00e1mara principal &#8211; autoenfoque S\u00ed<br \/>C\u00e1mara frontal &#8211; resoluci\u00f3n CMOS 2.0 MP<br \/>C\u00e1mara principal &#8211; flash No<br \/>Resoluci\u00f3n de grabaci\u00f3n de video HD (1280 x 720) @30fps<br \/>Memoria RAM (GB) 1.5 GB<br \/>Memoria Total (GB) 8 GB<br \/>Memoria disponible* (GB) 4.3 GB<br \/>Memoria externa MicroSD (Up to 200GB)<br \/>Infra: Solo Wi-Fi<br \/>ANT+ No<br \/>USB Version USB 2.0<br \/>Tecnolog\u00eda de localizaci\u00f3n GPS, Glonass<br \/>Aud\u00edfono 3.5mm Stereo<br \/>MHL No<br \/>Wi-Fi 802.11 b\/g\/n 2.4GHz<br \/>Wi-Fi Direct S\u00ed<br \/>Versi\u00f3n Bluetooth Bluetooth v4.0<br \/>NFC No<br \/>Perfiles Bluetooth A2DP, AVRCP, DI, HID, HOGP, HSP, OPP, PAN<br \/>PC Sync: <span>Smart Switch (Version PC)<br \/>Sensores Aceler\u00f3metro<br \/>Uso de internet (Wi-Fi) (Horas) Hasta 11<br \/>Tiempo de reproducci\u00f3n de video (Horas) Hasta 9<br \/>Capacidad de la bater\u00eda (mAh)4000<br \/>Removible No<br \/>Tiempo de reproducci\u00f3n de audio (Horas) Hasta 100<br \/>Formatos de reproducci\u00f3n de video<br \/>MP4, M4V, 3GP, 3G2, WMV, ASF, AVI, FLV, MKV, WEBM<br \/>Resoluci\u00f3n de reproducci\u00f3n de video FHD (1920 x 1080) @30fps<br \/>Formato de reproducci\u00f3n de audio&nbsp;MP3, M4A, 3GA, AAC, OGG, OGA, WAV, WMA, AMR, AWB, FLAC, MID, MIDI, XMF, MXMF, IMY, RTTTL, RTX, OTA<br \/>Color: Blanco<\/span><\/p>\n<p><strong>Contenido Del Paquete<\/strong><\/p>\n<p>Tablet &#8211; Cargador &#8211; Documentaci\u00f3n<\/p>\n","protected":false},"excerpt":{"rendered":"<p># DE PARTE:SM-T280NZWACOO<\/p>\n","protected":false},"featured_media":2013,"template":"","meta":{"site-sidebar-layout":"default","site-content-layout":"","ast-site-content-layout":"default","site-content-style":"default","site-sidebar-style":"default","ast-global-header-display":"","ast-banner-title-visibility":"","ast-main-header-display":"","ast-hfb-above-header-display":"","ast-hfb-below-header-display":"","ast-hfb-mobile-header-display":"","site-post-title":"","ast-breadcrumbs-content":"","ast-featured-img":"","footer-sml-layout":"","ast-disable-related-posts":"","theme-transparent-header-meta":"","adv-header-id-meta":"","stick-header-meta":"","header-above-stick-meta":"","header-main-stick-meta":"","header-below-stick-meta":"","astra-migrate-meta-layouts":"default","ast-page-background-enabled":"default","ast-page-background-meta":{"desktop":{"background-color":"var(--ast-global-color-4)","background-image":"","background-repeat":"repeat","background-position":"center center","background-size":"auto","background-attachment":"scroll","background-type":"","background-media":"","overlay-type":"","overlay-color":"","overlay-opacity":"","overlay-gradient":""},"tablet":{"background-color":"","background-image":"","background-repeat":"repeat","background-position":"center center","background-size":"auto","background-attachment":"scroll","background-type":"","background-media":"","overlay-type":"","overlay-color":"","overlay-opacity":"","overlay-gradient":""},"mobile":{"background-color":"","background-image":"","background-repeat":"repeat","background-position":"center center","background-size":"auto","background-attachment":"scroll","background-type":"","background-media":"","overlay-type":"","overlay-color":"","overlay-opacity":"","overlay-gradient":""}},"ast-content-background-meta":{"desktop":{"background-color":"var(--ast-global-color-5)","background-image":"","background-repeat":"repeat","background-position":"center center","background-size":"auto","background-attachment":"scroll","background-type":"","background-media":"","overlay-type":"","overlay-color":"","overlay-opacity":"","overlay-gradient":""},"tablet":{"background-color":"var(--ast-global-color-5)","background-image":"","background-repeat":"repeat","background-position":"center center","background-size":"auto","background-attachment":"scroll","background-type":"","background-media":"","overlay-type":"","overlay-color":"","overlay-opacity":"","overlay-gradient":""},"mobile":{"background-color":"var(--ast-global-color-5)","background-image":"","background-repeat":"repeat","background-position":"center center","background-size":"auto","background-attachment":"scroll","background-type":"","background-media":"","overlay-type":"","overlay-color":"","overlay-opacity":"","overlay-gradient":""}}},"product_brand":[],"product_cat":[53,60,147,115],"product_tag":[44],"class_list":{"0":"post-1927","1":"product","2":"type-product","3":"status-publish","4":"has-post-thumbnail","6":"product_cat-celulares-y-tablets","7":"product_cat-portatiles","8":"product_cat-tablet","9":"product_cat-tablets","10":"product_tag-samsung","11":"desktop-align-left","12":"tablet-align-left","13":"mobile-align-left","15":"first","16":"instock","17":"taxable","18":"shipping-taxable","19":"product-type-simple"},"yoast_head":"<!-- This site is optimized with the Yoast SEO plugin v27.4 - https:\/\/yoast.com\/product\/yoast-seo-wordpress\/ -->\n<title>Tablet Samsung Galaxy Tab A 8Gb 7 Pulg Wifi Blanco - IntegralPro<\/title>\n<meta name=\"robots\" content=\"index, follow, max-snippet:-1, max-image-preview:large, max-video-preview:-1\" \/>\n<link rel=\"canonical\" href=\"https:\/\/www.integralpro.com.co\/index.php\/producto\/tablet-samsung-galaxy-tab-a-8gb-7-pulg-wifi-blanco\/\" \/>\n<meta property=\"og:locale\" content=\"es_ES\" \/>\n<meta property=\"og:type\" content=\"article\" \/>\n<meta property=\"og:title\" content=\"Tablet Samsung Galaxy Tab A 8Gb 7 Pulg Wifi Blanco - IntegralPro\" \/>\n<meta property=\"og:description\" content=\"# DE PARTE:SM-T280NZWACOO\" \/>\n<meta property=\"og:url\" content=\"https:\/\/www.integralpro.com.co\/index.php\/producto\/tablet-samsung-galaxy-tab-a-8gb-7-pulg-wifi-blanco\/\" \/>\n<meta property=\"og:site_name\" content=\"IntegralPro\" \/>\n<meta property=\"article:modified_time\" content=\"2021-02-19T19:52:10+00:00\" \/>\n<meta property=\"og:image\" content=\"https:\/\/www.integralpro.com.co\/wp-content\/uploads\/2021\/02\/1f4243eb6b924eedf8c4768cb0a29a40.jpg\" \/>\n\t<meta property=\"og:image:width\" content=\"850\" \/>\n\t<meta property=\"og:image:height\" content=\"850\" \/>\n\t<meta property=\"og:image:type\" content=\"image\/jpeg\" \/>\n<meta name=\"twitter:card\" content=\"summary_large_image\" \/>\n<meta name=\"twitter:label1\" content=\"Tiempo de lectura\" \/>\n\t<meta name=\"twitter:data1\" content=\"2 minutos\" \/>\n<script type=\"application\/ld+json\" class=\"yoast-schema-graph\">{\"@context\":\"https:\\\/\\\/schema.org\",\"@graph\":[{\"@type\":\"WebPage\",\"@id\":\"https:\\\/\\\/www.integralpro.com.co\\\/index.php\\\/producto\\\/tablet-samsung-galaxy-tab-a-8gb-7-pulg-wifi-blanco\\\/\",\"url\":\"https:\\\/\\\/www.integralpro.com.co\\\/index.php\\\/producto\\\/tablet-samsung-galaxy-tab-a-8gb-7-pulg-wifi-blanco\\\/\",\"name\":\"Tablet Samsung Galaxy Tab A 8Gb 7 Pulg Wifi Blanco - IntegralPro\",\"isPartOf\":{\"@id\":\"https:\\\/\\\/www.integralpro.com.co\\\/#website\"},\"primaryImageOfPage\":{\"@id\":\"https:\\\/\\\/www.integralpro.com.co\\\/index.php\\\/producto\\\/tablet-samsung-galaxy-tab-a-8gb-7-pulg-wifi-blanco\\\/#primaryimage\"},\"image\":{\"@id\":\"https:\\\/\\\/www.integralpro.com.co\\\/index.php\\\/producto\\\/tablet-samsung-galaxy-tab-a-8gb-7-pulg-wifi-blanco\\\/#primaryimage\"},\"thumbnailUrl\":\"https:\\\/\\\/www.integralpro.com.co\\\/wp-content\\\/uploads\\\/2021\\\/02\\\/1f4243eb6b924eedf8c4768cb0a29a40.jpg\",\"datePublished\":\"2021-02-19T19:51:22+00:00\",\"dateModified\":\"2021-02-19T19:52:10+00:00\",\"breadcrumb\":{\"@id\":\"https:\\\/\\\/www.integralpro.com.co\\\/index.php\\\/producto\\\/tablet-samsung-galaxy-tab-a-8gb-7-pulg-wifi-blanco\\\/#breadcrumb\"},\"inLanguage\":\"es\",\"potentialAction\":[{\"@type\":\"ReadAction\",\"target\":[\"https:\\\/\\\/www.integralpro.com.co\\\/index.php\\\/producto\\\/tablet-samsung-galaxy-tab-a-8gb-7-pulg-wifi-blanco\\\/\"]}]},{\"@type\":\"ImageObject\",\"inLanguage\":\"es\",\"@id\":\"https:\\\/\\\/www.integralpro.com.co\\\/index.php\\\/producto\\\/tablet-samsung-galaxy-tab-a-8gb-7-pulg-wifi-blanco\\\/#primaryimage\",\"url\":\"https:\\\/\\\/www.integralpro.com.co\\\/wp-content\\\/uploads\\\/2021\\\/02\\\/1f4243eb6b924eedf8c4768cb0a29a40.jpg\",\"contentUrl\":\"https:\\\/\\\/www.integralpro.com.co\\\/wp-content\\\/uploads\\\/2021\\\/02\\\/1f4243eb6b924eedf8c4768cb0a29a40.jpg\",\"width\":850,\"height\":850},{\"@type\":\"BreadcrumbList\",\"@id\":\"https:\\\/\\\/www.integralpro.com.co\\\/index.php\\\/producto\\\/tablet-samsung-galaxy-tab-a-8gb-7-pulg-wifi-blanco\\\/#breadcrumb\",\"itemListElement\":[{\"@type\":\"ListItem\",\"position\":1,\"name\":\"Portada\",\"item\":\"https:\\\/\\\/www.integralpro.com.co\\\/\"},{\"@type\":\"ListItem\",\"position\":2,\"name\":\"Tienda\",\"item\":\"https:\\\/\\\/www.integralpro.com.co\\\/index.php\\\/tienda\\\/\"},{\"@type\":\"ListItem\",\"position\":3,\"name\":\"Tablet Samsung Galaxy Tab A 8Gb 7 Pulg Wifi Blanco\"}]},{\"@type\":\"WebSite\",\"@id\":\"https:\\\/\\\/www.integralpro.com.co\\\/#website\",\"url\":\"https:\\\/\\\/www.integralpro.com.co\\\/\",\"name\":\"IntegralPro\",\"description\":\"Tienda de Tecnolog\u00eda en L\u00ednea\",\"publisher\":{\"@id\":\"https:\\\/\\\/www.integralpro.com.co\\\/#organization\"},\"potentialAction\":[{\"@type\":\"SearchAction\",\"target\":{\"@type\":\"EntryPoint\",\"urlTemplate\":\"https:\\\/\\\/www.integralpro.com.co\\\/?s={search_term_string}\"},\"query-input\":{\"@type\":\"PropertyValueSpecification\",\"valueRequired\":true,\"valueName\":\"search_term_string\"}}],\"inLanguage\":\"es\"},{\"@type\":\"Organization\",\"@id\":\"https:\\\/\\\/www.integralpro.com.co\\\/#organization\",\"name\":\"IntegralPro SAS\",\"url\":\"https:\\\/\\\/www.integralpro.com.co\\\/\",\"logo\":{\"@type\":\"ImageObject\",\"inLanguage\":\"es\",\"@id\":\"https:\\\/\\\/www.integralpro.com.co\\\/#\\\/schema\\\/logo\\\/image\\\/\",\"url\":\"https:\\\/\\\/www.integralpro.com.co\\\/wp-content\\\/uploads\\\/2021\\\/02\\\/logo-def.jpg\",\"contentUrl\":\"https:\\\/\\\/www.integralpro.com.co\\\/wp-content\\\/uploads\\\/2021\\\/02\\\/logo-def.jpg\",\"width\":238,\"height\":234,\"caption\":\"IntegralPro SAS\"},\"image\":{\"@id\":\"https:\\\/\\\/www.integralpro.com.co\\\/#\\\/schema\\\/logo\\\/image\\\/\"}}]}<\/script>\n<!-- \/ Yoast SEO plugin. -->","yoast_head_json":{"title":"Tablet Samsung Galaxy Tab A 8Gb 7 Pulg Wifi Blanco - IntegralPro","robots":{"index":"index","follow":"follow","max-snippet":"max-snippet:-1","max-image-preview":"max-image-preview:large","max-video-preview":"max-video-preview:-1"},"canonical":"https:\/\/www.integralpro.com.co\/index.php\/producto\/tablet-samsung-galaxy-tab-a-8gb-7-pulg-wifi-blanco\/","og_locale":"es_ES","og_type":"article","og_title":"Tablet Samsung Galaxy Tab A 8Gb 7 Pulg Wifi Blanco - IntegralPro","og_description":"# DE PARTE:SM-T280NZWACOO","og_url":"https:\/\/www.integralpro.com.co\/index.php\/producto\/tablet-samsung-galaxy-tab-a-8gb-7-pulg-wifi-blanco\/","og_site_name":"IntegralPro","article_modified_time":"2021-02-19T19:52:10+00:00","og_image":[{"width":850,"height":850,"url":"https:\/\/www.integralpro.com.co\/wp-content\/uploads\/2021\/02\/1f4243eb6b924eedf8c4768cb0a29a40.jpg","type":"image\/jpeg"}],"twitter_card":"summary_large_image","twitter_misc":{"Tiempo de lectura":"2 minutos"},"schema":{"@context":"https:\/\/schema.org","@graph":[{"@type":"WebPage","@id":"https:\/\/www.integralpro.com.co\/index.php\/producto\/tablet-samsung-galaxy-tab-a-8gb-7-pulg-wifi-blanco\/","url":"https:\/\/www.integralpro.com.co\/index.php\/producto\/tablet-samsung-galaxy-tab-a-8gb-7-pulg-wifi-blanco\/","name":"Tablet Samsung Galaxy Tab A 8Gb 7 Pulg Wifi Blanco - IntegralPro","isPartOf":{"@id":"https:\/\/www.integralpro.com.co\/#website"},"primaryImageOfPage":{"@id":"https:\/\/www.integralpro.com.co\/index.php\/producto\/tablet-samsung-galaxy-tab-a-8gb-7-pulg-wifi-blanco\/#primaryimage"},"image":{"@id":"https:\/\/www.integralpro.com.co\/index.php\/producto\/tablet-samsung-galaxy-tab-a-8gb-7-pulg-wifi-blanco\/#primaryimage"},"thumbnailUrl":"https:\/\/www.integralpro.com.co\/wp-content\/uploads\/2021\/02\/1f4243eb6b924eedf8c4768cb0a29a40.jpg","datePublished":"2021-02-19T19:51:22+00:00","dateModified":"2021-02-19T19:52:10+00:00","breadcrumb":{"@id":"https:\/\/www.integralpro.com.co\/index.php\/producto\/tablet-samsung-galaxy-tab-a-8gb-7-pulg-wifi-blanco\/#breadcrumb"},"inLanguage":"es","potentialAction":[{"@type":"ReadAction","target":["https:\/\/www.integralpro.com.co\/index.php\/producto\/tablet-samsung-galaxy-tab-a-8gb-7-pulg-wifi-blanco\/"]}]},{"@type":"ImageObject","inLanguage":"es","@id":"https:\/\/www.integralpro.com.co\/index.php\/producto\/tablet-samsung-galaxy-tab-a-8gb-7-pulg-wifi-blanco\/#primaryimage","url":"https:\/\/www.integralpro.com.co\/wp-content\/uploads\/2021\/02\/1f4243eb6b924eedf8c4768cb0a29a40.jpg","contentUrl":"https:\/\/www.integralpro.com.co\/wp-content\/uploads\/2021\/02\/1f4243eb6b924eedf8c4768cb0a29a40.jpg","width":850,"height":850},{"@type":"BreadcrumbList","@id":"https:\/\/www.integralpro.com.co\/index.php\/producto\/tablet-samsung-galaxy-tab-a-8gb-7-pulg-wifi-blanco\/#breadcrumb","itemListElement":[{"@type":"ListItem","position":1,"name":"Portada","item":"https:\/\/www.integralpro.com.co\/"},{"@type":"ListItem","position":2,"name":"Tienda","item":"https:\/\/www.integralpro.com.co\/index.php\/tienda\/"},{"@type":"ListItem","position":3,"name":"Tablet Samsung Galaxy Tab A 8Gb 7 Pulg Wifi Blanco"}]},{"@type":"WebSite","@id":"https:\/\/www.integralpro.com.co\/#website","url":"https:\/\/www.integralpro.com.co\/","name":"IntegralPro","description":"Tienda de Tecnolog\u00eda en L\u00ednea","publisher":{"@id":"https:\/\/www.integralpro.com.co\/#organization"},"potentialAction":[{"@type":"SearchAction","target":{"@type":"EntryPoint","urlTemplate":"https:\/\/www.integralpro.com.co\/?s={search_term_string}"},"query-input":{"@type":"PropertyValueSpecification","valueRequired":true,"valueName":"search_term_string"}}],"inLanguage":"es"},{"@type":"Organization","@id":"https:\/\/www.integralpro.com.co\/#organization","name":"IntegralPro SAS","url":"https:\/\/www.integralpro.com.co\/","logo":{"@type":"ImageObject","inLanguage":"es","@id":"https:\/\/www.integralpro.com.co\/#\/schema\/logo\/image\/","url":"https:\/\/www.integralpro.com.co\/wp-content\/uploads\/2021\/02\/logo-def.jpg","contentUrl":"https:\/\/www.integralpro.com.co\/wp-content\/uploads\/2021\/02\/logo-def.jpg","width":238,"height":234,"caption":"IntegralPro SAS"},"image":{"@id":"https:\/\/www.integralpro.com.co\/#\/schema\/logo\/image\/"}}]}},"_links":{"self":[{"href":"https:\/\/www.integralpro.com.co\/index.php\/wp-json\/wp\/v2\/product\/1927","targetHints":{"allow":["GET"]}}],"collection":[{"href":"https:\/\/www.integralpro.com.co\/index.php\/wp-json\/wp\/v2\/product"}],"about":[{"href":"https:\/\/www.integralpro.com.co\/index.php\/wp-json\/wp\/v2\/types\/product"}],"version-history":[{"count":1,"href":"https:\/\/www.integralpro.com.co\/index.php\/wp-json\/wp\/v2\/product\/1927\/revisions"}],"predecessor-version":[{"id":2014,"href":"https:\/\/www.integralpro.com.co\/index.php\/wp-json\/wp\/v2\/product\/1927\/revisions\/2014"}],"wp:featuredmedia":[{"embeddable":true,"href":"https:\/\/www.integralpro.com.co\/index.php\/wp-json\/wp\/v2\/media\/2013"}],"wp:attachment":[{"href":"https:\/\/www.integralpro.com.co\/index.php\/wp-json\/wp\/v2\/media?parent=1927"}],"wp:term":[{"taxonomy":"product_brand","embeddable":true,"href":"https:\/\/www.integralpro.com.co\/index.php\/wp-json\/wp\/v2\/product_brand?post=1927"},{"taxonomy":"product_cat","embeddable":true,"href":"https:\/\/www.integralpro.com.co\/index.php\/wp-json\/wp\/v2\/product_cat?post=1927"},{"taxonomy":"product_tag","embeddable":true,"href":"https:\/\/www.integralpro.com.co\/index.php\/wp-json\/wp\/v2\/product_tag?post=1927"}],"curies":[{"name":"wp","href":"https:\/\/api.w.org\/{rel}","templated":true}]}}