{"id":1717,"date":"2021-02-19T14:49:26","date_gmt":"2021-02-19T19:49:26","guid":{"rendered":"https:\/\/www.integralpro.com.co\/index.php\/producto\/import-placeholder-for-1029\/"},"modified":"2021-02-19T14:49:55","modified_gmt":"2021-02-19T19:49:55","slug":"parlante-sony-portatil-extra-bass-xb21-bluetooth-rojo","status":"publish","type":"product","link":"https:\/\/www.integralpro.com.co\/index.php\/producto\/parlante-sony-portatil-extra-bass-xb21-bluetooth-rojo\/","title":{"rendered":"Parlante Sony Portatil Extra Bass XB21 Bluetooth Rojo"},"content":{"rendered":"<p>Mete el SRS-XB21 en el bolso, re\u00fane a varios amigos y empieza la fiesta all\u00e1 donde vayas. Con EXTRA BASS\u2122, sonido de m\u00fasica en directo y luces de fiesta, llevar\u00e1s un minifestival siempre contigo.&nbsp;Sum\u00e9rgete en las sensaciones,&nbsp;Comprueba por ti mismo c\u00f3mo el SRS-XB21 te hace sentir como si estuvieras all\u00ed. T\u00fa solo tienes que invitar a tus amigos.<\/p>\n<p><strong>Experiencia de m\u00fasica en directo<\/strong><\/p>\n<p>Escucha tu m\u00fasica de una forma completamente nueva con el modo de sonido LIVE. Da vida a tu fiesta con una experiencia de sonido tridimensional \u00fanica, que crea un ambiente festivo all\u00e1 donde vayas.<\/p>\n<p><strong>C\u00f3mo funciona el modo de sonido LIVE<\/strong><\/p>\n<p>Los altavoces del SRS-XB21 se han dise\u00f1ado cuidadosamente para ofrecer una experiencia tridimensional real. Las l\u00edneas azules muestran c\u00f3mo los altavoces en \u00e1ngulo con la nueva tecnolog\u00eda DSP env\u00edan la m\u00fasica a un \u00e1rea m\u00e1s amplia, para crear un ambiente de festival est\u00e9s donde est\u00e9s.<br \/>&nbsp;<\/p>\n<p><strong>Peque\u00f1o en tama\u00f1o, grande en diversi\u00f3n<\/strong><\/p>\n<p>El compacto SRS-XB21 cabe f\u00e1cilmente en el bolso. Puedes colocarlo incluso en el soporte para botellas de la bici y llevarte la fiesta contigo.<br \/>&nbsp;<\/p>\n<p><strong>Especificaciones T\u00e9cnicas<\/strong><\/p>\n<p>Dimensiones: 19 x 7.2 x 6.5 cm<br \/>Peso: 0.53Kg<br \/>Tipo de altavoz:&nbsp; Rango completo<br \/>Tama\u00f1o del altavoz: 42 mm<br \/>Duraci\u00f3n de la bater\u00eda:&nbsp;12 h (modo est\u00e1ndar\/iluminaci\u00f3n apagada)<br \/>Terminales de entrada y salida: Mini conector est\u00e9reo (entrada), micro USB<br \/>Alcance de transmisi\u00f3n de frecuencia:&nbsp;20 Hz &#8211; 20.000 Hz (muestreo de 44,1 kHz)<br \/>Sonido EXTRA BASS\u2122 con modo de sonido LIVE<br \/>NFC: si<br \/>Funci\u00f3n manos libres: Si<br \/>Bluetooth: Si<br \/>Protecci\u00f3n contra el agua: IP67<br \/>Efectos de sonido con Party Booster<br \/>Anima tu fiesta con llamativas luces<br \/>Resistente al agua y al polvo (calificaci\u00f3n IP67)<br \/>Hasta 12 horas de duraci\u00f3n de bater\u00eda<br \/>Color: Rojo<\/p>\n<p><strong>Contenido Del Paquete:&nbsp;<\/strong>Parlante &#8211; Cable micro USB &#8211; Documentaci\u00f3n<\/p>\n","protected":false},"excerpt":{"rendered":"<p># DE PARTE:SRS-XB21\/R<\/p>\n","protected":false},"featured_media":1779,"template":"","meta":{"site-sidebar-layout":"default","site-content-layout":"","ast-site-content-layout":"default","site-content-style":"default","site-sidebar-style":"default","ast-global-header-display":"","ast-banner-title-visibility":"","ast-main-header-display":"","ast-hfb-above-header-display":"","ast-hfb-below-header-display":"","ast-hfb-mobile-header-display":"","site-post-title":"","ast-breadcrumbs-content":"","ast-featured-img":"","footer-sml-layout":"","ast-disable-related-posts":"","theme-transparent-header-meta":"","adv-header-id-meta":"","stick-header-meta":"","header-above-stick-meta":"","header-main-stick-meta":"","header-below-stick-meta":"","astra-migrate-meta-layouts":"default","ast-page-background-enabled":"default","ast-page-background-meta":{"desktop":{"background-color":"var(--ast-global-color-4)","background-image":"","background-repeat":"repeat","background-position":"center center","background-size":"auto","background-attachment":"scroll","background-type":"","background-media":"","overlay-type":"","overlay-color":"","overlay-opacity":"","overlay-gradient":""},"tablet":{"background-color":"","background-image":"","background-repeat":"repeat","background-position":"center center","background-size":"auto","background-attachment":"scroll","background-type":"","background-media":"","overlay-type":"","overlay-color":"","overlay-opacity":"","overlay-gradient":""},"mobile":{"background-color":"","background-image":"","background-repeat":"repeat","background-position":"center center","background-size":"auto","background-attachment":"scroll","background-type":"","background-media":"","overlay-type":"","overlay-color":"","overlay-opacity":"","overlay-gradient":""}},"ast-content-background-meta":{"desktop":{"background-color":"var(--ast-global-color-5)","background-image":"","background-repeat":"repeat","background-position":"center center","background-size":"auto","background-attachment":"scroll","background-type":"","background-media":"","overlay-type":"","overlay-color":"","overlay-opacity":"","overlay-gradient":""},"tablet":{"background-color":"var(--ast-global-color-5)","background-image":"","background-repeat":"repeat","background-position":"center center","background-size":"auto","background-attachment":"scroll","background-type":"","background-media":"","overlay-type":"","overlay-color":"","overlay-opacity":"","overlay-gradient":""},"mobile":{"background-color":"var(--ast-global-color-5)","background-image":"","background-repeat":"repeat","background-position":"center center","background-size":"auto","background-attachment":"scroll","background-type":"","background-media":"","overlay-type":"","overlay-color":"","overlay-opacity":"","overlay-gradient":""}}},"product_brand":[],"product_cat":[51,100,102],"product_tag":[440],"class_list":{"0":"post-1717","1":"product","2":"type-product","3":"status-publish","4":"has-post-thumbnail","6":"product_cat-audio","7":"product_cat-audio-portatil","8":"product_cat-parlantes","9":"product_tag-sony","10":"desktop-align-left","11":"tablet-align-left","12":"mobile-align-left","14":"first","15":"instock","16":"taxable","17":"shipping-taxable","18":"product-type-simple"},"yoast_head":"<!-- This site is optimized with the Yoast SEO plugin v27.3 - https:\/\/yoast.com\/product\/yoast-seo-wordpress\/ -->\n<title>Parlante Sony Portatil Extra Bass XB21 Bluetooth Rojo - IntegralPro<\/title>\n<meta name=\"robots\" content=\"index, follow, max-snippet:-1, max-image-preview:large, max-video-preview:-1\" \/>\n<link rel=\"canonical\" href=\"https:\/\/www.integralpro.com.co\/index.php\/producto\/parlante-sony-portatil-extra-bass-xb21-bluetooth-rojo\/\" \/>\n<meta property=\"og:locale\" content=\"es_ES\" \/>\n<meta property=\"og:type\" content=\"article\" \/>\n<meta property=\"og:title\" content=\"Parlante Sony Portatil Extra Bass XB21 Bluetooth Rojo - IntegralPro\" \/>\n<meta property=\"og:description\" content=\"# DE PARTE:SRS-XB21\/R\" \/>\n<meta property=\"og:url\" content=\"https:\/\/www.integralpro.com.co\/index.php\/producto\/parlante-sony-portatil-extra-bass-xb21-bluetooth-rojo\/\" \/>\n<meta property=\"og:site_name\" content=\"IntegralPro\" \/>\n<meta property=\"article:modified_time\" content=\"2021-02-19T19:49:55+00:00\" \/>\n<meta property=\"og:image\" content=\"https:\/\/www.integralpro.com.co\/wp-content\/uploads\/2021\/02\/71f2e1d4db242e222c11a8b1338d9745.jpg\" \/>\n\t<meta property=\"og:image:width\" content=\"1000\" \/>\n\t<meta property=\"og:image:height\" content=\"1000\" \/>\n\t<meta property=\"og:image:type\" content=\"image\/jpeg\" \/>\n<meta name=\"twitter:card\" content=\"summary_large_image\" \/>\n<meta name=\"twitter:label1\" content=\"Tiempo de lectura\" \/>\n\t<meta name=\"twitter:data1\" content=\"2 minutos\" \/>\n<script type=\"application\/ld+json\" class=\"yoast-schema-graph\">{\"@context\":\"https:\\\/\\\/schema.org\",\"@graph\":[{\"@type\":\"WebPage\",\"@id\":\"https:\\\/\\\/www.integralpro.com.co\\\/index.php\\\/producto\\\/parlante-sony-portatil-extra-bass-xb21-bluetooth-rojo\\\/\",\"url\":\"https:\\\/\\\/www.integralpro.com.co\\\/index.php\\\/producto\\\/parlante-sony-portatil-extra-bass-xb21-bluetooth-rojo\\\/\",\"name\":\"Parlante Sony Portatil Extra Bass XB21 Bluetooth Rojo - IntegralPro\",\"isPartOf\":{\"@id\":\"https:\\\/\\\/www.integralpro.com.co\\\/#website\"},\"primaryImageOfPage\":{\"@id\":\"https:\\\/\\\/www.integralpro.com.co\\\/index.php\\\/producto\\\/parlante-sony-portatil-extra-bass-xb21-bluetooth-rojo\\\/#primaryimage\"},\"image\":{\"@id\":\"https:\\\/\\\/www.integralpro.com.co\\\/index.php\\\/producto\\\/parlante-sony-portatil-extra-bass-xb21-bluetooth-rojo\\\/#primaryimage\"},\"thumbnailUrl\":\"https:\\\/\\\/www.integralpro.com.co\\\/wp-content\\\/uploads\\\/2021\\\/02\\\/71f2e1d4db242e222c11a8b1338d9745.jpg\",\"datePublished\":\"2021-02-19T19:49:26+00:00\",\"dateModified\":\"2021-02-19T19:49:55+00:00\",\"breadcrumb\":{\"@id\":\"https:\\\/\\\/www.integralpro.com.co\\\/index.php\\\/producto\\\/parlante-sony-portatil-extra-bass-xb21-bluetooth-rojo\\\/#breadcrumb\"},\"inLanguage\":\"es\",\"potentialAction\":[{\"@type\":\"ReadAction\",\"target\":[\"https:\\\/\\\/www.integralpro.com.co\\\/index.php\\\/producto\\\/parlante-sony-portatil-extra-bass-xb21-bluetooth-rojo\\\/\"]}]},{\"@type\":\"ImageObject\",\"inLanguage\":\"es\",\"@id\":\"https:\\\/\\\/www.integralpro.com.co\\\/index.php\\\/producto\\\/parlante-sony-portatil-extra-bass-xb21-bluetooth-rojo\\\/#primaryimage\",\"url\":\"https:\\\/\\\/www.integralpro.com.co\\\/wp-content\\\/uploads\\\/2021\\\/02\\\/71f2e1d4db242e222c11a8b1338d9745.jpg\",\"contentUrl\":\"https:\\\/\\\/www.integralpro.com.co\\\/wp-content\\\/uploads\\\/2021\\\/02\\\/71f2e1d4db242e222c11a8b1338d9745.jpg\",\"width\":1000,\"height\":1000},{\"@type\":\"BreadcrumbList\",\"@id\":\"https:\\\/\\\/www.integralpro.com.co\\\/index.php\\\/producto\\\/parlante-sony-portatil-extra-bass-xb21-bluetooth-rojo\\\/#breadcrumb\",\"itemListElement\":[{\"@type\":\"ListItem\",\"position\":1,\"name\":\"Portada\",\"item\":\"https:\\\/\\\/www.integralpro.com.co\\\/\"},{\"@type\":\"ListItem\",\"position\":2,\"name\":\"Tienda\",\"item\":\"https:\\\/\\\/www.integralpro.com.co\\\/index.php\\\/tienda\\\/\"},{\"@type\":\"ListItem\",\"position\":3,\"name\":\"Parlante Sony Portatil Extra Bass XB21 Bluetooth Rojo\"}]},{\"@type\":\"WebSite\",\"@id\":\"https:\\\/\\\/www.integralpro.com.co\\\/#website\",\"url\":\"https:\\\/\\\/www.integralpro.com.co\\\/\",\"name\":\"IntegralPro\",\"description\":\"Tienda de Tecnolog\u00eda en L\u00ednea\",\"publisher\":{\"@id\":\"https:\\\/\\\/www.integralpro.com.co\\\/#organization\"},\"potentialAction\":[{\"@type\":\"SearchAction\",\"target\":{\"@type\":\"EntryPoint\",\"urlTemplate\":\"https:\\\/\\\/www.integralpro.com.co\\\/?s={search_term_string}\"},\"query-input\":{\"@type\":\"PropertyValueSpecification\",\"valueRequired\":true,\"valueName\":\"search_term_string\"}}],\"inLanguage\":\"es\"},{\"@type\":\"Organization\",\"@id\":\"https:\\\/\\\/www.integralpro.com.co\\\/#organization\",\"name\":\"IntegralPro SAS\",\"url\":\"https:\\\/\\\/www.integralpro.com.co\\\/\",\"logo\":{\"@type\":\"ImageObject\",\"inLanguage\":\"es\",\"@id\":\"https:\\\/\\\/www.integralpro.com.co\\\/#\\\/schema\\\/logo\\\/image\\\/\",\"url\":\"https:\\\/\\\/www.integralpro.com.co\\\/wp-content\\\/uploads\\\/2021\\\/02\\\/logo-def.jpg\",\"contentUrl\":\"https:\\\/\\\/www.integralpro.com.co\\\/wp-content\\\/uploads\\\/2021\\\/02\\\/logo-def.jpg\",\"width\":238,\"height\":234,\"caption\":\"IntegralPro SAS\"},\"image\":{\"@id\":\"https:\\\/\\\/www.integralpro.com.co\\\/#\\\/schema\\\/logo\\\/image\\\/\"}}]}<\/script>\n<!-- \/ Yoast SEO plugin. -->","yoast_head_json":{"title":"Parlante Sony Portatil Extra Bass XB21 Bluetooth Rojo - IntegralPro","robots":{"index":"index","follow":"follow","max-snippet":"max-snippet:-1","max-image-preview":"max-image-preview:large","max-video-preview":"max-video-preview:-1"},"canonical":"https:\/\/www.integralpro.com.co\/index.php\/producto\/parlante-sony-portatil-extra-bass-xb21-bluetooth-rojo\/","og_locale":"es_ES","og_type":"article","og_title":"Parlante Sony Portatil Extra Bass XB21 Bluetooth Rojo - IntegralPro","og_description":"# DE PARTE:SRS-XB21\/R","og_url":"https:\/\/www.integralpro.com.co\/index.php\/producto\/parlante-sony-portatil-extra-bass-xb21-bluetooth-rojo\/","og_site_name":"IntegralPro","article_modified_time":"2021-02-19T19:49:55+00:00","og_image":[{"width":1000,"height":1000,"url":"https:\/\/www.integralpro.com.co\/wp-content\/uploads\/2021\/02\/71f2e1d4db242e222c11a8b1338d9745.jpg","type":"image\/jpeg"}],"twitter_card":"summary_large_image","twitter_misc":{"Tiempo de lectura":"2 minutos"},"schema":{"@context":"https:\/\/schema.org","@graph":[{"@type":"WebPage","@id":"https:\/\/www.integralpro.com.co\/index.php\/producto\/parlante-sony-portatil-extra-bass-xb21-bluetooth-rojo\/","url":"https:\/\/www.integralpro.com.co\/index.php\/producto\/parlante-sony-portatil-extra-bass-xb21-bluetooth-rojo\/","name":"Parlante Sony Portatil Extra Bass XB21 Bluetooth Rojo - IntegralPro","isPartOf":{"@id":"https:\/\/www.integralpro.com.co\/#website"},"primaryImageOfPage":{"@id":"https:\/\/www.integralpro.com.co\/index.php\/producto\/parlante-sony-portatil-extra-bass-xb21-bluetooth-rojo\/#primaryimage"},"image":{"@id":"https:\/\/www.integralpro.com.co\/index.php\/producto\/parlante-sony-portatil-extra-bass-xb21-bluetooth-rojo\/#primaryimage"},"thumbnailUrl":"https:\/\/www.integralpro.com.co\/wp-content\/uploads\/2021\/02\/71f2e1d4db242e222c11a8b1338d9745.jpg","datePublished":"2021-02-19T19:49:26+00:00","dateModified":"2021-02-19T19:49:55+00:00","breadcrumb":{"@id":"https:\/\/www.integralpro.com.co\/index.php\/producto\/parlante-sony-portatil-extra-bass-xb21-bluetooth-rojo\/#breadcrumb"},"inLanguage":"es","potentialAction":[{"@type":"ReadAction","target":["https:\/\/www.integralpro.com.co\/index.php\/producto\/parlante-sony-portatil-extra-bass-xb21-bluetooth-rojo\/"]}]},{"@type":"ImageObject","inLanguage":"es","@id":"https:\/\/www.integralpro.com.co\/index.php\/producto\/parlante-sony-portatil-extra-bass-xb21-bluetooth-rojo\/#primaryimage","url":"https:\/\/www.integralpro.com.co\/wp-content\/uploads\/2021\/02\/71f2e1d4db242e222c11a8b1338d9745.jpg","contentUrl":"https:\/\/www.integralpro.com.co\/wp-content\/uploads\/2021\/02\/71f2e1d4db242e222c11a8b1338d9745.jpg","width":1000,"height":1000},{"@type":"BreadcrumbList","@id":"https:\/\/www.integralpro.com.co\/index.php\/producto\/parlante-sony-portatil-extra-bass-xb21-bluetooth-rojo\/#breadcrumb","itemListElement":[{"@type":"ListItem","position":1,"name":"Portada","item":"https:\/\/www.integralpro.com.co\/"},{"@type":"ListItem","position":2,"name":"Tienda","item":"https:\/\/www.integralpro.com.co\/index.php\/tienda\/"},{"@type":"ListItem","position":3,"name":"Parlante Sony Portatil Extra Bass XB21 Bluetooth Rojo"}]},{"@type":"WebSite","@id":"https:\/\/www.integralpro.com.co\/#website","url":"https:\/\/www.integralpro.com.co\/","name":"IntegralPro","description":"Tienda de Tecnolog\u00eda en L\u00ednea","publisher":{"@id":"https:\/\/www.integralpro.com.co\/#organization"},"potentialAction":[{"@type":"SearchAction","target":{"@type":"EntryPoint","urlTemplate":"https:\/\/www.integralpro.com.co\/?s={search_term_string}"},"query-input":{"@type":"PropertyValueSpecification","valueRequired":true,"valueName":"search_term_string"}}],"inLanguage":"es"},{"@type":"Organization","@id":"https:\/\/www.integralpro.com.co\/#organization","name":"IntegralPro SAS","url":"https:\/\/www.integralpro.com.co\/","logo":{"@type":"ImageObject","inLanguage":"es","@id":"https:\/\/www.integralpro.com.co\/#\/schema\/logo\/image\/","url":"https:\/\/www.integralpro.com.co\/wp-content\/uploads\/2021\/02\/logo-def.jpg","contentUrl":"https:\/\/www.integralpro.com.co\/wp-content\/uploads\/2021\/02\/logo-def.jpg","width":238,"height":234,"caption":"IntegralPro SAS"},"image":{"@id":"https:\/\/www.integralpro.com.co\/#\/schema\/logo\/image\/"}}]}},"_links":{"self":[{"href":"https:\/\/www.integralpro.com.co\/index.php\/wp-json\/wp\/v2\/product\/1717","targetHints":{"allow":["GET"]}}],"collection":[{"href":"https:\/\/www.integralpro.com.co\/index.php\/wp-json\/wp\/v2\/product"}],"about":[{"href":"https:\/\/www.integralpro.com.co\/index.php\/wp-json\/wp\/v2\/types\/product"}],"version-history":[{"count":1,"href":"https:\/\/www.integralpro.com.co\/index.php\/wp-json\/wp\/v2\/product\/1717\/revisions"}],"predecessor-version":[{"id":1780,"href":"https:\/\/www.integralpro.com.co\/index.php\/wp-json\/wp\/v2\/product\/1717\/revisions\/1780"}],"wp:featuredmedia":[{"embeddable":true,"href":"https:\/\/www.integralpro.com.co\/index.php\/wp-json\/wp\/v2\/media\/1779"}],"wp:attachment":[{"href":"https:\/\/www.integralpro.com.co\/index.php\/wp-json\/wp\/v2\/media?parent=1717"}],"wp:term":[{"taxonomy":"product_brand","embeddable":true,"href":"https:\/\/www.integralpro.com.co\/index.php\/wp-json\/wp\/v2\/product_brand?post=1717"},{"taxonomy":"product_cat","embeddable":true,"href":"https:\/\/www.integralpro.com.co\/index.php\/wp-json\/wp\/v2\/product_cat?post=1717"},{"taxonomy":"product_tag","embeddable":true,"href":"https:\/\/www.integralpro.com.co\/index.php\/wp-json\/wp\/v2\/product_tag?post=1717"}],"curies":[{"name":"wp","href":"https:\/\/api.w.org\/{rel}","templated":true}]}}