{"id":1516,"date":"2021-02-19T14:48:18","date_gmt":"2021-02-19T19:48:18","guid":{"rendered":"https:\/\/www.integralpro.com.co\/index.php\/producto\/import-placeholder-for-956\/"},"modified":"2024-10-21T21:56:35","modified_gmt":"2024-10-22T02:56:35","slug":"router-tplink-tlwr941hp-alta-potencia-n-de-hasta-450mbps","status":"publish","type":"product","link":"https:\/\/www.integralpro.com.co\/index.php\/producto\/router-tplink-tlwr941hp-alta-potencia-n-de-hasta-450mbps\/","title":{"rendered":"Router Tplink Tlwr941Hp Alta Potencia N De Hasta 450Mbps"},"content":{"rendered":"<p>El router TL WR941HP esta dise\u00f1ado para ser poderoso, con un hardware actualizado supera facilmente el rendimiento de los routers normales, la se\u00f1al que emite permanece intensa, incluso cuando ha atravesado varios obst\u00e1culos eliminando puntos muertos.<\/p>\n<p><\/p>\n<p><strong>Antenas \u00fanicas<\/strong><\/p>\n<p>Las antenas de alta ganancia aumentan la recepci\u00f3n y la sensibilidad del router para establecer conexiones permanentes sobre grandes distancias.<\/p>\n<p><\/p>\n<p><\/p>\n<p><strong>Alta potencia<\/strong><\/p>\n<p>Los amplificadores independientes proveen significativamente una salida de alta potencia de hasta 1000mW*1, asegurando que su se\u00f1al inal\u00e1mbrica sea fuerte para penetrar obst\u00e1culos.<\/p>\n<p><\/p>\n<p><strong>Velocidad<\/strong><\/p>\n<p>Con una velocidad de hasta 450Mbps en la banda de 2.4GHz, el TL-WR941HP puede trabajar de manera eficiente con casi cualquier aplicaci\u00f3n de banda ancha, incluyendo VoIP, streaming en HD, juegos en l\u00ednea sin retrasos.<\/p>\n<p><\/p>\n<p><strong>F\u00e1cil de administrar<\/strong><\/p>\n<p>La interfaz web y al aplicaci\u00f3n Tether permiten configurar el router en muy pocos minutos.<\/p>\n<p><\/p>\n<p><strong>Especificaciones T\u00e9cnicas<\/strong><\/p>\n<p>Dimensiones: 22.75 x 19 x 4.83 cm<br \/>Peso: 0.8 Kg <br \/>Interfaz: 4 10\/100Mbps LAN Ports; 1 10\/100Mbps WAN Port<br \/>Bot\u00f3n: Bot\u00f3n de encendido \/ apagado inal\u00e1mbrico, bot\u00f3n RE, bot\u00f3n WPS Bot\u00f3n de reinicio, bot\u00f3n de encendido \/ apagado<br \/>Antenas: Antena direccional Omni desmontable de 3 * 9dBi(RP-SMA)<br \/>Fuente de alimentaci\u00f3n: 12VDC \/ 1.5A<br \/>Estandares inal\u00e1mbricos: IEEE 802.11n, IEEE 802.11g, IEEE 802.11b<br \/>Frecuencia: 2.4-2.4835GHz<br \/>Tasa de se\u00f1al: 11n: Up to 450Mbps(dynamic); 11g: Up to 54Mbps(dynamic); 11b: Up to 11Mbps(dynamic)<br \/>Trasmisor de potencia: CE:<20dBm(2.4GHz)FCC:<30dBm<br \/>Funciones inal\u00e1mbricas: Habilitar \/ Deshabilitar la Radio Inal\u00e1mbrica, Puente WDS,WMM, estad\u00edsticas inal\u00e1mbricas<br \/>Inal\u00e1mbricas: 64\/128\/152-bit WEP \/ WPA \/ WPA2, WPA-PSK \/ WPA2-PSK<br \/>Calidad del servicio: WMM, control de ancho de banda<br \/>WAN Tipo: IP din\u00e1mica \/ IP est\u00e1tica \/ PPPoE \/PPTP \/ L2TP \/ BigPond<br \/>Administraci\u00f3n: Control de acceso; Administraci\u00f3n Local; Gesti\u00f3n remota<br \/>DHCP: Servidor; cliente; lista de clientes DHCP; direcci\u00f3n de reservas<br \/>Reenvio de puertos: Servidor virtual, activaci\u00f3n de puerto, UPnP, DMZ<br \/>DNS: DynDns; Comexe; NO-IP<br \/>Paso mediante VPN: PPTP; L2TP; IPSec (cabecera ESP)<br \/>Control de acceso: Control parental; control de gesti\u00f3n local; Lista de host; horario de acceso; gesti\u00f3n de reglas<br \/>Seguridad Firewall: DoS, SPI Firewall; Filtro de direcci\u00f3n IP \/ filtro de direcci\u00f3n MAC \/ filtro de dominio; Enlace de direcciones IP y MAC<br \/>Certificaci\u00f3n: CE; FCC; RoHS; NCC; BSMI<br \/>Requisitos del sistema: Microsoft Windows 10\/8.1\/8\/7; XP; MAC OS; NetWare; UNIX or Linux.<br \/>Color: Negro<\/p>\n<p><\/p>\n<p><strong>Contenido Del Paquete<\/strong><\/p>\n<p>Router inal\u00e1mbrico de alta potencia 450Mbps N &#8211; Cable de Ethernet RJ45 &#8211; Adaptador de corriente &#8211; Documentaci\u00f3n <\/p>\n<p><\/p>\n","protected":false},"excerpt":{"rendered":"<p># DE PARTE: TL-WR941HP<\/p>\n","protected":false},"featured_media":1560,"template":"","meta":{"site-sidebar-layout":"default","site-content-layout":"","ast-site-content-layout":"default","site-content-style":"default","site-sidebar-style":"default","ast-global-header-display":"","ast-banner-title-visibility":"","ast-main-header-display":"","ast-hfb-above-header-display":"","ast-hfb-below-header-display":"","ast-hfb-mobile-header-display":"","site-post-title":"","ast-breadcrumbs-content":"","ast-featured-img":"","footer-sml-layout":"","ast-disable-related-posts":"","theme-transparent-header-meta":"","adv-header-id-meta":"","stick-header-meta":"","header-above-stick-meta":"","header-main-stick-meta":"","header-below-stick-meta":"","astra-migrate-meta-layouts":"default","ast-page-background-enabled":"default","ast-page-background-meta":{"desktop":{"background-color":"var(--ast-global-color-4)","background-image":"","background-repeat":"repeat","background-position":"center center","background-size":"auto","background-attachment":"scroll","background-type":"","background-media":"","overlay-type":"","overlay-color":"","overlay-opacity":"","overlay-gradient":""},"tablet":{"background-color":"","background-image":"","background-repeat":"repeat","background-position":"center center","background-size":"auto","background-attachment":"scroll","background-type":"","background-media":"","overlay-type":"","overlay-color":"","overlay-opacity":"","overlay-gradient":""},"mobile":{"background-color":"","background-image":"","background-repeat":"repeat","background-position":"center center","background-size":"auto","background-attachment":"scroll","background-type":"","background-media":"","overlay-type":"","overlay-color":"","overlay-opacity":"","overlay-gradient":""}},"ast-content-background-meta":{"desktop":{"background-color":"var(--ast-global-color-5)","background-image":"","background-repeat":"repeat","background-position":"center center","background-size":"auto","background-attachment":"scroll","background-type":"","background-media":"","overlay-type":"","overlay-color":"","overlay-opacity":"","overlay-gradient":""},"tablet":{"background-color":"var(--ast-global-color-5)","background-image":"","background-repeat":"repeat","background-position":"center center","background-size":"auto","background-attachment":"scroll","background-type":"","background-media":"","overlay-type":"","overlay-color":"","overlay-opacity":"","overlay-gradient":""},"mobile":{"background-color":"var(--ast-global-color-5)","background-image":"","background-repeat":"repeat","background-position":"center center","background-size":"auto","background-attachment":"scroll","background-type":"","background-media":"","overlay-type":"","overlay-color":"","overlay-opacity":"","overlay-gradient":""}}},"product_brand":[],"product_cat":[62,150],"product_tag":[45],"class_list":{"0":"post-1516","1":"product","2":"type-product","3":"status-publish","4":"has-post-thumbnail","6":"product_cat-redes","7":"product_cat-routers","8":"product_tag-tp-link","9":"desktop-align-left","10":"tablet-align-left","11":"mobile-align-left","13":"first","14":"instock","15":"taxable","16":"shipping-taxable","17":"product-type-simple"},"yoast_head":"<!-- This site is optimized with the Yoast SEO plugin v27.4 - https:\/\/yoast.com\/product\/yoast-seo-wordpress\/ -->\n<title>Router Tplink Tlwr941Hp Alta Potencia N De Hasta 450Mbps - IntegralPro<\/title>\n<meta name=\"robots\" content=\"index, follow, max-snippet:-1, max-image-preview:large, max-video-preview:-1\" \/>\n<link rel=\"canonical\" href=\"https:\/\/www.integralpro.com.co\/index.php\/producto\/router-tplink-tlwr941hp-alta-potencia-n-de-hasta-450mbps\/\" \/>\n<meta property=\"og:locale\" content=\"es_ES\" \/>\n<meta property=\"og:type\" content=\"article\" \/>\n<meta property=\"og:title\" content=\"Router Tplink Tlwr941Hp Alta Potencia N De Hasta 450Mbps - IntegralPro\" \/>\n<meta property=\"og:description\" content=\"# DE PARTE: TL-WR941HP\" \/>\n<meta property=\"og:url\" content=\"https:\/\/www.integralpro.com.co\/index.php\/producto\/router-tplink-tlwr941hp-alta-potencia-n-de-hasta-450mbps\/\" \/>\n<meta property=\"og:site_name\" content=\"IntegralPro\" \/>\n<meta property=\"article:modified_time\" content=\"2024-10-22T02:56:35+00:00\" \/>\n<meta property=\"og:image\" content=\"https:\/\/www.integralpro.com.co\/wp-content\/uploads\/2021\/02\/pNSrhlh.jpg\" \/>\n\t<meta property=\"og:image:width\" content=\"850\" \/>\n\t<meta property=\"og:image:height\" content=\"850\" \/>\n\t<meta property=\"og:image:type\" content=\"image\/jpeg\" \/>\n<meta name=\"twitter:card\" content=\"summary_large_image\" \/>\n<meta name=\"twitter:label1\" content=\"Tiempo de lectura\" \/>\n\t<meta name=\"twitter:data1\" content=\"1 minuto\" \/>\n<script type=\"application\/ld+json\" class=\"yoast-schema-graph\">{\"@context\":\"https:\\\/\\\/schema.org\",\"@graph\":[{\"@type\":\"WebPage\",\"@id\":\"https:\\\/\\\/www.integralpro.com.co\\\/index.php\\\/producto\\\/router-tplink-tlwr941hp-alta-potencia-n-de-hasta-450mbps\\\/\",\"url\":\"https:\\\/\\\/www.integralpro.com.co\\\/index.php\\\/producto\\\/router-tplink-tlwr941hp-alta-potencia-n-de-hasta-450mbps\\\/\",\"name\":\"Router Tplink Tlwr941Hp Alta Potencia N De Hasta 450Mbps - IntegralPro\",\"isPartOf\":{\"@id\":\"https:\\\/\\\/www.integralpro.com.co\\\/#website\"},\"primaryImageOfPage\":{\"@id\":\"https:\\\/\\\/www.integralpro.com.co\\\/index.php\\\/producto\\\/router-tplink-tlwr941hp-alta-potencia-n-de-hasta-450mbps\\\/#primaryimage\"},\"image\":{\"@id\":\"https:\\\/\\\/www.integralpro.com.co\\\/index.php\\\/producto\\\/router-tplink-tlwr941hp-alta-potencia-n-de-hasta-450mbps\\\/#primaryimage\"},\"thumbnailUrl\":\"https:\\\/\\\/www.integralpro.com.co\\\/wp-content\\\/uploads\\\/2021\\\/02\\\/pNSrhlh.jpg\",\"datePublished\":\"2021-02-19T19:48:18+00:00\",\"dateModified\":\"2024-10-22T02:56:35+00:00\",\"breadcrumb\":{\"@id\":\"https:\\\/\\\/www.integralpro.com.co\\\/index.php\\\/producto\\\/router-tplink-tlwr941hp-alta-potencia-n-de-hasta-450mbps\\\/#breadcrumb\"},\"inLanguage\":\"es\",\"potentialAction\":[{\"@type\":\"ReadAction\",\"target\":[\"https:\\\/\\\/www.integralpro.com.co\\\/index.php\\\/producto\\\/router-tplink-tlwr941hp-alta-potencia-n-de-hasta-450mbps\\\/\"]}]},{\"@type\":\"ImageObject\",\"inLanguage\":\"es\",\"@id\":\"https:\\\/\\\/www.integralpro.com.co\\\/index.php\\\/producto\\\/router-tplink-tlwr941hp-alta-potencia-n-de-hasta-450mbps\\\/#primaryimage\",\"url\":\"https:\\\/\\\/www.integralpro.com.co\\\/wp-content\\\/uploads\\\/2021\\\/02\\\/pNSrhlh.jpg\",\"contentUrl\":\"https:\\\/\\\/www.integralpro.com.co\\\/wp-content\\\/uploads\\\/2021\\\/02\\\/pNSrhlh.jpg\",\"width\":850,\"height\":850},{\"@type\":\"BreadcrumbList\",\"@id\":\"https:\\\/\\\/www.integralpro.com.co\\\/index.php\\\/producto\\\/router-tplink-tlwr941hp-alta-potencia-n-de-hasta-450mbps\\\/#breadcrumb\",\"itemListElement\":[{\"@type\":\"ListItem\",\"position\":1,\"name\":\"Portada\",\"item\":\"https:\\\/\\\/www.integralpro.com.co\\\/\"},{\"@type\":\"ListItem\",\"position\":2,\"name\":\"Tienda\",\"item\":\"https:\\\/\\\/www.integralpro.com.co\\\/index.php\\\/tienda\\\/\"},{\"@type\":\"ListItem\",\"position\":3,\"name\":\"Router Tplink Tlwr941Hp Alta Potencia N De Hasta 450Mbps\"}]},{\"@type\":\"WebSite\",\"@id\":\"https:\\\/\\\/www.integralpro.com.co\\\/#website\",\"url\":\"https:\\\/\\\/www.integralpro.com.co\\\/\",\"name\":\"IntegralPro\",\"description\":\"Tienda de Tecnolog\u00eda en L\u00ednea\",\"publisher\":{\"@id\":\"https:\\\/\\\/www.integralpro.com.co\\\/#organization\"},\"potentialAction\":[{\"@type\":\"SearchAction\",\"target\":{\"@type\":\"EntryPoint\",\"urlTemplate\":\"https:\\\/\\\/www.integralpro.com.co\\\/?s={search_term_string}\"},\"query-input\":{\"@type\":\"PropertyValueSpecification\",\"valueRequired\":true,\"valueName\":\"search_term_string\"}}],\"inLanguage\":\"es\"},{\"@type\":\"Organization\",\"@id\":\"https:\\\/\\\/www.integralpro.com.co\\\/#organization\",\"name\":\"IntegralPro SAS\",\"url\":\"https:\\\/\\\/www.integralpro.com.co\\\/\",\"logo\":{\"@type\":\"ImageObject\",\"inLanguage\":\"es\",\"@id\":\"https:\\\/\\\/www.integralpro.com.co\\\/#\\\/schema\\\/logo\\\/image\\\/\",\"url\":\"https:\\\/\\\/www.integralpro.com.co\\\/wp-content\\\/uploads\\\/2021\\\/02\\\/logo-def.jpg\",\"contentUrl\":\"https:\\\/\\\/www.integralpro.com.co\\\/wp-content\\\/uploads\\\/2021\\\/02\\\/logo-def.jpg\",\"width\":238,\"height\":234,\"caption\":\"IntegralPro SAS\"},\"image\":{\"@id\":\"https:\\\/\\\/www.integralpro.com.co\\\/#\\\/schema\\\/logo\\\/image\\\/\"}}]}<\/script>\n<!-- \/ Yoast SEO plugin. -->","yoast_head_json":{"title":"Router Tplink Tlwr941Hp Alta Potencia N De Hasta 450Mbps - IntegralPro","robots":{"index":"index","follow":"follow","max-snippet":"max-snippet:-1","max-image-preview":"max-image-preview:large","max-video-preview":"max-video-preview:-1"},"canonical":"https:\/\/www.integralpro.com.co\/index.php\/producto\/router-tplink-tlwr941hp-alta-potencia-n-de-hasta-450mbps\/","og_locale":"es_ES","og_type":"article","og_title":"Router Tplink Tlwr941Hp Alta Potencia N De Hasta 450Mbps - IntegralPro","og_description":"# DE PARTE: TL-WR941HP","og_url":"https:\/\/www.integralpro.com.co\/index.php\/producto\/router-tplink-tlwr941hp-alta-potencia-n-de-hasta-450mbps\/","og_site_name":"IntegralPro","article_modified_time":"2024-10-22T02:56:35+00:00","og_image":[{"width":850,"height":850,"url":"https:\/\/www.integralpro.com.co\/wp-content\/uploads\/2021\/02\/pNSrhlh.jpg","type":"image\/jpeg"}],"twitter_card":"summary_large_image","twitter_misc":{"Tiempo de lectura":"1 minuto"},"schema":{"@context":"https:\/\/schema.org","@graph":[{"@type":"WebPage","@id":"https:\/\/www.integralpro.com.co\/index.php\/producto\/router-tplink-tlwr941hp-alta-potencia-n-de-hasta-450mbps\/","url":"https:\/\/www.integralpro.com.co\/index.php\/producto\/router-tplink-tlwr941hp-alta-potencia-n-de-hasta-450mbps\/","name":"Router Tplink Tlwr941Hp Alta Potencia N De Hasta 450Mbps - IntegralPro","isPartOf":{"@id":"https:\/\/www.integralpro.com.co\/#website"},"primaryImageOfPage":{"@id":"https:\/\/www.integralpro.com.co\/index.php\/producto\/router-tplink-tlwr941hp-alta-potencia-n-de-hasta-450mbps\/#primaryimage"},"image":{"@id":"https:\/\/www.integralpro.com.co\/index.php\/producto\/router-tplink-tlwr941hp-alta-potencia-n-de-hasta-450mbps\/#primaryimage"},"thumbnailUrl":"https:\/\/www.integralpro.com.co\/wp-content\/uploads\/2021\/02\/pNSrhlh.jpg","datePublished":"2021-02-19T19:48:18+00:00","dateModified":"2024-10-22T02:56:35+00:00","breadcrumb":{"@id":"https:\/\/www.integralpro.com.co\/index.php\/producto\/router-tplink-tlwr941hp-alta-potencia-n-de-hasta-450mbps\/#breadcrumb"},"inLanguage":"es","potentialAction":[{"@type":"ReadAction","target":["https:\/\/www.integralpro.com.co\/index.php\/producto\/router-tplink-tlwr941hp-alta-potencia-n-de-hasta-450mbps\/"]}]},{"@type":"ImageObject","inLanguage":"es","@id":"https:\/\/www.integralpro.com.co\/index.php\/producto\/router-tplink-tlwr941hp-alta-potencia-n-de-hasta-450mbps\/#primaryimage","url":"https:\/\/www.integralpro.com.co\/wp-content\/uploads\/2021\/02\/pNSrhlh.jpg","contentUrl":"https:\/\/www.integralpro.com.co\/wp-content\/uploads\/2021\/02\/pNSrhlh.jpg","width":850,"height":850},{"@type":"BreadcrumbList","@id":"https:\/\/www.integralpro.com.co\/index.php\/producto\/router-tplink-tlwr941hp-alta-potencia-n-de-hasta-450mbps\/#breadcrumb","itemListElement":[{"@type":"ListItem","position":1,"name":"Portada","item":"https:\/\/www.integralpro.com.co\/"},{"@type":"ListItem","position":2,"name":"Tienda","item":"https:\/\/www.integralpro.com.co\/index.php\/tienda\/"},{"@type":"ListItem","position":3,"name":"Router Tplink Tlwr941Hp Alta Potencia N De Hasta 450Mbps"}]},{"@type":"WebSite","@id":"https:\/\/www.integralpro.com.co\/#website","url":"https:\/\/www.integralpro.com.co\/","name":"IntegralPro","description":"Tienda de Tecnolog\u00eda en L\u00ednea","publisher":{"@id":"https:\/\/www.integralpro.com.co\/#organization"},"potentialAction":[{"@type":"SearchAction","target":{"@type":"EntryPoint","urlTemplate":"https:\/\/www.integralpro.com.co\/?s={search_term_string}"},"query-input":{"@type":"PropertyValueSpecification","valueRequired":true,"valueName":"search_term_string"}}],"inLanguage":"es"},{"@type":"Organization","@id":"https:\/\/www.integralpro.com.co\/#organization","name":"IntegralPro SAS","url":"https:\/\/www.integralpro.com.co\/","logo":{"@type":"ImageObject","inLanguage":"es","@id":"https:\/\/www.integralpro.com.co\/#\/schema\/logo\/image\/","url":"https:\/\/www.integralpro.com.co\/wp-content\/uploads\/2021\/02\/logo-def.jpg","contentUrl":"https:\/\/www.integralpro.com.co\/wp-content\/uploads\/2021\/02\/logo-def.jpg","width":238,"height":234,"caption":"IntegralPro SAS"},"image":{"@id":"https:\/\/www.integralpro.com.co\/#\/schema\/logo\/image\/"}}]}},"_links":{"self":[{"href":"https:\/\/www.integralpro.com.co\/index.php\/wp-json\/wp\/v2\/product\/1516","targetHints":{"allow":["GET"]}}],"collection":[{"href":"https:\/\/www.integralpro.com.co\/index.php\/wp-json\/wp\/v2\/product"}],"about":[{"href":"https:\/\/www.integralpro.com.co\/index.php\/wp-json\/wp\/v2\/types\/product"}],"version-history":[{"count":1,"href":"https:\/\/www.integralpro.com.co\/index.php\/wp-json\/wp\/v2\/product\/1516\/revisions"}],"predecessor-version":[{"id":1561,"href":"https:\/\/www.integralpro.com.co\/index.php\/wp-json\/wp\/v2\/product\/1516\/revisions\/1561"}],"wp:featuredmedia":[{"embeddable":true,"href":"https:\/\/www.integralpro.com.co\/index.php\/wp-json\/wp\/v2\/media\/1560"}],"wp:attachment":[{"href":"https:\/\/www.integralpro.com.co\/index.php\/wp-json\/wp\/v2\/media?parent=1516"}],"wp:term":[{"taxonomy":"product_brand","embeddable":true,"href":"https:\/\/www.integralpro.com.co\/index.php\/wp-json\/wp\/v2\/product_brand?post=1516"},{"taxonomy":"product_cat","embeddable":true,"href":"https:\/\/www.integralpro.com.co\/index.php\/wp-json\/wp\/v2\/product_cat?post=1516"},{"taxonomy":"product_tag","embeddable":true,"href":"https:\/\/www.integralpro.com.co\/index.php\/wp-json\/wp\/v2\/product_tag?post=1516"}],"curies":[{"name":"wp","href":"https:\/\/api.w.org\/{rel}","templated":true}]}}