{"id":1512,"date":"2021-02-19T14:48:18","date_gmt":"2021-02-19T19:48:18","guid":{"rendered":"https:\/\/www.integralpro.com.co\/index.php\/producto\/import-placeholder-for-952\/"},"modified":"2021-02-23T15:16:06","modified_gmt":"2021-02-23T20:16:06","slug":"router-tp-link-ac1750-gigabit-banda-dual-inalambrico-negro","status":"publish","type":"product","link":"https:\/\/www.integralpro.com.co\/index.php\/producto\/router-tp-link-ac1750-gigabit-banda-dual-inalambrico-negro\/","title":{"rendered":"Router Tp-Link Ac1750 Gigabit Banda Dual Inal\u00e1mbrico &#8211; Negro"},"content":{"rendered":"<table style=\"color: #666666; font-size: 14px; line-height: 21.84px; max-width: 100%; text-align: left; widows: 1; width: 700px;\" border=\"0\" cellspacing=\"1\" cellpadding=\"1\">\n<tbody>\n<tr>\n<td>\n<p style=\"text-align: justify;\">El Archer C8 de TP-LINK viene con el est\u00e1ndar WiFi de la pr\u00f3xima generaci\u00f3n logrando una velocidad de hasta 1.75Gbps, con 1.3Gbps sobre el canal de 5GHz, y 450Mbps sobre el Canal de 2.4GHz. con la funci\u00f3n CPU Ultra-r\u00e1pida de 800MHz de doble n\u00facleo como un gran \u00abcoraz\u00f3n\u00bb para un rendimiento r\u00e1pido, estable y sensible, con Wi-Fi, dispositivos Ethernet y USB. Permite disfrutar de una casa con s\u00faper r\u00e1pida conexi\u00f3n, con excelente WiFi Gigabit, es ideal para aplicaciones de uso intensivo de ancho de banda tales como streaming de video HD y juegos en l\u00ednea.<\/p>\n<p><strong>Conexi\u00f3n Banda Dual <\/strong><\/p>\n<p style=\"text-align: justify;\">El Archer C7 opera tanto sobre la Banda 2.4GHz como en la 5GHz, lo que garantiza un rendimiento inal\u00e1mbrico incre\u00edble. La doble banda simult\u00e1nea te ofrece la flexibilidad de dos redes dedicadas &#8211; con m\u00faltiples veces el ancho de banda de acuerdo a tus necesidades. Las tareas simples como enviar correos electr\u00f3nicos o navegar por la web pueden ser manejados por la banda de 2.4 GHz, mientras que las tareas de ancho de banda intensivo, como los juegos en l\u00ednea o HD streaming de video pueden ser procesados por la banda de 5GHz &#8211; todo al mismo tiempo.<\/p>\n<p><strong> Mayor cobertura <\/strong><\/p>\n<p style=\"text-align: justify;\">NCon 3 antenas externas de 5dBi que utilizan la banda de 5GHz y 3 antenas internas que utilizan la banda de 2.4GHz combinada con la m\u00e1s alta tecnolog\u00eda de una antena de calidad, puede mantener velocidades altas a trav\u00e9s de distancias mayores. Esto te proporciona una incre\u00edble cobertura inal\u00e1mbrica y confiabilidad desde cualquier sitio de tu hogar u oficina.<\/p>\n<p><strong> Puertos multifuncionales <\/strong><\/p>\n<p style=\"text-align: justify;\">Con los dos puertos multifuncionales USB 2.0, puedes compartir impresoras, archivos y medios de comunicaci\u00f3n con diferentes dispositivos a trav\u00e9s de tu red local o a trav\u00e9s del servidor ftp.<\/p>\n<p style=\"text-align: justify;\"><strong style=\"text-align: left;\">ESPECIFICACIONES T\u00c9CNICAS<\/strong><\/p>\n<ul>\n<li>Dimensiones: 24.3 x 16.06 x 3.25 cm<\/li>\n<li>Peso: 0.8Kg<\/li>\n<li>Interfaz: 4 Puertos LAN 10\/100\/1000Mbps; 1 Puerto WAN 10\/100\/1000Mbps; 2 Puertos USB 2.0<\/li>\n<li>Fuente de Alimentaci\u00f3n: 12VDC \/ 2.5A<\/li>\n<li>Wireless Standards: IEEE 802.11ac\/n\/a 5GHz; IEEE 802.11b\/g\/n 2.4GHz<\/li>\n<li>Antenas: 3 antenas desmontables (RP-SMA)<\/li>\n<li>Velocidad de la se\u00f1al: 5GHz: Hasta 1300Mbps &#8211; 2.4GHz: Hasta 450Mbps<\/li>\n<li>Frecuencia: 2.4GHz Y 5GHz<\/li>\n<li>Calidad del servicio: WMM; Control de Ancho de Banda<\/li>\n<li>Tipo WAN: IP Din\u00e1mica \/ IP Est\u00e1tica \/ PPPoE\/ PPTP (Acceso Dual) \/ L2TP (Acceso Dual) \/ BigPond<\/li>\n<li>DNS Din\u00e1mico: DynDns; Comexe; NO-IP<\/li>\n<li>VPN de paso: PPTP; L2TP; IPSec<\/li>\n<li>Seguridad Firewall: DoS; SPI Firewall; IP Address Filter\/MAC Address Filter\/Domain Filter; IP and MAC Address Binding<\/li>\n<li>Protocolos: IPv4 y IPV6<\/li>\n<li>Red de invitados: 1 Red de invitados 2.4GHz; 1 Red de invitados 5GHz<\/li>\n<\/ul>\n<\/td>\n<\/tr>\n<\/tbody>\n<\/table>\n","protected":false},"excerpt":{"rendered":"<p># DE PARTE: Archer C7<\/p>\n","protected":false},"featured_media":3684,"template":"","meta":{"site-sidebar-layout":"default","site-content-layout":"default","ast-site-content-layout":"default","site-content-style":"default","site-sidebar-style":"default","ast-global-header-display":"","ast-banner-title-visibility":"","ast-main-header-display":"","ast-hfb-above-header-display":"","ast-hfb-below-header-display":"","ast-hfb-mobile-header-display":"","site-post-title":"","ast-breadcrumbs-content":"","ast-featured-img":"","footer-sml-layout":"","ast-disable-related-posts":"","theme-transparent-header-meta":"default","adv-header-id-meta":"","stick-header-meta":"","header-above-stick-meta":"","header-main-stick-meta":"","header-below-stick-meta":"","astra-migrate-meta-layouts":"default","ast-page-background-enabled":"default","ast-page-background-meta":{"desktop":{"background-color":"var(--ast-global-color-4)","background-image":"","background-repeat":"repeat","background-position":"center center","background-size":"auto","background-attachment":"scroll","background-type":"","background-media":"","overlay-type":"","overlay-color":"","overlay-opacity":"","overlay-gradient":""},"tablet":{"background-color":"","background-image":"","background-repeat":"repeat","background-position":"center center","background-size":"auto","background-attachment":"scroll","background-type":"","background-media":"","overlay-type":"","overlay-color":"","overlay-opacity":"","overlay-gradient":""},"mobile":{"background-color":"","background-image":"","background-repeat":"repeat","background-position":"center center","background-size":"auto","background-attachment":"scroll","background-type":"","background-media":"","overlay-type":"","overlay-color":"","overlay-opacity":"","overlay-gradient":""}},"ast-content-background-meta":{"desktop":{"background-color":"var(--ast-global-color-5)","background-image":"","background-repeat":"repeat","background-position":"center center","background-size":"auto","background-attachment":"scroll","background-type":"","background-media":"","overlay-type":"","overlay-color":"","overlay-opacity":"","overlay-gradient":""},"tablet":{"background-color":"var(--ast-global-color-5)","background-image":"","background-repeat":"repeat","background-position":"center center","background-size":"auto","background-attachment":"scroll","background-type":"","background-media":"","overlay-type":"","overlay-color":"","overlay-opacity":"","overlay-gradient":""},"mobile":{"background-color":"var(--ast-global-color-5)","background-image":"","background-repeat":"repeat","background-position":"center center","background-size":"auto","background-attachment":"scroll","background-type":"","background-media":"","overlay-type":"","overlay-color":"","overlay-opacity":"","overlay-gradient":""}}},"product_brand":[],"product_cat":[62,150],"product_tag":[45],"class_list":{"0":"post-1512","1":"product","2":"type-product","3":"status-publish","4":"has-post-thumbnail","6":"product_cat-redes","7":"product_cat-routers","8":"product_tag-tp-link","9":"desktop-align-left","10":"tablet-align-left","11":"mobile-align-left","13":"first","14":"instock","15":"taxable","16":"shipping-taxable","17":"product-type-simple"},"yoast_head":"<!-- This site is optimized with the Yoast SEO plugin v27.4 - https:\/\/yoast.com\/product\/yoast-seo-wordpress\/ -->\n<title>Router Tp-Link Ac1750 Gigabit Banda Dual Inal\u00e1mbrico - Negro - IntegralPro<\/title>\n<meta name=\"robots\" content=\"index, follow, max-snippet:-1, max-image-preview:large, max-video-preview:-1\" \/>\n<link rel=\"canonical\" href=\"https:\/\/www.integralpro.com.co\/index.php\/producto\/router-tp-link-ac1750-gigabit-banda-dual-inalambrico-negro\/\" \/>\n<meta property=\"og:locale\" content=\"es_ES\" \/>\n<meta property=\"og:type\" content=\"article\" \/>\n<meta property=\"og:title\" content=\"Router Tp-Link Ac1750 Gigabit Banda Dual Inal\u00e1mbrico - Negro - IntegralPro\" \/>\n<meta property=\"og:description\" content=\"# DE PARTE: Archer C7\" \/>\n<meta property=\"og:url\" content=\"https:\/\/www.integralpro.com.co\/index.php\/producto\/router-tp-link-ac1750-gigabit-banda-dual-inalambrico-negro\/\" \/>\n<meta property=\"og:site_name\" content=\"IntegralPro\" \/>\n<meta property=\"article:modified_time\" content=\"2021-02-23T20:16:06+00:00\" \/>\n<meta property=\"og:image\" content=\"https:\/\/www.integralpro.com.co\/wp-content\/uploads\/2021\/02\/Router-Tp-Link-Ac1750-Gigabit-Banda-Dual-Inalambrico-Negro.jpg\" \/>\n\t<meta property=\"og:image:width\" content=\"1600\" \/>\n\t<meta property=\"og:image:height\" content=\"1710\" \/>\n\t<meta property=\"og:image:type\" content=\"image\/jpeg\" \/>\n<meta name=\"twitter:card\" content=\"summary_large_image\" \/>\n<meta name=\"twitter:label1\" content=\"Tiempo de lectura\" \/>\n\t<meta name=\"twitter:data1\" content=\"2 minutos\" \/>\n<script type=\"application\/ld+json\" class=\"yoast-schema-graph\">{\"@context\":\"https:\\\/\\\/schema.org\",\"@graph\":[{\"@type\":\"WebPage\",\"@id\":\"https:\\\/\\\/www.integralpro.com.co\\\/index.php\\\/producto\\\/router-tp-link-ac1750-gigabit-banda-dual-inalambrico-negro\\\/\",\"url\":\"https:\\\/\\\/www.integralpro.com.co\\\/index.php\\\/producto\\\/router-tp-link-ac1750-gigabit-banda-dual-inalambrico-negro\\\/\",\"name\":\"Router Tp-Link Ac1750 Gigabit Banda Dual Inal\u00e1mbrico - Negro - IntegralPro\",\"isPartOf\":{\"@id\":\"https:\\\/\\\/www.integralpro.com.co\\\/#website\"},\"primaryImageOfPage\":{\"@id\":\"https:\\\/\\\/www.integralpro.com.co\\\/index.php\\\/producto\\\/router-tp-link-ac1750-gigabit-banda-dual-inalambrico-negro\\\/#primaryimage\"},\"image\":{\"@id\":\"https:\\\/\\\/www.integralpro.com.co\\\/index.php\\\/producto\\\/router-tp-link-ac1750-gigabit-banda-dual-inalambrico-negro\\\/#primaryimage\"},\"thumbnailUrl\":\"https:\\\/\\\/www.integralpro.com.co\\\/wp-content\\\/uploads\\\/2021\\\/02\\\/Router-Tp-Link-Ac1750-Gigabit-Banda-Dual-Inalambrico-Negro.jpg\",\"datePublished\":\"2021-02-19T19:48:18+00:00\",\"dateModified\":\"2021-02-23T20:16:06+00:00\",\"breadcrumb\":{\"@id\":\"https:\\\/\\\/www.integralpro.com.co\\\/index.php\\\/producto\\\/router-tp-link-ac1750-gigabit-banda-dual-inalambrico-negro\\\/#breadcrumb\"},\"inLanguage\":\"es\",\"potentialAction\":[{\"@type\":\"ReadAction\",\"target\":[\"https:\\\/\\\/www.integralpro.com.co\\\/index.php\\\/producto\\\/router-tp-link-ac1750-gigabit-banda-dual-inalambrico-negro\\\/\"]}]},{\"@type\":\"ImageObject\",\"inLanguage\":\"es\",\"@id\":\"https:\\\/\\\/www.integralpro.com.co\\\/index.php\\\/producto\\\/router-tp-link-ac1750-gigabit-banda-dual-inalambrico-negro\\\/#primaryimage\",\"url\":\"https:\\\/\\\/www.integralpro.com.co\\\/wp-content\\\/uploads\\\/2021\\\/02\\\/Router-Tp-Link-Ac1750-Gigabit-Banda-Dual-Inalambrico-Negro.jpg\",\"contentUrl\":\"https:\\\/\\\/www.integralpro.com.co\\\/wp-content\\\/uploads\\\/2021\\\/02\\\/Router-Tp-Link-Ac1750-Gigabit-Banda-Dual-Inalambrico-Negro.jpg\",\"width\":1600,\"height\":1710},{\"@type\":\"BreadcrumbList\",\"@id\":\"https:\\\/\\\/www.integralpro.com.co\\\/index.php\\\/producto\\\/router-tp-link-ac1750-gigabit-banda-dual-inalambrico-negro\\\/#breadcrumb\",\"itemListElement\":[{\"@type\":\"ListItem\",\"position\":1,\"name\":\"Portada\",\"item\":\"https:\\\/\\\/www.integralpro.com.co\\\/\"},{\"@type\":\"ListItem\",\"position\":2,\"name\":\"Tienda\",\"item\":\"https:\\\/\\\/www.integralpro.com.co\\\/index.php\\\/tienda\\\/\"},{\"@type\":\"ListItem\",\"position\":3,\"name\":\"Router Tp-Link Ac1750 Gigabit Banda Dual Inal\u00e1mbrico &#8211; Negro\"}]},{\"@type\":\"WebSite\",\"@id\":\"https:\\\/\\\/www.integralpro.com.co\\\/#website\",\"url\":\"https:\\\/\\\/www.integralpro.com.co\\\/\",\"name\":\"IntegralPro\",\"description\":\"Tienda de Tecnolog\u00eda en L\u00ednea\",\"publisher\":{\"@id\":\"https:\\\/\\\/www.integralpro.com.co\\\/#organization\"},\"potentialAction\":[{\"@type\":\"SearchAction\",\"target\":{\"@type\":\"EntryPoint\",\"urlTemplate\":\"https:\\\/\\\/www.integralpro.com.co\\\/?s={search_term_string}\"},\"query-input\":{\"@type\":\"PropertyValueSpecification\",\"valueRequired\":true,\"valueName\":\"search_term_string\"}}],\"inLanguage\":\"es\"},{\"@type\":\"Organization\",\"@id\":\"https:\\\/\\\/www.integralpro.com.co\\\/#organization\",\"name\":\"IntegralPro SAS\",\"url\":\"https:\\\/\\\/www.integralpro.com.co\\\/\",\"logo\":{\"@type\":\"ImageObject\",\"inLanguage\":\"es\",\"@id\":\"https:\\\/\\\/www.integralpro.com.co\\\/#\\\/schema\\\/logo\\\/image\\\/\",\"url\":\"https:\\\/\\\/www.integralpro.com.co\\\/wp-content\\\/uploads\\\/2021\\\/02\\\/logo-def.jpg\",\"contentUrl\":\"https:\\\/\\\/www.integralpro.com.co\\\/wp-content\\\/uploads\\\/2021\\\/02\\\/logo-def.jpg\",\"width\":238,\"height\":234,\"caption\":\"IntegralPro SAS\"},\"image\":{\"@id\":\"https:\\\/\\\/www.integralpro.com.co\\\/#\\\/schema\\\/logo\\\/image\\\/\"}}]}<\/script>\n<!-- \/ Yoast SEO plugin. -->","yoast_head_json":{"title":"Router Tp-Link Ac1750 Gigabit Banda Dual Inal\u00e1mbrico - Negro - IntegralPro","robots":{"index":"index","follow":"follow","max-snippet":"max-snippet:-1","max-image-preview":"max-image-preview:large","max-video-preview":"max-video-preview:-1"},"canonical":"https:\/\/www.integralpro.com.co\/index.php\/producto\/router-tp-link-ac1750-gigabit-banda-dual-inalambrico-negro\/","og_locale":"es_ES","og_type":"article","og_title":"Router Tp-Link Ac1750 Gigabit Banda Dual Inal\u00e1mbrico - Negro - IntegralPro","og_description":"# DE PARTE: Archer C7","og_url":"https:\/\/www.integralpro.com.co\/index.php\/producto\/router-tp-link-ac1750-gigabit-banda-dual-inalambrico-negro\/","og_site_name":"IntegralPro","article_modified_time":"2021-02-23T20:16:06+00:00","og_image":[{"width":1600,"height":1710,"url":"https:\/\/www.integralpro.com.co\/wp-content\/uploads\/2021\/02\/Router-Tp-Link-Ac1750-Gigabit-Banda-Dual-Inalambrico-Negro.jpg","type":"image\/jpeg"}],"twitter_card":"summary_large_image","twitter_misc":{"Tiempo de lectura":"2 minutos"},"schema":{"@context":"https:\/\/schema.org","@graph":[{"@type":"WebPage","@id":"https:\/\/www.integralpro.com.co\/index.php\/producto\/router-tp-link-ac1750-gigabit-banda-dual-inalambrico-negro\/","url":"https:\/\/www.integralpro.com.co\/index.php\/producto\/router-tp-link-ac1750-gigabit-banda-dual-inalambrico-negro\/","name":"Router Tp-Link Ac1750 Gigabit Banda Dual Inal\u00e1mbrico - Negro - IntegralPro","isPartOf":{"@id":"https:\/\/www.integralpro.com.co\/#website"},"primaryImageOfPage":{"@id":"https:\/\/www.integralpro.com.co\/index.php\/producto\/router-tp-link-ac1750-gigabit-banda-dual-inalambrico-negro\/#primaryimage"},"image":{"@id":"https:\/\/www.integralpro.com.co\/index.php\/producto\/router-tp-link-ac1750-gigabit-banda-dual-inalambrico-negro\/#primaryimage"},"thumbnailUrl":"https:\/\/www.integralpro.com.co\/wp-content\/uploads\/2021\/02\/Router-Tp-Link-Ac1750-Gigabit-Banda-Dual-Inalambrico-Negro.jpg","datePublished":"2021-02-19T19:48:18+00:00","dateModified":"2021-02-23T20:16:06+00:00","breadcrumb":{"@id":"https:\/\/www.integralpro.com.co\/index.php\/producto\/router-tp-link-ac1750-gigabit-banda-dual-inalambrico-negro\/#breadcrumb"},"inLanguage":"es","potentialAction":[{"@type":"ReadAction","target":["https:\/\/www.integralpro.com.co\/index.php\/producto\/router-tp-link-ac1750-gigabit-banda-dual-inalambrico-negro\/"]}]},{"@type":"ImageObject","inLanguage":"es","@id":"https:\/\/www.integralpro.com.co\/index.php\/producto\/router-tp-link-ac1750-gigabit-banda-dual-inalambrico-negro\/#primaryimage","url":"https:\/\/www.integralpro.com.co\/wp-content\/uploads\/2021\/02\/Router-Tp-Link-Ac1750-Gigabit-Banda-Dual-Inalambrico-Negro.jpg","contentUrl":"https:\/\/www.integralpro.com.co\/wp-content\/uploads\/2021\/02\/Router-Tp-Link-Ac1750-Gigabit-Banda-Dual-Inalambrico-Negro.jpg","width":1600,"height":1710},{"@type":"BreadcrumbList","@id":"https:\/\/www.integralpro.com.co\/index.php\/producto\/router-tp-link-ac1750-gigabit-banda-dual-inalambrico-negro\/#breadcrumb","itemListElement":[{"@type":"ListItem","position":1,"name":"Portada","item":"https:\/\/www.integralpro.com.co\/"},{"@type":"ListItem","position":2,"name":"Tienda","item":"https:\/\/www.integralpro.com.co\/index.php\/tienda\/"},{"@type":"ListItem","position":3,"name":"Router Tp-Link Ac1750 Gigabit Banda Dual Inal\u00e1mbrico &#8211; Negro"}]},{"@type":"WebSite","@id":"https:\/\/www.integralpro.com.co\/#website","url":"https:\/\/www.integralpro.com.co\/","name":"IntegralPro","description":"Tienda de Tecnolog\u00eda en L\u00ednea","publisher":{"@id":"https:\/\/www.integralpro.com.co\/#organization"},"potentialAction":[{"@type":"SearchAction","target":{"@type":"EntryPoint","urlTemplate":"https:\/\/www.integralpro.com.co\/?s={search_term_string}"},"query-input":{"@type":"PropertyValueSpecification","valueRequired":true,"valueName":"search_term_string"}}],"inLanguage":"es"},{"@type":"Organization","@id":"https:\/\/www.integralpro.com.co\/#organization","name":"IntegralPro SAS","url":"https:\/\/www.integralpro.com.co\/","logo":{"@type":"ImageObject","inLanguage":"es","@id":"https:\/\/www.integralpro.com.co\/#\/schema\/logo\/image\/","url":"https:\/\/www.integralpro.com.co\/wp-content\/uploads\/2021\/02\/logo-def.jpg","contentUrl":"https:\/\/www.integralpro.com.co\/wp-content\/uploads\/2021\/02\/logo-def.jpg","width":238,"height":234,"caption":"IntegralPro SAS"},"image":{"@id":"https:\/\/www.integralpro.com.co\/#\/schema\/logo\/image\/"}}]}},"_links":{"self":[{"href":"https:\/\/www.integralpro.com.co\/index.php\/wp-json\/wp\/v2\/product\/1512","targetHints":{"allow":["GET"]}}],"collection":[{"href":"https:\/\/www.integralpro.com.co\/index.php\/wp-json\/wp\/v2\/product"}],"about":[{"href":"https:\/\/www.integralpro.com.co\/index.php\/wp-json\/wp\/v2\/types\/product"}],"version-history":[{"count":2,"href":"https:\/\/www.integralpro.com.co\/index.php\/wp-json\/wp\/v2\/product\/1512\/revisions"}],"predecessor-version":[{"id":3685,"href":"https:\/\/www.integralpro.com.co\/index.php\/wp-json\/wp\/v2\/product\/1512\/revisions\/3685"}],"wp:featuredmedia":[{"embeddable":true,"href":"https:\/\/www.integralpro.com.co\/index.php\/wp-json\/wp\/v2\/media\/3684"}],"wp:attachment":[{"href":"https:\/\/www.integralpro.com.co\/index.php\/wp-json\/wp\/v2\/media?parent=1512"}],"wp:term":[{"taxonomy":"product_brand","embeddable":true,"href":"https:\/\/www.integralpro.com.co\/index.php\/wp-json\/wp\/v2\/product_brand?post=1512"},{"taxonomy":"product_cat","embeddable":true,"href":"https:\/\/www.integralpro.com.co\/index.php\/wp-json\/wp\/v2\/product_cat?post=1512"},{"taxonomy":"product_tag","embeddable":true,"href":"https:\/\/www.integralpro.com.co\/index.php\/wp-json\/wp\/v2\/product_tag?post=1512"}],"curies":[{"name":"wp","href":"https:\/\/api.w.org\/{rel}","templated":true}]}}