{"id":1463,"date":"2021-02-19T14:47:55","date_gmt":"2021-02-19T19:47:55","guid":{"rendered":"https:\/\/www.integralpro.com.co\/index.php\/producto\/import-placeholder-for-947\/"},"modified":"2021-02-23T15:08:32","modified_gmt":"2021-02-23T20:08:32","slug":"router-de-banda-anchatplink-tl-er5120-con-balance-de-carga","status":"publish","type":"product","link":"https:\/\/www.integralpro.com.co\/index.php\/producto\/router-de-banda-anchatplink-tl-er5120-con-balance-de-carga\/","title":{"rendered":"Router De Banda Ancha tplink Tl-Er5120 Con Balance De Carga"},"content":{"rendered":"<p style=\"text-align: justify;\">El router de banda ancha con balance de carga gigabit TL-ER5120 Gigabit de TP-LINK posee una excelente capacidad de procesamiento de datos as\u00ed como m\u00faltiples y poderosas funciones entre las cuales se incluye el equilibrio de carga, control de acceso, Bloqueo de IM\/P2P, defensa DoS, control de banda ancha, l\u00edmite de sesi\u00f3n y servidor PPPoE, que satisface las necesidades de las peque\u00f1as y medianas empresas, hoteles y comunidades con grandes vol\u00famenes de usuarios que exigen una red eficiente y f\u00e1cil de utilizar con un nivel alto de seguridad.<\/p>\n<h2 class=\"style6\" style=\"font-weight: bold; border-bottom: 2px solid #750000; color: #750000; margin-bottom: 10px; padding: 8px 15px 5px 15px;\">Abundantes caracter\u00edsticas de seguridad<\/h2>\n<p style=\"text-align: justify;\">Para defensa contra amenazas externas, el TL-ER5120 cuenta con defensa autom\u00e1tica para detectar y bloquear los ataques de negaci\u00f3n de servicio DoS (Denial of Service por sus siglas en ingl\u00e9s) tales como flooding de TCP\/UDP\/ICMP, Escaneo de TCP, Ping of Death y otras amenazas relacionadas. Adem\u00e1s, este router cuenta con un puerto DMZ en su hardware, que permite a los administradores configurar los servidores p\u00fablicos sin exponer su red interna, para evitar ataques de amenazas externas. Para un mejor manejo de la red interna, TL-ER5120 permite a los administradores establecer reglas para bloquear sitios web espec\u00edficos as\u00ed como aplicaciones IM\/P2P con un solo clic y restringir al equipo al utilizar servicios espec\u00edficos como FTP, HTTP y SMTP.<\/p>\n<h2 class=\"style2\" style=\"margin-top: 20px; border-bottom: 2px solid #750000; margin-bottom: 10px; padding: 8px 15px 5px 15px;\"><strong>Especificaciones <\/strong><\/h2>\n<p>Dimensiones: 44 x 22 x 4.4 cm<br \/>\nPeso: 3.5 Kg<br \/>\nEst\u00e1ndares y Protocolos: IEEE 802.3, 802.3u, 802.3ab &#8211; TCP\/IP, DHCP, ICMP, NAT, PPPoE, SNTP, HTTP, DNS, IPsec, PPTP, L2TP<br \/>\nInterfaz: 1 Fixed 10\/100\/1000Mbps WAN Port &#8211; 3 Free Changeable 10\/100\/1000Mbps WAN\/LAN Ports &#8211; 1 Fixed 10\/100\/1000Mbps LAN\/DMZ Port &#8211; 1 Console Port (RJ-45 On RS232)<br \/>\nMedios de Red: 10BASE-T: UTP categor\u00eda 3, 4, 5 cable (Max 100m)- EIA\/TIA-568 100\u03a9 STP (Max 100m)- 100BASE-TX: UTP categor\u00eda 5, 5e cable (Max 100m) &#8211; IA\/TIA-568 100\u03a9 STP (Max 100m) &#8211; 000BASE-T: UTP categor\u00eda 5, 5e, 6 cable (Max 100m)<br \/>\nBot\u00f3n: Reset Button<br \/>\nFuente de Alimentaci\u00f3n: Internal Universal Power Supply &#8211; AC100-240V~ 50\/60Hz Input<br \/>\nFlash: 8MB<br \/>\nDRAM: DDRII 128MB<br \/>\nLED: PWR, SYS, Link\/Act, Speed, WAN, DMZ<br \/>\nTipo de conexi\u00f3n WAN: Dynamic IP, Static IP, PPPoE, PPTP, L2TP, Dual Access, BigPond<br \/>\nColor:\u00a0Negro<\/p>\n<h2 class=\"style2\" style=\"margin-top: 20px; border-bottom: 2px solid #750000; margin-bottom: 10px; padding: 8px 15px 5px 15px;\"><strong>Contenido Del Paquete <\/strong><\/h2>\n<p>Router &#8211; Cable &#8211; Documentaci\u00f3n<\/p>\n","protected":false},"excerpt":{"rendered":"<p># DE PARTE: TL-ER5120<\/p>\n","protected":false},"featured_media":3674,"template":"","meta":{"site-sidebar-layout":"default","site-content-layout":"default","ast-site-content-layout":"default","site-content-style":"default","site-sidebar-style":"default","ast-global-header-display":"","ast-banner-title-visibility":"","ast-main-header-display":"","ast-hfb-above-header-display":"","ast-hfb-below-header-display":"","ast-hfb-mobile-header-display":"","site-post-title":"","ast-breadcrumbs-content":"","ast-featured-img":"","footer-sml-layout":"","ast-disable-related-posts":"","theme-transparent-header-meta":"default","adv-header-id-meta":"","stick-header-meta":"","header-above-stick-meta":"","header-main-stick-meta":"","header-below-stick-meta":"","astra-migrate-meta-layouts":"default","ast-page-background-enabled":"default","ast-page-background-meta":{"desktop":{"background-color":"var(--ast-global-color-4)","background-image":"","background-repeat":"repeat","background-position":"center center","background-size":"auto","background-attachment":"scroll","background-type":"","background-media":"","overlay-type":"","overlay-color":"","overlay-opacity":"","overlay-gradient":""},"tablet":{"background-color":"","background-image":"","background-repeat":"repeat","background-position":"center center","background-size":"auto","background-attachment":"scroll","background-type":"","background-media":"","overlay-type":"","overlay-color":"","overlay-opacity":"","overlay-gradient":""},"mobile":{"background-color":"","background-image":"","background-repeat":"repeat","background-position":"center center","background-size":"auto","background-attachment":"scroll","background-type":"","background-media":"","overlay-type":"","overlay-color":"","overlay-opacity":"","overlay-gradient":""}},"ast-content-background-meta":{"desktop":{"background-color":"var(--ast-global-color-5)","background-image":"","background-repeat":"repeat","background-position":"center center","background-size":"auto","background-attachment":"scroll","background-type":"","background-media":"","overlay-type":"","overlay-color":"","overlay-opacity":"","overlay-gradient":""},"tablet":{"background-color":"var(--ast-global-color-5)","background-image":"","background-repeat":"repeat","background-position":"center center","background-size":"auto","background-attachment":"scroll","background-type":"","background-media":"","overlay-type":"","overlay-color":"","overlay-opacity":"","overlay-gradient":""},"mobile":{"background-color":"var(--ast-global-color-5)","background-image":"","background-repeat":"repeat","background-position":"center center","background-size":"auto","background-attachment":"scroll","background-type":"","background-media":"","overlay-type":"","overlay-color":"","overlay-opacity":"","overlay-gradient":""}}},"product_brand":[],"product_cat":[62,150],"product_tag":[45],"class_list":{"0":"post-1463","1":"product","2":"type-product","3":"status-publish","4":"has-post-thumbnail","6":"product_cat-redes","7":"product_cat-routers","8":"product_tag-tp-link","9":"desktop-align-left","10":"tablet-align-left","11":"mobile-align-left","13":"first","14":"instock","15":"taxable","16":"shipping-taxable","17":"product-type-simple"},"yoast_head":"<!-- This site is optimized with the Yoast SEO plugin v27.3 - https:\/\/yoast.com\/product\/yoast-seo-wordpress\/ -->\n<title>Router De Banda Ancha tplink Tl-Er5120 Con Balance De Carga - IntegralPro<\/title>\n<meta name=\"robots\" content=\"index, follow, max-snippet:-1, max-image-preview:large, max-video-preview:-1\" \/>\n<link rel=\"canonical\" href=\"https:\/\/www.integralpro.com.co\/index.php\/producto\/router-de-banda-anchatplink-tl-er5120-con-balance-de-carga\/\" \/>\n<meta property=\"og:locale\" content=\"es_ES\" \/>\n<meta property=\"og:type\" content=\"article\" \/>\n<meta property=\"og:title\" content=\"Router De Banda Ancha tplink Tl-Er5120 Con Balance De Carga - IntegralPro\" \/>\n<meta property=\"og:description\" content=\"# DE PARTE: TL-ER5120\" \/>\n<meta property=\"og:url\" content=\"https:\/\/www.integralpro.com.co\/index.php\/producto\/router-de-banda-anchatplink-tl-er5120-con-balance-de-carga\/\" \/>\n<meta property=\"og:site_name\" content=\"IntegralPro\" \/>\n<meta property=\"article:modified_time\" content=\"2021-02-23T20:08:32+00:00\" \/>\n<meta property=\"og:image\" content=\"https:\/\/www.integralpro.com.co\/wp-content\/uploads\/2021\/02\/Router-De-Banda-Anchatplink-Tl-Er5120-Con-Balance-De-Carga.jpg\" \/>\n\t<meta property=\"og:image:width\" content=\"1000\" \/>\n\t<meta property=\"og:image:height\" content=\"1000\" \/>\n\t<meta property=\"og:image:type\" content=\"image\/jpeg\" \/>\n<meta name=\"twitter:card\" content=\"summary_large_image\" \/>\n<meta name=\"twitter:label1\" content=\"Tiempo de lectura\" \/>\n\t<meta name=\"twitter:data1\" content=\"2 minutos\" \/>\n<script type=\"application\/ld+json\" class=\"yoast-schema-graph\">{\"@context\":\"https:\\\/\\\/schema.org\",\"@graph\":[{\"@type\":\"WebPage\",\"@id\":\"https:\\\/\\\/www.integralpro.com.co\\\/index.php\\\/producto\\\/router-de-banda-anchatplink-tl-er5120-con-balance-de-carga\\\/\",\"url\":\"https:\\\/\\\/www.integralpro.com.co\\\/index.php\\\/producto\\\/router-de-banda-anchatplink-tl-er5120-con-balance-de-carga\\\/\",\"name\":\"Router De Banda Ancha tplink Tl-Er5120 Con Balance De Carga - IntegralPro\",\"isPartOf\":{\"@id\":\"https:\\\/\\\/www.integralpro.com.co\\\/#website\"},\"primaryImageOfPage\":{\"@id\":\"https:\\\/\\\/www.integralpro.com.co\\\/index.php\\\/producto\\\/router-de-banda-anchatplink-tl-er5120-con-balance-de-carga\\\/#primaryimage\"},\"image\":{\"@id\":\"https:\\\/\\\/www.integralpro.com.co\\\/index.php\\\/producto\\\/router-de-banda-anchatplink-tl-er5120-con-balance-de-carga\\\/#primaryimage\"},\"thumbnailUrl\":\"https:\\\/\\\/www.integralpro.com.co\\\/wp-content\\\/uploads\\\/2021\\\/02\\\/Router-De-Banda-Anchatplink-Tl-Er5120-Con-Balance-De-Carga.jpg\",\"datePublished\":\"2021-02-19T19:47:55+00:00\",\"dateModified\":\"2021-02-23T20:08:32+00:00\",\"breadcrumb\":{\"@id\":\"https:\\\/\\\/www.integralpro.com.co\\\/index.php\\\/producto\\\/router-de-banda-anchatplink-tl-er5120-con-balance-de-carga\\\/#breadcrumb\"},\"inLanguage\":\"es\",\"potentialAction\":[{\"@type\":\"ReadAction\",\"target\":[\"https:\\\/\\\/www.integralpro.com.co\\\/index.php\\\/producto\\\/router-de-banda-anchatplink-tl-er5120-con-balance-de-carga\\\/\"]}]},{\"@type\":\"ImageObject\",\"inLanguage\":\"es\",\"@id\":\"https:\\\/\\\/www.integralpro.com.co\\\/index.php\\\/producto\\\/router-de-banda-anchatplink-tl-er5120-con-balance-de-carga\\\/#primaryimage\",\"url\":\"https:\\\/\\\/www.integralpro.com.co\\\/wp-content\\\/uploads\\\/2021\\\/02\\\/Router-De-Banda-Anchatplink-Tl-Er5120-Con-Balance-De-Carga.jpg\",\"contentUrl\":\"https:\\\/\\\/www.integralpro.com.co\\\/wp-content\\\/uploads\\\/2021\\\/02\\\/Router-De-Banda-Anchatplink-Tl-Er5120-Con-Balance-De-Carga.jpg\",\"width\":1000,\"height\":1000},{\"@type\":\"BreadcrumbList\",\"@id\":\"https:\\\/\\\/www.integralpro.com.co\\\/index.php\\\/producto\\\/router-de-banda-anchatplink-tl-er5120-con-balance-de-carga\\\/#breadcrumb\",\"itemListElement\":[{\"@type\":\"ListItem\",\"position\":1,\"name\":\"Portada\",\"item\":\"https:\\\/\\\/www.integralpro.com.co\\\/\"},{\"@type\":\"ListItem\",\"position\":2,\"name\":\"Tienda\",\"item\":\"https:\\\/\\\/www.integralpro.com.co\\\/index.php\\\/tienda\\\/\"},{\"@type\":\"ListItem\",\"position\":3,\"name\":\"Router De Banda Ancha tplink Tl-Er5120 Con Balance De Carga\"}]},{\"@type\":\"WebSite\",\"@id\":\"https:\\\/\\\/www.integralpro.com.co\\\/#website\",\"url\":\"https:\\\/\\\/www.integralpro.com.co\\\/\",\"name\":\"IntegralPro\",\"description\":\"Tienda de Tecnolog\u00eda en L\u00ednea\",\"publisher\":{\"@id\":\"https:\\\/\\\/www.integralpro.com.co\\\/#organization\"},\"potentialAction\":[{\"@type\":\"SearchAction\",\"target\":{\"@type\":\"EntryPoint\",\"urlTemplate\":\"https:\\\/\\\/www.integralpro.com.co\\\/?s={search_term_string}\"},\"query-input\":{\"@type\":\"PropertyValueSpecification\",\"valueRequired\":true,\"valueName\":\"search_term_string\"}}],\"inLanguage\":\"es\"},{\"@type\":\"Organization\",\"@id\":\"https:\\\/\\\/www.integralpro.com.co\\\/#organization\",\"name\":\"IntegralPro SAS\",\"url\":\"https:\\\/\\\/www.integralpro.com.co\\\/\",\"logo\":{\"@type\":\"ImageObject\",\"inLanguage\":\"es\",\"@id\":\"https:\\\/\\\/www.integralpro.com.co\\\/#\\\/schema\\\/logo\\\/image\\\/\",\"url\":\"https:\\\/\\\/www.integralpro.com.co\\\/wp-content\\\/uploads\\\/2021\\\/02\\\/logo-def.jpg\",\"contentUrl\":\"https:\\\/\\\/www.integralpro.com.co\\\/wp-content\\\/uploads\\\/2021\\\/02\\\/logo-def.jpg\",\"width\":238,\"height\":234,\"caption\":\"IntegralPro SAS\"},\"image\":{\"@id\":\"https:\\\/\\\/www.integralpro.com.co\\\/#\\\/schema\\\/logo\\\/image\\\/\"}}]}<\/script>\n<!-- \/ Yoast SEO plugin. -->","yoast_head_json":{"title":"Router De Banda Ancha tplink Tl-Er5120 Con Balance De Carga - IntegralPro","robots":{"index":"index","follow":"follow","max-snippet":"max-snippet:-1","max-image-preview":"max-image-preview:large","max-video-preview":"max-video-preview:-1"},"canonical":"https:\/\/www.integralpro.com.co\/index.php\/producto\/router-de-banda-anchatplink-tl-er5120-con-balance-de-carga\/","og_locale":"es_ES","og_type":"article","og_title":"Router De Banda Ancha tplink Tl-Er5120 Con Balance De Carga - IntegralPro","og_description":"# DE PARTE: TL-ER5120","og_url":"https:\/\/www.integralpro.com.co\/index.php\/producto\/router-de-banda-anchatplink-tl-er5120-con-balance-de-carga\/","og_site_name":"IntegralPro","article_modified_time":"2021-02-23T20:08:32+00:00","og_image":[{"width":1000,"height":1000,"url":"https:\/\/www.integralpro.com.co\/wp-content\/uploads\/2021\/02\/Router-De-Banda-Anchatplink-Tl-Er5120-Con-Balance-De-Carga.jpg","type":"image\/jpeg"}],"twitter_card":"summary_large_image","twitter_misc":{"Tiempo de lectura":"2 minutos"},"schema":{"@context":"https:\/\/schema.org","@graph":[{"@type":"WebPage","@id":"https:\/\/www.integralpro.com.co\/index.php\/producto\/router-de-banda-anchatplink-tl-er5120-con-balance-de-carga\/","url":"https:\/\/www.integralpro.com.co\/index.php\/producto\/router-de-banda-anchatplink-tl-er5120-con-balance-de-carga\/","name":"Router De Banda Ancha tplink Tl-Er5120 Con Balance De Carga - IntegralPro","isPartOf":{"@id":"https:\/\/www.integralpro.com.co\/#website"},"primaryImageOfPage":{"@id":"https:\/\/www.integralpro.com.co\/index.php\/producto\/router-de-banda-anchatplink-tl-er5120-con-balance-de-carga\/#primaryimage"},"image":{"@id":"https:\/\/www.integralpro.com.co\/index.php\/producto\/router-de-banda-anchatplink-tl-er5120-con-balance-de-carga\/#primaryimage"},"thumbnailUrl":"https:\/\/www.integralpro.com.co\/wp-content\/uploads\/2021\/02\/Router-De-Banda-Anchatplink-Tl-Er5120-Con-Balance-De-Carga.jpg","datePublished":"2021-02-19T19:47:55+00:00","dateModified":"2021-02-23T20:08:32+00:00","breadcrumb":{"@id":"https:\/\/www.integralpro.com.co\/index.php\/producto\/router-de-banda-anchatplink-tl-er5120-con-balance-de-carga\/#breadcrumb"},"inLanguage":"es","potentialAction":[{"@type":"ReadAction","target":["https:\/\/www.integralpro.com.co\/index.php\/producto\/router-de-banda-anchatplink-tl-er5120-con-balance-de-carga\/"]}]},{"@type":"ImageObject","inLanguage":"es","@id":"https:\/\/www.integralpro.com.co\/index.php\/producto\/router-de-banda-anchatplink-tl-er5120-con-balance-de-carga\/#primaryimage","url":"https:\/\/www.integralpro.com.co\/wp-content\/uploads\/2021\/02\/Router-De-Banda-Anchatplink-Tl-Er5120-Con-Balance-De-Carga.jpg","contentUrl":"https:\/\/www.integralpro.com.co\/wp-content\/uploads\/2021\/02\/Router-De-Banda-Anchatplink-Tl-Er5120-Con-Balance-De-Carga.jpg","width":1000,"height":1000},{"@type":"BreadcrumbList","@id":"https:\/\/www.integralpro.com.co\/index.php\/producto\/router-de-banda-anchatplink-tl-er5120-con-balance-de-carga\/#breadcrumb","itemListElement":[{"@type":"ListItem","position":1,"name":"Portada","item":"https:\/\/www.integralpro.com.co\/"},{"@type":"ListItem","position":2,"name":"Tienda","item":"https:\/\/www.integralpro.com.co\/index.php\/tienda\/"},{"@type":"ListItem","position":3,"name":"Router De Banda Ancha tplink Tl-Er5120 Con Balance De Carga"}]},{"@type":"WebSite","@id":"https:\/\/www.integralpro.com.co\/#website","url":"https:\/\/www.integralpro.com.co\/","name":"IntegralPro","description":"Tienda de Tecnolog\u00eda en L\u00ednea","publisher":{"@id":"https:\/\/www.integralpro.com.co\/#organization"},"potentialAction":[{"@type":"SearchAction","target":{"@type":"EntryPoint","urlTemplate":"https:\/\/www.integralpro.com.co\/?s={search_term_string}"},"query-input":{"@type":"PropertyValueSpecification","valueRequired":true,"valueName":"search_term_string"}}],"inLanguage":"es"},{"@type":"Organization","@id":"https:\/\/www.integralpro.com.co\/#organization","name":"IntegralPro SAS","url":"https:\/\/www.integralpro.com.co\/","logo":{"@type":"ImageObject","inLanguage":"es","@id":"https:\/\/www.integralpro.com.co\/#\/schema\/logo\/image\/","url":"https:\/\/www.integralpro.com.co\/wp-content\/uploads\/2021\/02\/logo-def.jpg","contentUrl":"https:\/\/www.integralpro.com.co\/wp-content\/uploads\/2021\/02\/logo-def.jpg","width":238,"height":234,"caption":"IntegralPro SAS"},"image":{"@id":"https:\/\/www.integralpro.com.co\/#\/schema\/logo\/image\/"}}]}},"_links":{"self":[{"href":"https:\/\/www.integralpro.com.co\/index.php\/wp-json\/wp\/v2\/product\/1463","targetHints":{"allow":["GET"]}}],"collection":[{"href":"https:\/\/www.integralpro.com.co\/index.php\/wp-json\/wp\/v2\/product"}],"about":[{"href":"https:\/\/www.integralpro.com.co\/index.php\/wp-json\/wp\/v2\/types\/product"}],"version-history":[{"count":3,"href":"https:\/\/www.integralpro.com.co\/index.php\/wp-json\/wp\/v2\/product\/1463\/revisions"}],"predecessor-version":[{"id":3676,"href":"https:\/\/www.integralpro.com.co\/index.php\/wp-json\/wp\/v2\/product\/1463\/revisions\/3676"}],"wp:featuredmedia":[{"embeddable":true,"href":"https:\/\/www.integralpro.com.co\/index.php\/wp-json\/wp\/v2\/media\/3674"}],"wp:attachment":[{"href":"https:\/\/www.integralpro.com.co\/index.php\/wp-json\/wp\/v2\/media?parent=1463"}],"wp:term":[{"taxonomy":"product_brand","embeddable":true,"href":"https:\/\/www.integralpro.com.co\/index.php\/wp-json\/wp\/v2\/product_brand?post=1463"},{"taxonomy":"product_cat","embeddable":true,"href":"https:\/\/www.integralpro.com.co\/index.php\/wp-json\/wp\/v2\/product_cat?post=1463"},{"taxonomy":"product_tag","embeddable":true,"href":"https:\/\/www.integralpro.com.co\/index.php\/wp-json\/wp\/v2\/product_tag?post=1463"}],"curies":[{"name":"wp","href":"https:\/\/api.w.org\/{rel}","templated":true}]}}