{"id":1224,"date":"2021-02-19T14:46:43","date_gmt":"2021-02-19T19:46:43","guid":{"rendered":"https:\/\/www.integralpro.com.co\/index.php\/producto\/import-placeholder-for-847\/"},"modified":"2021-02-23T11:54:45","modified_gmt":"2021-02-23T16:54:45","slug":"adaptador-tplink-usb-tl-wn822n-inalambrico-300mbps-blanco","status":"publish","type":"product","link":"https:\/\/www.integralpro.com.co\/index.php\/producto\/adaptador-tplink-usb-tl-wn822n-inalambrico-300mbps-blanco\/","title":{"rendered":"Adaptador Tplink Usb Tl-Wn822N Inal\u00e1mbrico 300Mbps Blanco"},"content":{"rendered":"<p style=\"text-align: justify;\">El adaptador USB TL-WN822N de alta ganancia es un cliente inal\u00e1mbrico de 300 Mbps, que permite a los usuarios conectar una computadora o laptop a una red inal\u00e1mbrica y acceder a una conexi\u00f3n a Internet de alta velocidad. Es totalmente compatible con dispositivos IEEE 802.11 b \/ g \/ n inal\u00e1mbricos, ofreciendo velocidades r\u00e1pidas de 11N y se\u00f1al confiable para juegos en l\u00ednea sin demoras, llamadas por Internet o incluso transmisi\u00f3n de video HD.<\/p>\n<p>&nbsp;<\/p>\n<p><strong>Dise\u00f1o<\/strong><\/p>\n<p style=\"text-align: justify;\">El dise\u00f1o de estilo de escritorio del TL-WN822N es realmente beneficioso para la recepci\u00f3n de la se\u00f1al en diferentes entornos, garantizando se\u00f1ales suaves y estables.<\/p>\n<p>&nbsp;<\/p>\n<p><strong>F\u00e1cil configuraci\u00f3n<\/strong><\/p>\n<p style=\"text-align: justify;\">Mediante el asistente de interfaz de usuario y la configuraci\u00f3n optimizada o el asistente de configuraci\u00f3n de CD (incluido) le permitir\u00e1 obtener &#8216;online&#8217; de forma r\u00e1pida y sencilla.<\/p>\n<p>&nbsp;<\/p>\n<p><strong>Antenas externas<\/strong><\/p>\n<p style=\"text-align: justify;\">Antena externa de 3 dBi para facilitar la alineaci\u00f3n y lograr la mejor se\u00f1al..<\/p>\n<p>&nbsp;<\/p>\n<p><strong>Especificaciones T\u00e9cnicas<\/strong><\/p>\n<p>Dimensiones: 9 x 6.8 x 1.68 cm<br \/>\nPeso: 0.05 Kg<br \/>\nInterfaz: Mini USB 2.0<br \/>\nBot\u00f3n: Bot\u00f3n QSS\/Software<br \/>\nTipo de antena: Dual Omnidireccional<br \/>\nGanancia de antena: 3dBi<br \/>\nEst\u00e1ndar inal\u00e1mbrico: IEEE 802.11n, IEEE 802.11g, IEEE 802.11b<br \/>\nFrecuencia: 2.400 &#8211; 2.4835 GHz<br \/>\nTrnasmision de potencia: &lt;20dBm (EIRP)<br \/>\nModos inal\u00e1mbricos: Modo Ad- Hoc \/ infraestructura<br \/>\nSeguridad inal\u00e1mbrica: Soporta 64\/128 bit WEP, WPA-PSK\/WPA2-PSK<br \/>\nTecnolog\u00eda de modulaci\u00f3n: DBPSK, DQPSK, CCK, OFDM, 16-QAM, 64-QAM<br \/>\nFunciones avanzadas: WMM<br \/>\nCertificaciones: CE; FCC; RoHS<br \/>\nRequisitos del sistema: Windows 8.1 32\/64bit, Windows 8 32\/64bit, Windows 7(32\/64bits), Windows Vista(32\/64bits), Windows XP(32\/64bits)<br \/>\nColor: Blanco<\/p>\n<p>&nbsp;<\/p>\n<p><strong>Contenido Del Paquete<\/strong><\/p>\n<p>Adaptador Inal\u00e1mbrico TL-WN822N &#8211; CD de Instalaci\u00f3n &#8211; Cable USB de 1.5m &#8211; Documentaci\u00f3n<\/p>\n","protected":false},"excerpt":{"rendered":"<p># DE PARTE: TL-WN822N<\/p>\n","protected":false},"featured_media":3616,"template":"","meta":{"site-sidebar-layout":"default","site-content-layout":"default","ast-site-content-layout":"default","site-content-style":"default","site-sidebar-style":"default","ast-global-header-display":"","ast-banner-title-visibility":"","ast-main-header-display":"","ast-hfb-above-header-display":"","ast-hfb-below-header-display":"","ast-hfb-mobile-header-display":"","site-post-title":"","ast-breadcrumbs-content":"","ast-featured-img":"","footer-sml-layout":"","ast-disable-related-posts":"","theme-transparent-header-meta":"default","adv-header-id-meta":"","stick-header-meta":"","header-above-stick-meta":"","header-main-stick-meta":"","header-below-stick-meta":"","astra-migrate-meta-layouts":"default","ast-page-background-enabled":"default","ast-page-background-meta":{"desktop":{"background-color":"var(--ast-global-color-4)","background-image":"","background-repeat":"repeat","background-position":"center center","background-size":"auto","background-attachment":"scroll","background-type":"","background-media":"","overlay-type":"","overlay-color":"","overlay-opacity":"","overlay-gradient":""},"tablet":{"background-color":"","background-image":"","background-repeat":"repeat","background-position":"center center","background-size":"auto","background-attachment":"scroll","background-type":"","background-media":"","overlay-type":"","overlay-color":"","overlay-opacity":"","overlay-gradient":""},"mobile":{"background-color":"","background-image":"","background-repeat":"repeat","background-position":"center center","background-size":"auto","background-attachment":"scroll","background-type":"","background-media":"","overlay-type":"","overlay-color":"","overlay-opacity":"","overlay-gradient":""}},"ast-content-background-meta":{"desktop":{"background-color":"var(--ast-global-color-5)","background-image":"","background-repeat":"repeat","background-position":"center center","background-size":"auto","background-attachment":"scroll","background-type":"","background-media":"","overlay-type":"","overlay-color":"","overlay-opacity":"","overlay-gradient":""},"tablet":{"background-color":"var(--ast-global-color-5)","background-image":"","background-repeat":"repeat","background-position":"center center","background-size":"auto","background-attachment":"scroll","background-type":"","background-media":"","overlay-type":"","overlay-color":"","overlay-opacity":"","overlay-gradient":""},"mobile":{"background-color":"var(--ast-global-color-5)","background-image":"","background-repeat":"repeat","background-position":"center center","background-size":"auto","background-attachment":"scroll","background-type":"","background-media":"","overlay-type":"","overlay-color":"","overlay-opacity":"","overlay-gradient":""}}},"product_brand":[],"product_cat":[154,62],"product_tag":[45],"class_list":{"0":"post-1224","1":"product","2":"type-product","3":"status-publish","4":"has-post-thumbnail","6":"product_cat-adaptadores-wireless","7":"product_cat-redes","8":"product_tag-tp-link","9":"desktop-align-left","10":"tablet-align-left","11":"mobile-align-left","13":"first","14":"instock","15":"taxable","16":"shipping-taxable","17":"product-type-simple"},"yoast_head":"<!-- This site is optimized with the Yoast SEO plugin v27.4 - https:\/\/yoast.com\/product\/yoast-seo-wordpress\/ -->\n<title>Adaptador Tplink Usb Tl-Wn822N Inal\u00e1mbrico 300Mbps Blanco - IntegralPro<\/title>\n<meta name=\"robots\" content=\"index, follow, max-snippet:-1, max-image-preview:large, max-video-preview:-1\" \/>\n<link rel=\"canonical\" href=\"https:\/\/www.integralpro.com.co\/index.php\/producto\/adaptador-tplink-usb-tl-wn822n-inalambrico-300mbps-blanco\/\" \/>\n<meta property=\"og:locale\" content=\"es_ES\" \/>\n<meta property=\"og:type\" content=\"article\" \/>\n<meta property=\"og:title\" content=\"Adaptador Tplink Usb Tl-Wn822N Inal\u00e1mbrico 300Mbps Blanco - IntegralPro\" \/>\n<meta property=\"og:description\" content=\"# DE PARTE: TL-WN822N\" \/>\n<meta property=\"og:url\" content=\"https:\/\/www.integralpro.com.co\/index.php\/producto\/adaptador-tplink-usb-tl-wn822n-inalambrico-300mbps-blanco\/\" \/>\n<meta property=\"og:site_name\" content=\"IntegralPro\" \/>\n<meta property=\"article:modified_time\" content=\"2021-02-23T16:54:45+00:00\" \/>\n<meta property=\"og:image\" content=\"https:\/\/www.integralpro.com.co\/wp-content\/uploads\/2021\/02\/Adaptador-Tplink-Usb-Tl-Wn822N-Inalambrico-300Mbps-Blanco.jpg\" \/>\n\t<meta property=\"og:image:width\" content=\"1600\" \/>\n\t<meta property=\"og:image:height\" content=\"1710\" \/>\n\t<meta property=\"og:image:type\" content=\"image\/jpeg\" \/>\n<meta name=\"twitter:card\" content=\"summary_large_image\" \/>\n<meta name=\"twitter:label1\" content=\"Tiempo de lectura\" \/>\n\t<meta name=\"twitter:data1\" content=\"1 minuto\" \/>\n<script type=\"application\/ld+json\" class=\"yoast-schema-graph\">{\"@context\":\"https:\\\/\\\/schema.org\",\"@graph\":[{\"@type\":\"WebPage\",\"@id\":\"https:\\\/\\\/www.integralpro.com.co\\\/index.php\\\/producto\\\/adaptador-tplink-usb-tl-wn822n-inalambrico-300mbps-blanco\\\/\",\"url\":\"https:\\\/\\\/www.integralpro.com.co\\\/index.php\\\/producto\\\/adaptador-tplink-usb-tl-wn822n-inalambrico-300mbps-blanco\\\/\",\"name\":\"Adaptador Tplink Usb Tl-Wn822N Inal\u00e1mbrico 300Mbps Blanco - IntegralPro\",\"isPartOf\":{\"@id\":\"https:\\\/\\\/www.integralpro.com.co\\\/#website\"},\"primaryImageOfPage\":{\"@id\":\"https:\\\/\\\/www.integralpro.com.co\\\/index.php\\\/producto\\\/adaptador-tplink-usb-tl-wn822n-inalambrico-300mbps-blanco\\\/#primaryimage\"},\"image\":{\"@id\":\"https:\\\/\\\/www.integralpro.com.co\\\/index.php\\\/producto\\\/adaptador-tplink-usb-tl-wn822n-inalambrico-300mbps-blanco\\\/#primaryimage\"},\"thumbnailUrl\":\"https:\\\/\\\/www.integralpro.com.co\\\/wp-content\\\/uploads\\\/2021\\\/02\\\/Adaptador-Tplink-Usb-Tl-Wn822N-Inalambrico-300Mbps-Blanco.jpg\",\"datePublished\":\"2021-02-19T19:46:43+00:00\",\"dateModified\":\"2021-02-23T16:54:45+00:00\",\"breadcrumb\":{\"@id\":\"https:\\\/\\\/www.integralpro.com.co\\\/index.php\\\/producto\\\/adaptador-tplink-usb-tl-wn822n-inalambrico-300mbps-blanco\\\/#breadcrumb\"},\"inLanguage\":\"es\",\"potentialAction\":[{\"@type\":\"ReadAction\",\"target\":[\"https:\\\/\\\/www.integralpro.com.co\\\/index.php\\\/producto\\\/adaptador-tplink-usb-tl-wn822n-inalambrico-300mbps-blanco\\\/\"]}]},{\"@type\":\"ImageObject\",\"inLanguage\":\"es\",\"@id\":\"https:\\\/\\\/www.integralpro.com.co\\\/index.php\\\/producto\\\/adaptador-tplink-usb-tl-wn822n-inalambrico-300mbps-blanco\\\/#primaryimage\",\"url\":\"https:\\\/\\\/www.integralpro.com.co\\\/wp-content\\\/uploads\\\/2021\\\/02\\\/Adaptador-Tplink-Usb-Tl-Wn822N-Inalambrico-300Mbps-Blanco.jpg\",\"contentUrl\":\"https:\\\/\\\/www.integralpro.com.co\\\/wp-content\\\/uploads\\\/2021\\\/02\\\/Adaptador-Tplink-Usb-Tl-Wn822N-Inalambrico-300Mbps-Blanco.jpg\",\"width\":1600,\"height\":1710},{\"@type\":\"BreadcrumbList\",\"@id\":\"https:\\\/\\\/www.integralpro.com.co\\\/index.php\\\/producto\\\/adaptador-tplink-usb-tl-wn822n-inalambrico-300mbps-blanco\\\/#breadcrumb\",\"itemListElement\":[{\"@type\":\"ListItem\",\"position\":1,\"name\":\"Portada\",\"item\":\"https:\\\/\\\/www.integralpro.com.co\\\/\"},{\"@type\":\"ListItem\",\"position\":2,\"name\":\"Tienda\",\"item\":\"https:\\\/\\\/www.integralpro.com.co\\\/index.php\\\/tienda\\\/\"},{\"@type\":\"ListItem\",\"position\":3,\"name\":\"Adaptador Tplink Usb Tl-Wn822N Inal\u00e1mbrico 300Mbps Blanco\"}]},{\"@type\":\"WebSite\",\"@id\":\"https:\\\/\\\/www.integralpro.com.co\\\/#website\",\"url\":\"https:\\\/\\\/www.integralpro.com.co\\\/\",\"name\":\"IntegralPro\",\"description\":\"Tienda de Tecnolog\u00eda en L\u00ednea\",\"publisher\":{\"@id\":\"https:\\\/\\\/www.integralpro.com.co\\\/#organization\"},\"potentialAction\":[{\"@type\":\"SearchAction\",\"target\":{\"@type\":\"EntryPoint\",\"urlTemplate\":\"https:\\\/\\\/www.integralpro.com.co\\\/?s={search_term_string}\"},\"query-input\":{\"@type\":\"PropertyValueSpecification\",\"valueRequired\":true,\"valueName\":\"search_term_string\"}}],\"inLanguage\":\"es\"},{\"@type\":\"Organization\",\"@id\":\"https:\\\/\\\/www.integralpro.com.co\\\/#organization\",\"name\":\"IntegralPro SAS\",\"url\":\"https:\\\/\\\/www.integralpro.com.co\\\/\",\"logo\":{\"@type\":\"ImageObject\",\"inLanguage\":\"es\",\"@id\":\"https:\\\/\\\/www.integralpro.com.co\\\/#\\\/schema\\\/logo\\\/image\\\/\",\"url\":\"https:\\\/\\\/www.integralpro.com.co\\\/wp-content\\\/uploads\\\/2021\\\/02\\\/logo-def.jpg\",\"contentUrl\":\"https:\\\/\\\/www.integralpro.com.co\\\/wp-content\\\/uploads\\\/2021\\\/02\\\/logo-def.jpg\",\"width\":238,\"height\":234,\"caption\":\"IntegralPro SAS\"},\"image\":{\"@id\":\"https:\\\/\\\/www.integralpro.com.co\\\/#\\\/schema\\\/logo\\\/image\\\/\"}}]}<\/script>\n<!-- \/ Yoast SEO plugin. -->","yoast_head_json":{"title":"Adaptador Tplink Usb Tl-Wn822N Inal\u00e1mbrico 300Mbps Blanco - IntegralPro","robots":{"index":"index","follow":"follow","max-snippet":"max-snippet:-1","max-image-preview":"max-image-preview:large","max-video-preview":"max-video-preview:-1"},"canonical":"https:\/\/www.integralpro.com.co\/index.php\/producto\/adaptador-tplink-usb-tl-wn822n-inalambrico-300mbps-blanco\/","og_locale":"es_ES","og_type":"article","og_title":"Adaptador Tplink Usb Tl-Wn822N Inal\u00e1mbrico 300Mbps Blanco - IntegralPro","og_description":"# DE PARTE: TL-WN822N","og_url":"https:\/\/www.integralpro.com.co\/index.php\/producto\/adaptador-tplink-usb-tl-wn822n-inalambrico-300mbps-blanco\/","og_site_name":"IntegralPro","article_modified_time":"2021-02-23T16:54:45+00:00","og_image":[{"width":1600,"height":1710,"url":"https:\/\/www.integralpro.com.co\/wp-content\/uploads\/2021\/02\/Adaptador-Tplink-Usb-Tl-Wn822N-Inalambrico-300Mbps-Blanco.jpg","type":"image\/jpeg"}],"twitter_card":"summary_large_image","twitter_misc":{"Tiempo de lectura":"1 minuto"},"schema":{"@context":"https:\/\/schema.org","@graph":[{"@type":"WebPage","@id":"https:\/\/www.integralpro.com.co\/index.php\/producto\/adaptador-tplink-usb-tl-wn822n-inalambrico-300mbps-blanco\/","url":"https:\/\/www.integralpro.com.co\/index.php\/producto\/adaptador-tplink-usb-tl-wn822n-inalambrico-300mbps-blanco\/","name":"Adaptador Tplink Usb Tl-Wn822N Inal\u00e1mbrico 300Mbps Blanco - IntegralPro","isPartOf":{"@id":"https:\/\/www.integralpro.com.co\/#website"},"primaryImageOfPage":{"@id":"https:\/\/www.integralpro.com.co\/index.php\/producto\/adaptador-tplink-usb-tl-wn822n-inalambrico-300mbps-blanco\/#primaryimage"},"image":{"@id":"https:\/\/www.integralpro.com.co\/index.php\/producto\/adaptador-tplink-usb-tl-wn822n-inalambrico-300mbps-blanco\/#primaryimage"},"thumbnailUrl":"https:\/\/www.integralpro.com.co\/wp-content\/uploads\/2021\/02\/Adaptador-Tplink-Usb-Tl-Wn822N-Inalambrico-300Mbps-Blanco.jpg","datePublished":"2021-02-19T19:46:43+00:00","dateModified":"2021-02-23T16:54:45+00:00","breadcrumb":{"@id":"https:\/\/www.integralpro.com.co\/index.php\/producto\/adaptador-tplink-usb-tl-wn822n-inalambrico-300mbps-blanco\/#breadcrumb"},"inLanguage":"es","potentialAction":[{"@type":"ReadAction","target":["https:\/\/www.integralpro.com.co\/index.php\/producto\/adaptador-tplink-usb-tl-wn822n-inalambrico-300mbps-blanco\/"]}]},{"@type":"ImageObject","inLanguage":"es","@id":"https:\/\/www.integralpro.com.co\/index.php\/producto\/adaptador-tplink-usb-tl-wn822n-inalambrico-300mbps-blanco\/#primaryimage","url":"https:\/\/www.integralpro.com.co\/wp-content\/uploads\/2021\/02\/Adaptador-Tplink-Usb-Tl-Wn822N-Inalambrico-300Mbps-Blanco.jpg","contentUrl":"https:\/\/www.integralpro.com.co\/wp-content\/uploads\/2021\/02\/Adaptador-Tplink-Usb-Tl-Wn822N-Inalambrico-300Mbps-Blanco.jpg","width":1600,"height":1710},{"@type":"BreadcrumbList","@id":"https:\/\/www.integralpro.com.co\/index.php\/producto\/adaptador-tplink-usb-tl-wn822n-inalambrico-300mbps-blanco\/#breadcrumb","itemListElement":[{"@type":"ListItem","position":1,"name":"Portada","item":"https:\/\/www.integralpro.com.co\/"},{"@type":"ListItem","position":2,"name":"Tienda","item":"https:\/\/www.integralpro.com.co\/index.php\/tienda\/"},{"@type":"ListItem","position":3,"name":"Adaptador Tplink Usb Tl-Wn822N Inal\u00e1mbrico 300Mbps Blanco"}]},{"@type":"WebSite","@id":"https:\/\/www.integralpro.com.co\/#website","url":"https:\/\/www.integralpro.com.co\/","name":"IntegralPro","description":"Tienda de Tecnolog\u00eda en L\u00ednea","publisher":{"@id":"https:\/\/www.integralpro.com.co\/#organization"},"potentialAction":[{"@type":"SearchAction","target":{"@type":"EntryPoint","urlTemplate":"https:\/\/www.integralpro.com.co\/?s={search_term_string}"},"query-input":{"@type":"PropertyValueSpecification","valueRequired":true,"valueName":"search_term_string"}}],"inLanguage":"es"},{"@type":"Organization","@id":"https:\/\/www.integralpro.com.co\/#organization","name":"IntegralPro SAS","url":"https:\/\/www.integralpro.com.co\/","logo":{"@type":"ImageObject","inLanguage":"es","@id":"https:\/\/www.integralpro.com.co\/#\/schema\/logo\/image\/","url":"https:\/\/www.integralpro.com.co\/wp-content\/uploads\/2021\/02\/logo-def.jpg","contentUrl":"https:\/\/www.integralpro.com.co\/wp-content\/uploads\/2021\/02\/logo-def.jpg","width":238,"height":234,"caption":"IntegralPro SAS"},"image":{"@id":"https:\/\/www.integralpro.com.co\/#\/schema\/logo\/image\/"}}]}},"_links":{"self":[{"href":"https:\/\/www.integralpro.com.co\/index.php\/wp-json\/wp\/v2\/product\/1224","targetHints":{"allow":["GET"]}}],"collection":[{"href":"https:\/\/www.integralpro.com.co\/index.php\/wp-json\/wp\/v2\/product"}],"about":[{"href":"https:\/\/www.integralpro.com.co\/index.php\/wp-json\/wp\/v2\/types\/product"}],"version-history":[{"count":2,"href":"https:\/\/www.integralpro.com.co\/index.php\/wp-json\/wp\/v2\/product\/1224\/revisions"}],"predecessor-version":[{"id":3617,"href":"https:\/\/www.integralpro.com.co\/index.php\/wp-json\/wp\/v2\/product\/1224\/revisions\/3617"}],"wp:featuredmedia":[{"embeddable":true,"href":"https:\/\/www.integralpro.com.co\/index.php\/wp-json\/wp\/v2\/media\/3616"}],"wp:attachment":[{"href":"https:\/\/www.integralpro.com.co\/index.php\/wp-json\/wp\/v2\/media?parent=1224"}],"wp:term":[{"taxonomy":"product_brand","embeddable":true,"href":"https:\/\/www.integralpro.com.co\/index.php\/wp-json\/wp\/v2\/product_brand?post=1224"},{"taxonomy":"product_cat","embeddable":true,"href":"https:\/\/www.integralpro.com.co\/index.php\/wp-json\/wp\/v2\/product_cat?post=1224"},{"taxonomy":"product_tag","embeddable":true,"href":"https:\/\/www.integralpro.com.co\/index.php\/wp-json\/wp\/v2\/product_tag?post=1224"}],"curies":[{"name":"wp","href":"https:\/\/api.w.org\/{rel}","templated":true}]}}