{"id":3,"date":"2021-02-09T01:20:58","date_gmt":"2021-02-09T06:20:58","guid":{"rendered":"https:\/\/integralpro.com.co\/?page_id=3"},"modified":"2021-02-09T13:13:26","modified_gmt":"2021-02-09T18:13:26","slug":"politica-venta-garantia","status":"publish","type":"page","link":"https:\/\/www.integralpro.com.co\/index.php\/politica-venta-garantia\/","title":{"rendered":"Pol\u00edtica de Venta y Garant\u00eda"},"content":{"rendered":"\n\n\t<h2>DEVOLUCIONES Y CAMBIOS POR DERECHO DE RETRACTO<\/h2>\n<p>En caso de recibir el producto y quieres cambiarlo o devolverlo a continuaci\u00f3n te contamos que requisitos debes cumplir y como hacerlo.<\/p>\n<p>Solo se podr\u00e1 aceptar el tr\u00e1mite siempre y cuando recibamos el\/los producto(s) sin se\u00f1ales de uso, que cuenten con las etiquetas intactas, en estado de limpieza impecable y la caja y accesorios se encuentren completos y en perfecto estado. Es indispensable que se garantice la integridad del producto.<\/p>\n<p>El hecho de dar inicio al proceso de solicitud de retracto no implica la aceptaci\u00f3n del mismo, este estar\u00e1 sujeto a la revisi\u00f3n t\u00e9cnica que haga constar que no cabe causal de rechazo.<\/p>\n<p>El embalaje deber\u00e1 garantizar que el producto se reciba en perfectas condiciones, ser\u00e1 responsabilidad del comprador tomar las medidas pertinentes para que el producto, incluida su caja, no sufra deterioros durante el transporte y declarar el\/los producto(s) por el valor facturado ante el transportador, abst\u00e9ngase de colocar cinta directamente sobre la caja del producto, puede utilizar papel vinipel, pl\u00e1stico burbuja o meter el producto en una caja de mayor tama\u00f1o que lo proteja (del estado del equipo y su caja depender\u00e1 la aceptaci\u00f3n del tr\u00e1mite).<\/p>\n<p>VIGENCIA: Este tr\u00e1mite se podr\u00e1 realizar \u00fanicamente durante los primeros 5 d\u00edas h\u00e1biles contados a partir del d\u00eda siguiente al recibo del paquete.<\/p>\n<p>COSTOS DE FLETES: Los costos de todos los fletes y seguros correr\u00e1n en su totalidad por cuenta del cliente, por lo tanto, el cliente debe hacer llegar el producto cancelando el valor del flete y seguro, por ning\u00fan motivo se recibir\u00e1n paquetes que sean enviados contra entrega.<\/p>\n<p>IMPORTANTE: IntegralPro SAS no se hace responsable por posibles p\u00e9rdidas o deterioros durante el proceso de transporte, el cliente debe asegurar el producto por el valor facturado y embalarlo adecuadamente protegiendo el producto y su embalaje.<\/p>\n\t<h2>APLICA TU GARANT\u00cdA<\/h2>\n<p>Tipo de garant\u00eda:<\/p>\n<p>Por defectos de fabricaci\u00f3n: Se define como defecto de fabricaci\u00f3n: la falla del componente que no ha tenido intervenci\u00f3n f\u00edsica por parte del usuario o que no ha sido sometida a da\u00f1o f\u00edsico por golpes, mal manejo o por descargas el\u00e9ctricas y mal control de la energ\u00eda est\u00e1tica.<\/p>\n<p>Exclusiones en la garant\u00eda.<\/p>\n<p>\u00b7\u00a0\u00a0\u00a0\u00a0\u00a0\u00a0\u00a0\u00a0 Expiraci\u00f3n del tiempo de vigencia de la garant\u00eda.<\/p>\n<p>\u00b7\u00a0\u00a0\u00a0\u00a0\u00a0\u00a0\u00a0\u00a0 Da\u00f1os por sobrecargas el\u00e9ctricas.<\/p>\n<p>\u00b7\u00a0\u00a0\u00a0\u00a0\u00a0\u00a0\u00a0\u00a0 Mal manejo y manipulaci\u00f3n del producto.<\/p>\n<p>\u00b7\u00a0\u00a0\u00a0\u00a0\u00a0\u00a0\u00a0\u00a0 Da\u00f1os ocasionados por acci\u00f3n mec\u00e1nica (incluidos los ocasionados durante procesos de transporte) como rayones, roturas, manchas, golpes, ca\u00eddas sin limitarse a estos.<\/p>\n<p>\u00b7\u00a0\u00a0\u00a0\u00a0\u00a0\u00a0\u00a0\u00a0 Da\u00f1os sufridos a consecuencia de haber\u00a0expuesto\u00a0el producto con sustancias liquidas, humedad o altas temperaturas.<\/p>\n<p>\u00b7\u00a0\u00a0\u00a0\u00a0\u00a0\u00a0\u00a0\u00a0 Da\u00f1os ocasionados por penetraci\u00f3n de impurezas de todo tipo<\/p>\n<p>\u00b7\u00a0\u00a0\u00a0\u00a0\u00a0\u00a0\u00a0\u00a0 Da\u00f1os atribuidos a configuraci\u00f3n de software, virus, instalaciones de sistemas operativos y\/o aplicaciones de software mal instaladas o no soportadas por el equipo.<\/p>\n<p>\u00b7\u00a0\u00a0\u00a0\u00a0\u00a0\u00a0\u00a0\u00a0 Los accesorios como cargadores, manos libres, cables de poder, cables de datos, bater\u00edas, antenas, adaptadores etc., no cuentan con garant\u00eda, en caso de faltantes o aver\u00edas de los mismos deben ser reportados en un plazo de 5 d\u00edas h\u00e1biles contados a partir de la fecha de entrega para su reposici\u00f3n o cambio, posterior a este plazo no se aceptan reclamos.<\/p>\n<p>\u00b7\u00a0\u00a0\u00a0\u00a0\u00a0\u00a0\u00a0\u00a0 Manipulaci\u00f3n por personal no autorizado y apertura de sellos de seguridad.<\/p>\n<p>\u00b7\u00a0\u00a0\u00a0\u00a0\u00a0\u00a0\u00a0\u00a0 Faltante de partes y\/o componentes de producto.<\/p>\n<p>Nota:\u00a0Si el problema presentado por el producto no est\u00e1 cubierto por las pol\u00edticas ac\u00e1 estipuladas o se debe al\u00a0desconocimiento de su funcionamiento o configuraci\u00f3n, a una mala manipulaci\u00f3n o a la\u00a0instalaci\u00f3n de aplicaciones\u00a0no\u00a0compatibles\u00a0con el producto;\u00a0\u00a0se generar\u00e1 un costo por\u00a0el servicio de revisi\u00f3n.<\/p>\n<p>INFORMACI\u00d3N DE INTER\u00c9S TRAMITE DE GARANT\u00cdA<\/p>\n<p>En un t\u00e9rmino m\u00e1ximo de 5 d\u00edas h\u00e1biles nuestro departamento de soporte se contactar\u00e1 con usted, a trav\u00e9s del email por usted registrado en el formulario, para indicarle el paso a seguir, seg\u00fan corresponda.<\/p>\n<p>El hecho de dar inicio al proceso de solicitud de garant\u00eda no implica la aceptaci\u00f3n del mismo, este estar\u00e1 sujeto a la revisi\u00f3n t\u00e9cnica que haga constar que no cabe causal de rechazo.<\/p>\n<p>Nota. Si el producto cuenta con garant\u00eda del fabricante, el cliente tendr\u00e1 que tramitarla directamente con quien este designe para ello y estar\u00e1 sujeta a sus t\u00e9rminos y condiciones, en caso de aplicar este tipo de garant\u00eda el cliente ser\u00e1 informado previamente.<\/p>\n<p>Los tiempos en caso de que la garant\u00eda sea aceptada lo que estipula la ley es lo siguiente:<\/p>\n<p>&#8211; Se reparar\u00e1 el equipo dentro de los siguientes 30 d\u00edas h\u00e1biles siguientes a la recepci\u00f3n del mismo.<\/p>\n<p>&#8211; El t\u00e9rmino de la garant\u00eda se suspender\u00e1 mientras el consumidor est\u00e9 privado del uso del producto.<\/p>\n<p>&#8211; Solo si el bien no admite reparaci\u00f3n se proceder\u00e1 a su reposici\u00f3n, inicialmente por uno igual, en el caso de que no sea posible, por otro de la misma especie, similares caracter\u00edsticas o especificaciones t\u00e9cnicas.<\/p>\n\n<p>&#8211; Se enviar\u00e1 v\u00eda correo electr\u00f3nico un documento con las causales y descripci\u00f3n del caso.<\/p>\n<p>&#8211; Se le retornar\u00e1 el equipo y de manera escrita se informar\u00e1 el\/los centro(s) de servicio con los que se podr\u00e1 tramitar una posible reparaci\u00f3n (a su cargo).<\/p>\n<p>&#8211; Si el cliente lo desea, IntegralPro SAS cotizar\u00e1 la reparaci\u00f3n en caso de que sea posible realizarla y se efectuar\u00e1 una vez consigne el valor correspondiente.<\/p>\n<p>IMPORTANTE: IntegralPro SAS no se hace responsable por posibles p\u00e9rdidas o deterioros durante el proceso de transporte, el cliente debe asegurar el producto por el valor facturado y embalarlo adecuadamente protegiendo el producto y su embalaje.<\/p>\n<p>Ahora que ya tienes claro las generalidades de los procesos te invitamos a diligenciar el siguiente formulario.<\/p>\n\n<p>Revisaremos la informaci\u00f3n suministrada y nos estaremos contactando en un tiempo m\u00e1ximo de 5 d\u00edas h\u00e1biles por medio del email que dejaste registrado en el formulario.<\/p>\n<p>&nbsp;<\/p>\n\n","protected":false},"excerpt":{"rendered":"<p>DEVOLUCIONES Y CAMBIOS POR DERECHO DE RETRACTO En caso de recibir el producto y quieres cambiarlo o devolverlo a continuaci\u00f3n te contamos que requisitos debes cumplir y como hacerlo. Solo se podr\u00e1 aceptar el tr\u00e1mite siempre y cuando recibamos el\/los producto(s) sin se\u00f1ales de uso, que cuenten con las etiquetas intactas, en estado de limpieza [&hellip;]<\/p>\n","protected":false},"author":1,"featured_media":0,"parent":0,"menu_order":0,"comment_status":"closed","ping_status":"closed","template":"","meta":{"site-sidebar-layout":"default","site-content-layout":"","ast-site-content-layout":"default","site-content-style":"default","site-sidebar-style":"default","ast-global-header-display":"","ast-banner-title-visibility":"","ast-main-header-display":"","ast-hfb-above-header-display":"","ast-hfb-below-header-display":"","ast-hfb-mobile-header-display":"","site-post-title":"","ast-breadcrumbs-content":"","ast-featured-img":"","footer-sml-layout":"","ast-disable-related-posts":"","theme-transparent-header-meta":"","adv-header-id-meta":"","stick-header-meta":"","header-above-stick-meta":"","header-main-stick-meta":"","header-below-stick-meta":"","astra-migrate-meta-layouts":"default","ast-page-background-enabled":"default","ast-page-background-meta":{"desktop":{"background-color":"var(--ast-global-color-4)","background-image":"","background-repeat":"repeat","background-position":"center center","background-size":"auto","background-attachment":"scroll","background-type":"","background-media":"","overlay-type":"","overlay-color":"","overlay-opacity":"","overlay-gradient":""},"tablet":{"background-color":"","background-image":"","background-repeat":"repeat","background-position":"center center","background-size":"auto","background-attachment":"scroll","background-type":"","background-media":"","overlay-type":"","overlay-color":"","overlay-opacity":"","overlay-gradient":""},"mobile":{"background-color":"","background-image":"","background-repeat":"repeat","background-position":"center center","background-size":"auto","background-attachment":"scroll","background-type":"","background-media":"","overlay-type":"","overlay-color":"","overlay-opacity":"","overlay-gradient":""}},"ast-content-background-meta":{"desktop":{"background-color":"var(--ast-global-color-5)","background-image":"","background-repeat":"repeat","background-position":"center center","background-size":"auto","background-attachment":"scroll","background-type":"","background-media":"","overlay-type":"","overlay-color":"","overlay-opacity":"","overlay-gradient":""},"tablet":{"background-color":"var(--ast-global-color-5)","background-image":"","background-repeat":"repeat","background-position":"center center","background-size":"auto","background-attachment":"scroll","background-type":"","background-media":"","overlay-type":"","overlay-color":"","overlay-opacity":"","overlay-gradient":""},"mobile":{"background-color":"var(--ast-global-color-5)","background-image":"","background-repeat":"repeat","background-position":"center center","background-size":"auto","background-attachment":"scroll","background-type":"","background-media":"","overlay-type":"","overlay-color":"","overlay-opacity":"","overlay-gradient":""}},"footnotes":""},"class_list":["post-3","page","type-page","status-publish","hentry"],"yoast_head":"<!-- This site is optimized with the Yoast SEO plugin v27.4 - https:\/\/yoast.com\/product\/yoast-seo-wordpress\/ -->\n<title>Pol\u00edtica de Venta y Garant\u00eda - IntegralPro<\/title>\n<meta name=\"robots\" content=\"index, follow, max-snippet:-1, max-image-preview:large, max-video-preview:-1\" \/>\n<link rel=\"canonical\" href=\"https:\/\/www.integralpro.com.co\/index.php\/politica-venta-garantia\/\" \/>\n<meta property=\"og:locale\" content=\"es_ES\" \/>\n<meta property=\"og:type\" content=\"article\" \/>\n<meta property=\"og:title\" content=\"Pol\u00edtica de Venta y Garant\u00eda - IntegralPro\" \/>\n<meta property=\"og:description\" content=\"DEVOLUCIONES Y CAMBIOS POR DERECHO DE RETRACTO En caso de recibir el producto y quieres cambiarlo o devolverlo a continuaci\u00f3n te contamos que requisitos debes cumplir y como hacerlo. Solo se podr\u00e1 aceptar el tr\u00e1mite siempre y cuando recibamos el\/los producto(s) sin se\u00f1ales de uso, que cuenten con las etiquetas intactas, en estado de limpieza [&hellip;]\" \/>\n<meta property=\"og:url\" content=\"https:\/\/www.integralpro.com.co\/index.php\/politica-venta-garantia\/\" \/>\n<meta property=\"og:site_name\" content=\"IntegralPro\" \/>\n<meta property=\"article:modified_time\" content=\"2021-02-09T18:13:26+00:00\" \/>\n<meta name=\"twitter:card\" content=\"summary_large_image\" \/>\n<meta name=\"twitter:label1\" content=\"Tiempo de lectura\" \/>\n\t<meta name=\"twitter:data1\" content=\"5 minutos\" \/>\n<script type=\"application\/ld+json\" class=\"yoast-schema-graph\">{\"@context\":\"https:\\\/\\\/schema.org\",\"@graph\":[{\"@type\":\"WebPage\",\"@id\":\"https:\\\/\\\/www.integralpro.com.co\\\/index.php\\\/politica-venta-garantia\\\/\",\"url\":\"https:\\\/\\\/www.integralpro.com.co\\\/index.php\\\/politica-venta-garantia\\\/\",\"name\":\"Pol\u00edtica de Venta y Garant\u00eda - IntegralPro\",\"isPartOf\":{\"@id\":\"https:\\\/\\\/www.integralpro.com.co\\\/#website\"},\"datePublished\":\"2021-02-09T06:20:58+00:00\",\"dateModified\":\"2021-02-09T18:13:26+00:00\",\"breadcrumb\":{\"@id\":\"https:\\\/\\\/www.integralpro.com.co\\\/index.php\\\/politica-venta-garantia\\\/#breadcrumb\"},\"inLanguage\":\"es\",\"potentialAction\":[{\"@type\":\"ReadAction\",\"target\":[\"https:\\\/\\\/www.integralpro.com.co\\\/index.php\\\/politica-venta-garantia\\\/\"]}]},{\"@type\":\"BreadcrumbList\",\"@id\":\"https:\\\/\\\/www.integralpro.com.co\\\/index.php\\\/politica-venta-garantia\\\/#breadcrumb\",\"itemListElement\":[{\"@type\":\"ListItem\",\"position\":1,\"name\":\"Portada\",\"item\":\"https:\\\/\\\/www.integralpro.com.co\\\/\"},{\"@type\":\"ListItem\",\"position\":2,\"name\":\"Pol\u00edtica de Venta y Garant\u00eda\"}]},{\"@type\":\"WebSite\",\"@id\":\"https:\\\/\\\/www.integralpro.com.co\\\/#website\",\"url\":\"https:\\\/\\\/www.integralpro.com.co\\\/\",\"name\":\"IntegralPro\",\"description\":\"Tienda de Tecnolog\u00eda en L\u00ednea\",\"publisher\":{\"@id\":\"https:\\\/\\\/www.integralpro.com.co\\\/#organization\"},\"potentialAction\":[{\"@type\":\"SearchAction\",\"target\":{\"@type\":\"EntryPoint\",\"urlTemplate\":\"https:\\\/\\\/www.integralpro.com.co\\\/?s={search_term_string}\"},\"query-input\":{\"@type\":\"PropertyValueSpecification\",\"valueRequired\":true,\"valueName\":\"search_term_string\"}}],\"inLanguage\":\"es\"},{\"@type\":\"Organization\",\"@id\":\"https:\\\/\\\/www.integralpro.com.co\\\/#organization\",\"name\":\"IntegralPro SAS\",\"url\":\"https:\\\/\\\/www.integralpro.com.co\\\/\",\"logo\":{\"@type\":\"ImageObject\",\"inLanguage\":\"es\",\"@id\":\"https:\\\/\\\/www.integralpro.com.co\\\/#\\\/schema\\\/logo\\\/image\\\/\",\"url\":\"https:\\\/\\\/www.integralpro.com.co\\\/wp-content\\\/uploads\\\/2021\\\/02\\\/logo-def.jpg\",\"contentUrl\":\"https:\\\/\\\/www.integralpro.com.co\\\/wp-content\\\/uploads\\\/2021\\\/02\\\/logo-def.jpg\",\"width\":238,\"height\":234,\"caption\":\"IntegralPro SAS\"},\"image\":{\"@id\":\"https:\\\/\\\/www.integralpro.com.co\\\/#\\\/schema\\\/logo\\\/image\\\/\"}}]}<\/script>\n<!-- \/ Yoast SEO plugin. -->","yoast_head_json":{"title":"Pol\u00edtica de Venta y Garant\u00eda - IntegralPro","robots":{"index":"index","follow":"follow","max-snippet":"max-snippet:-1","max-image-preview":"max-image-preview:large","max-video-preview":"max-video-preview:-1"},"canonical":"https:\/\/www.integralpro.com.co\/index.php\/politica-venta-garantia\/","og_locale":"es_ES","og_type":"article","og_title":"Pol\u00edtica de Venta y Garant\u00eda - IntegralPro","og_description":"DEVOLUCIONES Y CAMBIOS POR DERECHO DE RETRACTO En caso de recibir el producto y quieres cambiarlo o devolverlo a continuaci\u00f3n te contamos que requisitos debes cumplir y como hacerlo. Solo se podr\u00e1 aceptar el tr\u00e1mite siempre y cuando recibamos el\/los producto(s) sin se\u00f1ales de uso, que cuenten con las etiquetas intactas, en estado de limpieza [&hellip;]","og_url":"https:\/\/www.integralpro.com.co\/index.php\/politica-venta-garantia\/","og_site_name":"IntegralPro","article_modified_time":"2021-02-09T18:13:26+00:00","twitter_card":"summary_large_image","twitter_misc":{"Tiempo de lectura":"5 minutos"},"schema":{"@context":"https:\/\/schema.org","@graph":[{"@type":"WebPage","@id":"https:\/\/www.integralpro.com.co\/index.php\/politica-venta-garantia\/","url":"https:\/\/www.integralpro.com.co\/index.php\/politica-venta-garantia\/","name":"Pol\u00edtica de Venta y Garant\u00eda - IntegralPro","isPartOf":{"@id":"https:\/\/www.integralpro.com.co\/#website"},"datePublished":"2021-02-09T06:20:58+00:00","dateModified":"2021-02-09T18:13:26+00:00","breadcrumb":{"@id":"https:\/\/www.integralpro.com.co\/index.php\/politica-venta-garantia\/#breadcrumb"},"inLanguage":"es","potentialAction":[{"@type":"ReadAction","target":["https:\/\/www.integralpro.com.co\/index.php\/politica-venta-garantia\/"]}]},{"@type":"BreadcrumbList","@id":"https:\/\/www.integralpro.com.co\/index.php\/politica-venta-garantia\/#breadcrumb","itemListElement":[{"@type":"ListItem","position":1,"name":"Portada","item":"https:\/\/www.integralpro.com.co\/"},{"@type":"ListItem","position":2,"name":"Pol\u00edtica de Venta y Garant\u00eda"}]},{"@type":"WebSite","@id":"https:\/\/www.integralpro.com.co\/#website","url":"https:\/\/www.integralpro.com.co\/","name":"IntegralPro","description":"Tienda de Tecnolog\u00eda en L\u00ednea","publisher":{"@id":"https:\/\/www.integralpro.com.co\/#organization"},"potentialAction":[{"@type":"SearchAction","target":{"@type":"EntryPoint","urlTemplate":"https:\/\/www.integralpro.com.co\/?s={search_term_string}"},"query-input":{"@type":"PropertyValueSpecification","valueRequired":true,"valueName":"search_term_string"}}],"inLanguage":"es"},{"@type":"Organization","@id":"https:\/\/www.integralpro.com.co\/#organization","name":"IntegralPro SAS","url":"https:\/\/www.integralpro.com.co\/","logo":{"@type":"ImageObject","inLanguage":"es","@id":"https:\/\/www.integralpro.com.co\/#\/schema\/logo\/image\/","url":"https:\/\/www.integralpro.com.co\/wp-content\/uploads\/2021\/02\/logo-def.jpg","contentUrl":"https:\/\/www.integralpro.com.co\/wp-content\/uploads\/2021\/02\/logo-def.jpg","width":238,"height":234,"caption":"IntegralPro SAS"},"image":{"@id":"https:\/\/www.integralpro.com.co\/#\/schema\/logo\/image\/"}}]}},"_links":{"self":[{"href":"https:\/\/www.integralpro.com.co\/index.php\/wp-json\/wp\/v2\/pages\/3","targetHints":{"allow":["GET"]}}],"collection":[{"href":"https:\/\/www.integralpro.com.co\/index.php\/wp-json\/wp\/v2\/pages"}],"about":[{"href":"https:\/\/www.integralpro.com.co\/index.php\/wp-json\/wp\/v2\/types\/page"}],"author":[{"embeddable":true,"href":"https:\/\/www.integralpro.com.co\/index.php\/wp-json\/wp\/v2\/users\/1"}],"replies":[{"embeddable":true,"href":"https:\/\/www.integralpro.com.co\/index.php\/wp-json\/wp\/v2\/comments?post=3"}],"version-history":[{"count":3,"href":"https:\/\/www.integralpro.com.co\/index.php\/wp-json\/wp\/v2\/pages\/3\/revisions"}],"predecessor-version":[{"id":944,"href":"https:\/\/www.integralpro.com.co\/index.php\/wp-json\/wp\/v2\/pages\/3\/revisions\/944"}],"wp:attachment":[{"href":"https:\/\/www.integralpro.com.co\/index.php\/wp-json\/wp\/v2\/media?parent=3"}],"curies":[{"name":"wp","href":"https:\/\/api.w.org\/{rel}","templated":true}]}}